* [xen-4.6-testing baseline-only test] 68589: regressions - FAIL
@ 2017-02-22 0:53 Platform Team regression test user
0 siblings, 0 replies; only message in thread
From: Platform Team regression test user @ 2017-02-22 0:53 UTC (permalink / raw)
To: xen-devel, osstest-admin
[-- Attachment #1: Type: text/plain, Size: 17400 bytes --]
This run is configured for baseline tests only.
flight 68589 xen-4.6-testing real [real]
http://osstest.xs.citrite.net/~osstest/testlogs/logs/68589/
Regressions :-(
Tests which did not succeed and are blocking,
including tests which could not be run:
test-xtf-amd64-amd64-2 20 xtf/test-hvm32-invlpg~shadow fail REGR. vs. 68567
test-xtf-amd64-amd64-2 33 xtf/test-hvm32pae-invlpg~shadow fail REGR. vs. 68567
test-xtf-amd64-amd64-2 44 xtf/test-hvm64-invlpg~shadow fail REGR. vs. 68567
test-amd64-i386-xl-qemut-debianhvm-amd64-xsm 14 guest-saverestore.2 fail REGR. vs. 68567
test-amd64-i386-xl-qemuu-debianhvm-amd64 14 guest-saverestore.2 fail REGR. vs. 68567
test-amd64-amd64-xl-qemut-winxpsp3 9 windows-install fail REGR. vs. 68567
Regressions which are regarded as allowable (not blocking):
test-xtf-amd64-amd64-1 20 xtf/test-hvm32-invlpg~shadow fail like 68567
test-xtf-amd64-amd64-1 33 xtf/test-hvm32pae-invlpg~shadow fail like 68567
test-xtf-amd64-amd64-1 44 xtf/test-hvm64-invlpg~shadow fail like 68567
test-armhf-armhf-libvirt-xsm 13 saverestore-support-check fail like 68567
test-armhf-armhf-libvirt 13 saverestore-support-check fail like 68567
test-armhf-armhf-libvirt-raw 12 saverestore-support-check fail like 68567
test-amd64-amd64-xl-qemuu-win7-amd64 16 guest-stop fail like 68567
test-amd64-i386-xl-qemut-win7-amd64 16 guest-stop fail like 68567
test-amd64-i386-xl-qemuu-win7-amd64 16 guest-stop fail like 68567
test-amd64-amd64-qemuu-nested-intel 16 debian-hvm-install/l1/l2 fail like 68567
Tests which did not succeed, but are not blocking:
test-xtf-amd64-amd64-4 63 xtf/test-pv32pae-xsa-194 fail never pass
test-xtf-amd64-amd64-5 63 xtf/test-pv32pae-xsa-194 fail never pass
test-xtf-amd64-amd64-1 63 xtf/test-pv32pae-xsa-194 fail never pass
test-armhf-armhf-xl-xsm 12 migrate-support-check fail never pass
test-armhf-armhf-libvirt-xsm 12 migrate-support-check fail never pass
test-armhf-armhf-xl-xsm 13 saverestore-support-check fail never pass
test-armhf-armhf-xl-multivcpu 12 migrate-support-check fail never pass
test-armhf-armhf-xl-multivcpu 13 saverestore-support-check fail never pass
test-armhf-armhf-libvirt 12 migrate-support-check fail never pass
test-xtf-amd64-amd64-2 63 xtf/test-pv32pae-xsa-194 fail never pass
test-armhf-armhf-xl-midway 12 migrate-support-check fail never pass
test-armhf-armhf-xl-midway 13 saverestore-support-check fail never pass
test-xtf-amd64-amd64-3 63 xtf/test-pv32pae-xsa-194 fail never pass
test-armhf-armhf-xl 12 migrate-support-check fail never pass
test-armhf-armhf-xl 13 saverestore-support-check fail never pass
test-amd64-i386-libvirt-xsm 12 migrate-support-check fail never pass
test-amd64-amd64-xl-pvh-intel 11 guest-start fail never pass
test-amd64-amd64-libvirt-xsm 12 migrate-support-check fail never pass
test-armhf-armhf-xl-rtds 12 migrate-support-check fail never pass
test-armhf-armhf-xl-rtds 13 saverestore-support-check fail never pass
test-amd64-i386-libvirt 12 migrate-support-check fail never pass
test-amd64-amd64-xl-pvh-amd 11 guest-start fail never pass
test-amd64-amd64-libvirt 12 migrate-support-check fail never pass
test-armhf-armhf-xl-vhd 11 migrate-support-check fail never pass
test-armhf-armhf-xl-vhd 12 saverestore-support-check fail never pass
test-amd64-amd64-libvirt-qemuu-debianhvm-amd64-xsm 10 migrate-support-check fail never pass
test-amd64-i386-libvirt-qemuu-debianhvm-amd64-xsm 10 migrate-support-check fail never pass
test-armhf-armhf-xl-credit2 12 migrate-support-check fail never pass
test-armhf-armhf-xl-credit2 13 saverestore-support-check fail never pass
test-amd64-amd64-qemuu-nested-amd 16 debian-hvm-install/l1/l2 fail never pass
test-amd64-amd64-libvirt-vhd 11 migrate-support-check fail never pass
test-armhf-armhf-libvirt-raw 11 migrate-support-check fail never pass
test-amd64-amd64-xl-qemut-win7-amd64 16 guest-stop fail never pass
version targeted for testing:
xen 35d6d7bbb428f8a33d39d851d7d60d40a3605a58
baseline version:
xen 8e04cb25d9634995fe9b37d05c63cdb4ce8c205e
Last test of basis 68567 2017-02-16 13:47:22 Z 5 days
Testing same since 68589 2017-02-21 12:43:55 Z 0 days 1 attempts
------------------------------------------------------------
People who touched revisions under test:
Andrew Cooper <andrew.cooper3@citrix.com>
David Woodhouse <dwmw@amazon.com>
George Dunlap <george.dunlap@citrix.com>
Jan Beulich <jbeulich@suse.com>
Kevin Tian <kevin.tian@intel.com>
Sergey Dyasli <sergey.dyasli@citrix.com>
Tamas K Lengyel <tamas@tklengyel.com>
jobs:
build-amd64-xsm pass
build-armhf-xsm pass
build-i386-xsm pass
build-amd64-xtf pass
build-amd64 pass
build-armhf pass
build-i386 pass
build-amd64-libvirt pass
build-armhf-libvirt pass
build-i386-libvirt pass
build-amd64-prev pass
build-i386-prev pass
build-amd64-pvops pass
build-armhf-pvops pass
build-i386-pvops pass
build-amd64-rumprun pass
build-i386-rumprun pass
test-xtf-amd64-amd64-1 pass
test-xtf-amd64-amd64-2 pass
test-xtf-amd64-amd64-3 pass
test-xtf-amd64-amd64-4 pass
test-xtf-amd64-amd64-5 pass
test-amd64-amd64-xl pass
test-armhf-armhf-xl pass
test-amd64-i386-xl pass
test-amd64-amd64-xl-qemut-debianhvm-amd64-xsm pass
test-amd64-i386-xl-qemut-debianhvm-amd64-xsm fail
test-amd64-amd64-libvirt-qemuu-debianhvm-amd64-xsm pass
test-amd64-i386-libvirt-qemuu-debianhvm-amd64-xsm pass
test-amd64-amd64-xl-qemuu-debianhvm-amd64-xsm pass
test-amd64-i386-xl-qemuu-debianhvm-amd64-xsm pass
test-amd64-amd64-xl-qemut-stubdom-debianhvm-amd64-xsm pass
test-amd64-i386-xl-qemut-stubdom-debianhvm-amd64-xsm pass
test-amd64-amd64-libvirt-xsm pass
test-armhf-armhf-libvirt-xsm pass
test-amd64-i386-libvirt-xsm pass
test-amd64-amd64-xl-xsm pass
test-armhf-armhf-xl-xsm pass
test-amd64-i386-xl-xsm pass
test-amd64-amd64-qemuu-nested-amd fail
test-amd64-amd64-xl-pvh-amd fail
test-amd64-i386-qemut-rhel6hvm-amd pass
test-amd64-i386-qemuu-rhel6hvm-amd pass
test-amd64-amd64-xl-qemut-debianhvm-amd64 pass
test-amd64-i386-xl-qemut-debianhvm-amd64 pass
test-amd64-amd64-xl-qemuu-debianhvm-amd64 pass
test-amd64-i386-xl-qemuu-debianhvm-amd64 fail
test-amd64-i386-freebsd10-amd64 pass
test-amd64-amd64-xl-qemuu-ovmf-amd64 pass
test-amd64-i386-xl-qemuu-ovmf-amd64 pass
test-amd64-amd64-rumprun-amd64 pass
test-amd64-amd64-xl-qemut-win7-amd64 fail
test-amd64-i386-xl-qemut-win7-amd64 fail
test-amd64-amd64-xl-qemuu-win7-amd64 fail
test-amd64-i386-xl-qemuu-win7-amd64 fail
test-amd64-amd64-xl-credit2 pass
test-armhf-armhf-xl-credit2 pass
test-amd64-i386-freebsd10-i386 pass
test-amd64-i386-rumprun-i386 pass
test-amd64-amd64-qemuu-nested-intel fail
test-amd64-amd64-xl-pvh-intel fail
test-amd64-i386-qemut-rhel6hvm-intel pass
test-amd64-i386-qemuu-rhel6hvm-intel pass
test-amd64-amd64-libvirt pass
test-armhf-armhf-libvirt pass
test-amd64-i386-libvirt pass
test-armhf-armhf-xl-midway pass
test-amd64-amd64-migrupgrade pass
test-amd64-i386-migrupgrade pass
test-amd64-amd64-xl-multivcpu pass
test-armhf-armhf-xl-multivcpu pass
test-amd64-amd64-pair pass
test-amd64-i386-pair pass
test-amd64-amd64-libvirt-pair pass
test-amd64-i386-libvirt-pair pass
test-amd64-amd64-amd64-pvgrub pass
test-amd64-amd64-i386-pvgrub pass
test-amd64-amd64-pygrub pass
test-amd64-amd64-xl-qcow2 pass
test-armhf-armhf-libvirt-raw pass
test-amd64-i386-xl-raw pass
test-amd64-amd64-xl-rtds pass
test-armhf-armhf-xl-rtds pass
test-amd64-i386-xl-qemut-winxpsp3-vcpus1 pass
test-amd64-i386-xl-qemuu-winxpsp3-vcpus1 pass
test-amd64-amd64-libvirt-vhd pass
test-armhf-armhf-xl-vhd pass
test-amd64-amd64-xl-qemut-winxpsp3 fail
test-amd64-i386-xl-qemut-winxpsp3 pass
test-amd64-amd64-xl-qemuu-winxpsp3 pass
test-amd64-i386-xl-qemuu-winxpsp3 pass
------------------------------------------------------------
sg-report-flight on osstest.xs.citrite.net
logs: /home/osstest/logs
images: /home/osstest/images
Logs, config files, etc. are available at
http://osstest.xs.citrite.net/~osstest/testlogs/logs
Test harness code can be found at
http://xenbits.xensource.com/gitweb?p=osstest.git;a=summary
Push not applicable.
------------------------------------------------------------
commit 35d6d7bbb428f8a33d39d851d7d60d40a3605a58
Author: Jan Beulich <jbeulich@suse.com>
Date: Mon Feb 20 16:06:20 2017 +0100
VMX: fix VMCS race on context-switch paths
When __context_switch() is being bypassed during original context
switch handling, the vCPU "owning" the VMCS partially loses control of
it: It will appear non-running to remote CPUs, and hence their attempt
to pause the owning vCPU will have no effect on it (as it already
looks to be paused). At the same time the "owning" CPU will re-enable
interrupts eventually (the lastest when entering the idle loop) and
hence becomes subject to IPIs from other CPUs requesting access to the
VMCS. As a result, when __context_switch() finally gets run, the CPU
may no longer have the VMCS loaded, and hence any accesses to it would
fail. Hence we may need to re-load the VMCS in vmx_ctxt_switch_from().
For consistency use the new function also in vmx_do_resume(), to
avoid leaving an open-coded incarnation of it around.
Reported-by: Kevin Mayer <Kevin.Mayer@gdata.de>
Reported-by: Anshul Makkar <anshul.makkar@citrix.com>
Signed-off-by: Jan Beulich <jbeulich@suse.com>
Reviewed-by: Andrew Cooper <andrew.cooper3@citrix.com>
Acked-by: Kevin Tian <kevin.tian@intel.com>
Reviewed-by: Sergey Dyasli <sergey.dyasli@citrix.com>
Tested-by: Sergey Dyasli <sergey.dyasli@citrix.com>
master commit: 2f4d2198a9b3ba94c959330b5c94fe95917c364c
master date: 2017-02-17 15:49:56 +0100
commit 49097f7ed65bb35774436bf42a71ea923333a093
Author: George Dunlap <george.dunlap@citrix.com>
Date: Mon Feb 20 16:05:52 2017 +0100
xen/p2m: Fix p2m_flush_table for non-nested cases
Commit 71bb7304e7a7a35ea6df4b0cedebc35028e4c159 added flushing of
nested p2m tables whenever the host p2m table changed. Unfortunately
in the process, it added a filter to p2m_flush_table() function so
that the p2m would only be flushed if it was being used as a nested
p2m. This meant that the p2m was not being flushed at all for altp2m
callers.
Only check np2m_base if p2m_class for nested p2m's.
NB that this is not a security issue: The only time this codepath is
called is in cases where either nestedp2m or altp2m is enabled, and
neither of them are in security support.
Reported-by: Matt Leinhos <matt@starlab.io>
Signed-off-by: George Dunlap <george.dunlap@citrix.com>
Reviewed-by: Tim Deegan <tim@xen.org>
Tested-by: Tamas K Lengyel <tamas@tklengyel.com>
master commit: 6192e6378e094094906950120470a621d5b2977c
master date: 2017-02-15 17:15:56 +0000
commit 92074638fada43690ce811c84af6daf72bdb93ef
Author: David Woodhouse <dwmw@amazon.com>
Date: Mon Feb 20 16:05:29 2017 +0100
x86/ept: allow write-combining on !mfn_valid() MMIO mappings again
For some MMIO regions, such as those high above RAM, mfn_valid() will
return false.
Since the fix for XSA-154 in commit c61a6f74f80e ("x86: enforce
consistent cachability of MMIO mappings"), guests have no longer been
able to use PAT to obtain write-combining on such regions because the
'ignore PAT' bit is set in EPT.
We probably want to err on the side of caution and preserve that
behaviour for addresses in mmio_ro_ranges, but not for normal MMIO
mappings. That necessitates a slight refactoring to check mfn_valid()
later, and let the MMIO case get through to the right code path.
Since we're not bailing out for !mfn_valid() immediately, the range
checks need to be adjusted to cope  simply by masking in the low bits
to account for 'order' instead of adding, to avoid overflow when the mfn
is INVALID_MFN (which happens on unmap, since we carefully call this
function to fill in the EMT even though the PTE won't be valid).
The range checks are also slightly refactored to put only one of them in
the fast path in the common case. If it doesn't overlap, then it
*definitely* isn't contained, so we don't need both checks. And if it
overlaps and is only one page, then it definitely *is* contained.
Finally, add a comment clarifying how that 'return -1' works  it isn't
returning an error and causing the mapping to fail; it relies on
resolve_misconfig() being able to split the mapping later. So it's
*only* sane to do it where order>0 and the 'problem' will be solved by
splitting the large page. Not for blindly returning 'error', which I was
tempted to do in my first attempt.
Signed-off-by: David Woodhouse <dwmw@amazon.com>
Reviewed-by: Jan Beulich <jbeulich@suse.com>
Reviewed-by: Kevin Tian <kevin.tian@intel.com>
master commit: 30921dc2df3665ca1b2593595aa6725ff013d386
master date: 2017-02-07 14:30:01 +0100
commit 746dca5ef65b6456620822a9444be62f77be6e4d
Author: Andrew Cooper <andrew.cooper3@citrix.com>
Date: Mon Feb 20 16:04:52 2017 +0100
x86/VT-x: Dump VMCS on VMLAUNCH/VMRESUME failure
If a VMLAUNCH/VMRESUME fails due to invalid control or host state, dump the
VMCS before crashing the domain.
Signed-off-by: Andrew Cooper <andrew.cooper3@citrix.com>
Acked-by: Kevin Tian <kevin.tian@intel.com>
Reviewed-by: Jan Beulich <jbeulich@suse.com>
master commit: d0fd9ae54491328b10dee4003656c14b3bf3d3e9
master date: 2016-07-04 10:51:48 +0100
(qemu changes not included)
[-- Attachment #2: Type: text/plain, Size: 127 bytes --]
_______________________________________________
Xen-devel mailing list
Xen-devel@lists.xen.org
https://lists.xen.org/xen-devel
^ permalink raw reply [flat|nested] only message in thread
only message in thread, other threads:[~2017-02-22 0:53 UTC | newest]
Thread overview: (only message) (download: mbox.gz follow: Atom feed
-- links below jump to the message on this page --
2017-02-22 0:53 [xen-4.6-testing baseline-only test] 68589: regressions - FAIL Platform Team regression test user
This is a public inbox, see mirroring instructions
for how to clone and mirror all data and code used for this inbox;
as well as URLs for NNTP newsgroup(s).