From mboxrd@z Thu Jan 1 00:00:00 1970 From: Platform Team regression test user Subject: [qemu-mainline baseline-only test] 68631: regressions - trouble: blocked/broken/fail/pass Date: Sat, 4 Mar 2017 00:55:56 +0000 Message-ID: Mime-Version: 1.0 Content-Type: multipart/mixed; boundary="===============0850850425862326783==" Return-path: List-Unsubscribe: , List-Post: List-Help: List-Subscribe: , Errors-To: xen-devel-bounces@lists.xen.org Sender: "Xen-devel" To: xen-devel@lists.xensource.com, osstest-admin@xenproject.org List-Id: xen-devel@lists.xenproject.org --===============0850850425862326783== Content-Type: text/plain This run is configured for baseline tests only. flight 68631 qemu-mainline real [real] http://osstest.xs.citrite.net/~osstest/testlogs/logs/68631/ Regressions :-( Tests which did not succeed and are blocking, including tests which could not be run: test-armhf-armhf-xl-midway 16 guest-start.2 fail REGR. vs. 68618 Regressions which are regarded as allowable (not blocking): test-armhf-armhf-libvirt-xsm 13 saverestore-support-check fail like 68618 test-armhf-armhf-libvirt 13 saverestore-support-check fail like 68618 test-armhf-armhf-libvirt-raw 12 saverestore-support-check fail like 68618 test-amd64-amd64-qemuu-nested-intel 16 debian-hvm-install/l1/l2 fail like 68618 test-amd64-i386-xl-qemuu-winxpsp3-vcpus1 9 windows-install fail like 68618 Tests which did not succeed, but are not blocking: test-arm64-arm64-libvirt-xsm 1 build-check(1) blocked n/a test-arm64-arm64-xl 1 build-check(1) blocked n/a build-arm64-libvirt 1 build-check(1) blocked n/a test-arm64-arm64-libvirt-qcow2 1 build-check(1) blocked n/a test-arm64-arm64-libvirt 1 build-check(1) blocked n/a test-arm64-arm64-xl-credit2 1 build-check(1) blocked n/a test-arm64-arm64-xl-rtds 1 build-check(1) blocked n/a test-arm64-arm64-xl-multivcpu 1 build-check(1) blocked n/a test-arm64-arm64-xl-xsm 1 build-check(1) blocked n/a build-arm64 2 hosts-allocate broken never pass build-arm64-pvops 2 hosts-allocate broken never pass build-arm64-xsm 2 hosts-allocate broken never pass build-arm64 3 capture-logs broken never pass build-arm64-pvops 3 capture-logs broken never pass build-arm64-xsm 3 capture-logs broken never pass test-armhf-armhf-xl-multivcpu 12 migrate-support-check fail never pass test-armhf-armhf-xl-multivcpu 13 saverestore-support-check fail never pass test-amd64-amd64-xl-pvh-intel 11 guest-start fail never pass test-armhf-armhf-xl-midway 12 migrate-support-check fail never pass test-armhf-armhf-xl-midway 13 saverestore-support-check fail never pass test-armhf-armhf-libvirt-xsm 12 migrate-support-check fail never pass test-armhf-armhf-xl 12 migrate-support-check fail never pass test-armhf-armhf-xl 13 saverestore-support-check fail never pass test-armhf-armhf-libvirt 12 migrate-support-check fail never pass test-armhf-armhf-xl-xsm 12 migrate-support-check fail never pass test-armhf-armhf-xl-xsm 13 saverestore-support-check fail never pass test-amd64-amd64-libvirt-xsm 12 migrate-support-check fail never pass test-armhf-armhf-xl-rtds 12 migrate-support-check fail never pass test-armhf-armhf-xl-rtds 13 saverestore-support-check fail never pass test-armhf-armhf-xl-credit2 12 migrate-support-check fail never pass test-armhf-armhf-xl-credit2 13 saverestore-support-check fail never pass test-amd64-i386-libvirt 12 migrate-support-check fail never pass test-amd64-amd64-xl-pvh-amd 11 guest-start fail never pass test-amd64-i386-libvirt-xsm 12 migrate-support-check fail never pass test-amd64-amd64-libvirt 12 migrate-support-check fail never pass test-armhf-armhf-libvirt-raw 11 migrate-support-check fail never pass test-armhf-armhf-xl-vhd 11 migrate-support-check fail never pass test-armhf-armhf-xl-vhd 12 saverestore-support-check fail never pass test-amd64-i386-libvirt-qemuu-debianhvm-amd64-xsm 10 migrate-support-check fail never pass test-amd64-amd64-qemuu-nested-amd 16 debian-hvm-install/l1/l2 fail never pass test-amd64-amd64-libvirt-vhd 11 migrate-support-check fail never pass test-amd64-amd64-libvirt-qemuu-debianhvm-amd64-xsm 10 migrate-support-check fail never pass test-amd64-i386-xl-qemuu-win7-amd64 16 guest-stop fail never pass test-amd64-amd64-xl-qemuu-win7-amd64 16 guest-stop fail never pass version targeted for testing: qemuu 1e0addb682c3c552fd97480037d4f8ff18e2b87e baseline version: qemuu 8f2d7c341184a95d05476ea3c45dbae2b9ddbe51 Last test of basis 68618 2017-02-28 04:46:25 Z 3 days Testing same since 68631 2017-03-03 11:18:26 Z 0 days 1 attempts ------------------------------------------------------------ People who touched revisions under test: Alex Bennée Allan Wirth Clement Deschamps Cornelia Huck Daniel P. Berrange Eric Auger Fam Zheng Farhan Ali Franklin "Snaipe" Mathieu Franklin \"Snaipe\" Mathieu Gerd Hoffmann Greg Kurz Helge Deller Igor Mammedov Igor Pavlikevich Jeff Cody John Snow Krzysztof Kozlowski Kurban Mallachiev Laurent Vivier Marc-André Lureau Marcin Chojnacki Michael Davidsaver Michael Karcher Michael Tokarev Michael Walle Nick Reilly Paolo Bonzini Pavel Fedin Peter Maydell Philippe Mathieu-Daudé Pradeep Jagadeesh Pranith Kumar Prasad J Pandit Richard Henderson Stefan Hajnoczi Stefan Weil Stefano Stabellini Thomas Huth Vijaya Kumar K Vincenzo Maffione Wen Congyang Zhang Chen jobs: build-amd64-xsm pass build-arm64-xsm broken build-armhf-xsm pass build-i386-xsm pass build-amd64 pass build-arm64 broken build-armhf pass build-i386 pass build-amd64-libvirt pass build-arm64-libvirt blocked build-armhf-libvirt pass build-i386-libvirt pass build-amd64-pvops pass build-arm64-pvops broken build-armhf-pvops pass build-i386-pvops pass test-amd64-amd64-xl pass test-arm64-arm64-xl blocked test-armhf-armhf-xl pass test-amd64-i386-xl pass test-amd64-amd64-libvirt-qemuu-debianhvm-amd64-xsm pass test-amd64-i386-libvirt-qemuu-debianhvm-amd64-xsm pass test-amd64-amd64-xl-qemuu-debianhvm-amd64-xsm pass test-amd64-i386-xl-qemuu-debianhvm-amd64-xsm pass test-amd64-amd64-libvirt-xsm pass test-arm64-arm64-libvirt-xsm blocked test-armhf-armhf-libvirt-xsm pass test-amd64-i386-libvirt-xsm pass test-amd64-amd64-xl-xsm pass test-arm64-arm64-xl-xsm blocked test-armhf-armhf-xl-xsm pass test-amd64-i386-xl-xsm pass test-amd64-amd64-qemuu-nested-amd fail test-amd64-amd64-xl-pvh-amd fail test-amd64-i386-qemuu-rhel6hvm-amd pass test-amd64-amd64-xl-qemuu-debianhvm-amd64 pass test-amd64-i386-xl-qemuu-debianhvm-amd64 pass test-amd64-i386-freebsd10-amd64 pass test-amd64-amd64-xl-qemuu-ovmf-amd64 pass test-amd64-i386-xl-qemuu-ovmf-amd64 pass test-amd64-amd64-xl-qemuu-win7-amd64 fail test-amd64-i386-xl-qemuu-win7-amd64 fail test-amd64-amd64-xl-credit2 pass test-arm64-arm64-xl-credit2 blocked test-armhf-armhf-xl-credit2 pass test-amd64-i386-freebsd10-i386 pass test-amd64-amd64-qemuu-nested-intel fail test-amd64-amd64-xl-pvh-intel fail test-amd64-i386-qemuu-rhel6hvm-intel pass test-amd64-amd64-libvirt pass test-arm64-arm64-libvirt blocked test-armhf-armhf-libvirt pass test-amd64-i386-libvirt pass test-armhf-armhf-xl-midway fail test-amd64-amd64-xl-multivcpu pass test-arm64-arm64-xl-multivcpu blocked test-armhf-armhf-xl-multivcpu pass test-amd64-amd64-pair pass test-amd64-i386-pair pass test-amd64-amd64-libvirt-pair pass test-amd64-i386-libvirt-pair pass test-amd64-amd64-amd64-pvgrub pass test-amd64-amd64-i386-pvgrub pass test-amd64-amd64-pygrub pass test-arm64-arm64-libvirt-qcow2 blocked test-amd64-amd64-xl-qcow2 pass test-armhf-armhf-libvirt-raw pass test-amd64-i386-xl-raw pass test-amd64-amd64-xl-rtds pass test-arm64-arm64-xl-rtds blocked test-armhf-armhf-xl-rtds pass test-amd64-i386-xl-qemuu-winxpsp3-vcpus1 fail test-amd64-amd64-libvirt-vhd pass test-armhf-armhf-xl-vhd pass test-amd64-amd64-xl-qemuu-winxpsp3 pass test-amd64-i386-xl-qemuu-winxpsp3 pass ------------------------------------------------------------ sg-report-flight on osstest.xs.citrite.net logs: /home/osstest/logs images: /home/osstest/images Logs, config files, etc. are available at http://osstest.xs.citrite.net/~osstest/testlogs/logs Test harness code can be found at http://xenbits.xensource.com/gitweb?p=osstest.git;a=summary broken-step build-arm64 hosts-allocate broken-step build-arm64-pvops hosts-allocate broken-step build-arm64-xsm hosts-allocate broken-step build-arm64 capture-logs broken-step build-arm64-pvops capture-logs broken-step build-arm64-xsm capture-logs Push not applicable. (No revision log; it would be 2691 lines long.) --===============0850850425862326783== Content-Type: text/plain; charset="utf-8" MIME-Version: 1.0 Content-Transfer-Encoding: base64 Content-Disposition: inline X19fX19fX19fX19fX19fX19fX19fX19fX19fX19fX19fX19fX19fX19fX19fX18KWGVuLWRldmVs IG1haWxpbmcgbGlzdApYZW4tZGV2ZWxAbGlzdHMueGVuLm9yZwpodHRwczovL2xpc3RzLnhlbi5v cmcveGVuLWRldmVsCg== --===============0850850425862326783==--