* [qemu-mainline baseline-only test] 68670: regressions - trouble: blocked/broken/fail/pass
@ 2017-03-12 17:04 Platform Team regression test user
0 siblings, 0 replies; only message in thread
From: Platform Team regression test user @ 2017-03-12 17:04 UTC (permalink / raw)
To: xen-devel, osstest-admin
[-- Attachment #1: Type: text/plain, Size: 13087 bytes --]
This run is configured for baseline tests only.
flight 68670 qemu-mainline real [real]
http://osstest.xs.citrite.net/~osstest/testlogs/logs/68670/
Regressions :-(
Tests which did not succeed and are blocking,
including tests which could not be run:
build-armhf-pvops 3 host-install(3) broken REGR. vs. 68648
build-armhf-xsm 3 host-install(3) broken REGR. vs. 68648
build-armhf 3 host-install(3) broken REGR. vs. 68648
test-amd64-amd64-libvirt-vhd 9 debian-di-install fail REGR. vs. 68648
Regressions which are regarded as allowable (not blocking):
build-armhf-xsm 4 capture-logs broken blocked in 68648
build-armhf-pvops 4 capture-logs broken blocked in 68648
build-armhf 4 capture-logs broken blocked in 68648
test-amd64-amd64-qemuu-nested-intel 16 debian-hvm-install/l1/l2 fail like 68648
test-amd64-i386-xl-qemuu-winxpsp3-vcpus1 9 windows-install fail like 68648
Tests which did not succeed, but are not blocking:
test-arm64-arm64-libvirt-xsm 1 build-check(1) blocked n/a
test-armhf-armhf-xl-multivcpu 1 build-check(1) blocked n/a
test-armhf-armhf-xl-midway 1 build-check(1) blocked n/a
test-armhf-armhf-libvirt 1 build-check(1) blocked n/a
test-arm64-arm64-xl 1 build-check(1) blocked n/a
build-arm64-libvirt 1 build-check(1) blocked n/a
test-arm64-arm64-libvirt-qcow2 1 build-check(1) blocked n/a
build-armhf-libvirt 1 build-check(1) blocked n/a
test-armhf-armhf-libvirt-raw 1 build-check(1) blocked n/a
test-arm64-arm64-libvirt 1 build-check(1) blocked n/a
test-armhf-armhf-xl 1 build-check(1) blocked n/a
test-armhf-armhf-xl-vhd 1 build-check(1) blocked n/a
test-arm64-arm64-xl-credit2 1 build-check(1) blocked n/a
test-armhf-armhf-xl-credit2 1 build-check(1) blocked n/a
test-arm64-arm64-xl-rtds 1 build-check(1) blocked n/a
test-armhf-armhf-xl-rtds 1 build-check(1) blocked n/a
test-arm64-arm64-xl-multivcpu 1 build-check(1) blocked n/a
test-armhf-armhf-libvirt-xsm 1 build-check(1) blocked n/a
test-armhf-armhf-xl-xsm 1 build-check(1) blocked n/a
test-arm64-arm64-xl-xsm 1 build-check(1) blocked n/a
build-arm64 2 hosts-allocate broken never pass
build-arm64-xsm 2 hosts-allocate broken never pass
build-arm64-pvops 2 hosts-allocate broken never pass
build-arm64 3 capture-logs broken never pass
build-arm64-pvops 3 capture-logs broken never pass
build-arm64-xsm 3 capture-logs broken never pass
test-amd64-amd64-xl-pvh-intel 11 guest-start fail never pass
test-amd64-amd64-libvirt-xsm 12 migrate-support-check fail never pass
test-amd64-i386-libvirt 12 migrate-support-check fail never pass
test-amd64-amd64-xl-pvh-amd 11 guest-start fail never pass
test-amd64-i386-libvirt-xsm 12 migrate-support-check fail never pass
test-amd64-i386-libvirt-qemuu-debianhvm-amd64-xsm 10 migrate-support-check fail never pass
test-amd64-amd64-libvirt 12 migrate-support-check fail never pass
test-amd64-amd64-qemuu-nested-amd 16 debian-hvm-install/l1/l2 fail never pass
test-amd64-amd64-libvirt-qemuu-debianhvm-amd64-xsm 10 migrate-support-check fail never pass
test-amd64-i386-xl-qemuu-win7-amd64 16 guest-stop fail never pass
test-amd64-amd64-xl-qemuu-win7-amd64 16 guest-stop fail never pass
version targeted for testing:
qemuu dd4d2578215cd380f40a38028a9904e15b135ef3
baseline version:
qemuu b64842dee42d6b24d51283e4722140b73be1e222
Last test of basis 68648 2017-03-09 11:47:15 Z 3 days
Testing same since 68670 2017-03-11 04:48:34 Z 1 days 1 attempts
------------------------------------------------------------
People who touched revisions under test:
Gerd Hoffmann <kraxel@redhat.com>
Peter Maydell <peter.maydell@linaro.org>
jobs:
build-amd64-xsm pass
build-arm64-xsm broken
build-armhf-xsm broken
build-i386-xsm pass
build-amd64 pass
build-arm64 broken
build-armhf broken
build-i386 pass
build-amd64-libvirt pass
build-arm64-libvirt blocked
build-armhf-libvirt blocked
build-i386-libvirt pass
build-amd64-pvops pass
build-arm64-pvops broken
build-armhf-pvops broken
build-i386-pvops pass
test-amd64-amd64-xl pass
test-arm64-arm64-xl blocked
test-armhf-armhf-xl blocked
test-amd64-i386-xl pass
test-amd64-amd64-libvirt-qemuu-debianhvm-amd64-xsm pass
test-amd64-i386-libvirt-qemuu-debianhvm-amd64-xsm pass
test-amd64-amd64-xl-qemuu-debianhvm-amd64-xsm pass
test-amd64-i386-xl-qemuu-debianhvm-amd64-xsm pass
test-amd64-amd64-libvirt-xsm pass
test-arm64-arm64-libvirt-xsm blocked
test-armhf-armhf-libvirt-xsm blocked
test-amd64-i386-libvirt-xsm pass
test-amd64-amd64-xl-xsm pass
test-arm64-arm64-xl-xsm blocked
test-armhf-armhf-xl-xsm blocked
test-amd64-i386-xl-xsm pass
test-amd64-amd64-qemuu-nested-amd fail
test-amd64-amd64-xl-pvh-amd fail
test-amd64-i386-qemuu-rhel6hvm-amd pass
test-amd64-amd64-xl-qemuu-debianhvm-amd64 pass
test-amd64-i386-xl-qemuu-debianhvm-amd64 pass
test-amd64-i386-freebsd10-amd64 pass
test-amd64-amd64-xl-qemuu-ovmf-amd64 pass
test-amd64-i386-xl-qemuu-ovmf-amd64 pass
test-amd64-amd64-xl-qemuu-win7-amd64 fail
test-amd64-i386-xl-qemuu-win7-amd64 fail
test-amd64-amd64-xl-credit2 pass
test-arm64-arm64-xl-credit2 blocked
test-armhf-armhf-xl-credit2 blocked
test-amd64-i386-freebsd10-i386 pass
test-amd64-amd64-qemuu-nested-intel fail
test-amd64-amd64-xl-pvh-intel fail
test-amd64-i386-qemuu-rhel6hvm-intel pass
test-amd64-amd64-libvirt pass
test-arm64-arm64-libvirt blocked
test-armhf-armhf-libvirt blocked
test-amd64-i386-libvirt pass
test-armhf-armhf-xl-midway blocked
test-amd64-amd64-xl-multivcpu pass
test-arm64-arm64-xl-multivcpu blocked
test-armhf-armhf-xl-multivcpu blocked
test-amd64-amd64-pair pass
test-amd64-i386-pair pass
test-amd64-amd64-libvirt-pair pass
test-amd64-i386-libvirt-pair pass
test-amd64-amd64-amd64-pvgrub pass
test-amd64-amd64-i386-pvgrub pass
test-amd64-amd64-pygrub pass
test-arm64-arm64-libvirt-qcow2 blocked
test-amd64-amd64-xl-qcow2 pass
test-armhf-armhf-libvirt-raw blocked
test-amd64-i386-xl-raw pass
test-amd64-amd64-xl-rtds pass
test-arm64-arm64-xl-rtds blocked
test-armhf-armhf-xl-rtds blocked
test-amd64-i386-xl-qemuu-winxpsp3-vcpus1 fail
test-amd64-amd64-libvirt-vhd fail
test-armhf-armhf-xl-vhd blocked
test-amd64-amd64-xl-qemuu-winxpsp3 pass
test-amd64-i386-xl-qemuu-winxpsp3 pass
------------------------------------------------------------
sg-report-flight on osstest.xs.citrite.net
logs: /home/osstest/logs
images: /home/osstest/images
Logs, config files, etc. are available at
http://osstest.xs.citrite.net/~osstest/testlogs/logs
Test harness code can be found at
http://xenbits.xensource.com/gitweb?p=osstest.git;a=summary
broken-step build-arm64 hosts-allocate
broken-step build-arm64-xsm hosts-allocate
broken-step build-arm64-pvops hosts-allocate
broken-step build-arm64 capture-logs
broken-step build-arm64-pvops capture-logs
broken-step build-arm64-xsm capture-logs
broken-step build-armhf-pvops host-install(3)
broken-step build-armhf-xsm host-install(3)
broken-step build-armhf-xsm capture-logs
broken-step build-armhf-pvops capture-logs
broken-step build-armhf capture-logs
broken-step build-armhf host-install(3)
Push not applicable.
------------------------------------------------------------
commit dd4d2578215cd380f40a38028a9904e15b135ef3
Merge: b64842d dbb5fb8
Author: Peter Maydell <peter.maydell@linaro.org>
Date: Thu Mar 9 13:16:05 2017 +0000
Merge remote-tracking branch 'remotes/kraxel/tags/pull-fixes-20170309-1' into staging
2.9 bugfixes for ohci and qxl
# gpg: Signature made Thu 09 Mar 2017 09:09:44 GMT
# gpg: using RSA key 0x4CB6D8EED3E87138
# gpg: Good signature from "Gerd Hoffmann (work) <kraxel@redhat.com>"
# gpg: aka "Gerd Hoffmann <gerd@kraxel.org>"
# gpg: aka "Gerd Hoffmann (private) <kraxel@gmail.com>"
# Primary key fingerprint: A032 8CFF B93A 17A7 9901 FE7D 4CB6 D8EE D3E8 7138
* remotes/kraxel/tags/pull-fixes-20170309-1:
qxl: clear guest_cursor on QXL_CURSOR_HIDE
ohci: relax link check
Signed-off-by: Peter Maydell <peter.maydell@linaro.org>
commit dbb5fb8d3519130559b10fa4e1395e4486c633f8
Author: Gerd Hoffmann <kraxel@redhat.com>
Date: Mon Mar 6 09:31:51 2017 +0100
qxl: clear guest_cursor on QXL_CURSOR_HIDE
Make sure we don't leave guest_cursor pointing into nowhere. This might
lead to (rare) live migration failures, due to target trying to restore
the cursor from the stale pointer.
Bugzilla: https://bugzilla.redhat.com/show_bug.cgi?id=1421788
Reported-by: Dr. David Alan Gilbert <dgilbert@redhat.com>
Signed-off-by: Gerd Hoffmann <kraxel@redhat.com>
Reviewed-by: Marc-André Lureau <marcandre.lureau@redhat.com>
Message-id: 1488789111-27340-1-git-send-email-kraxel@redhat.com
commit ab6b1105a2259c7072905887f71caa850ce63190
Author: Gerd Hoffmann <kraxel@redhat.com>
Date: Tue Mar 7 09:40:18 2017 +0100
ohci: relax link check
The strict td link limit added by commit "95ed569 usb: ohci: limit the
number of link eds" causes problems with macos guests. Lets raise the
limit.
Reported-by: Programmingkid <programmingkidx@gmail.com>
Reported-by: Howard Spoelstra <hsp.cat7@gmail.com>
Signed-off-by: Gerd Hoffmann <kraxel@redhat.com>
Reviewed-by: BALATON Zoltan <balaton@eik.bme.hu>
Reviewed-by: John Arbuckle <programmingkidx@gmail.com>
Message-id: 1488876018-31576-1-git-send-email-kraxel@redhat.com
[-- Attachment #2: Type: text/plain, Size: 127 bytes --]
_______________________________________________
Xen-devel mailing list
Xen-devel@lists.xen.org
https://lists.xen.org/xen-devel
^ permalink raw reply [flat|nested] only message in thread
only message in thread, other threads:[~2017-03-12 17:04 UTC | newest]
Thread overview: (only message) (download: mbox.gz follow: Atom feed
-- links below jump to the message on this page --
2017-03-12 17:04 [qemu-mainline baseline-only test] 68670: regressions - trouble: blocked/broken/fail/pass Platform Team regression test user
This is a public inbox, see mirroring instructions
for how to clone and mirror all data and code used for this inbox;
as well as URLs for NNTP newsgroup(s).