From mboxrd@z Thu Jan 1 00:00:00 1970 From: xen.org Subject: [xen-unstable test] 6945: tolerable FAIL Date: Sun, 1 May 2011 05:01:38 +0100 Message-ID: Mime-Version: 1.0 Content-Type: text/plain Return-path: List-Unsubscribe: , List-Post: List-Help: List-Subscribe: , Sender: xen-devel-bounces@lists.xensource.com Errors-To: xen-devel-bounces@lists.xensource.com To: xen-devel@lists.xensource.com Cc: ian.jackson@eu.citrix.com List-Id: xen-devel@lists.xenproject.org flight 6945 xen-unstable real [real] http://www.chiark.greenend.org.uk/~xensrcts/logs/6945/ Failures :-/ but no regressions. Tests which are failing intermittently (not blocking): build-amd64-oldkern 4 xen-build fail pass in 6944 build-amd64-pvops 4 kernel-build fail pass in 6944 build-amd64 4 xen-build fail pass in 6944 test-i386-xcpkern-i386-win 7 windows-install fail pass in 6944 Tests which did not succeed, but are not blocking, including regressions (tests previously passed) regarded as allowable: test-amd64-amd64-pair 1 xen-build-check(1) blocked n/a test-amd64-amd64-pv 1 xen-build-check(1) blocked n/a test-amd64-amd64-win 1 xen-build-check(1) blocked n/a test-amd64-amd64-xl-win 1 xen-build-check(1) blocked n/a test-amd64-amd64-xl 1 xen-build-check(1) blocked n/a test-amd64-i386-pair 1 xen-build-check(1) blocked n/a test-amd64-i386-pv 1 xen-build-check(1) blocked n/a test-amd64-i386-rhel6hvm-amd 1 xen-build-check(1) blocked n/a test-amd64-i386-rhel6hvm-intel 1 xen-build-check(1) blocked n/a test-amd64-i386-win-vcpus1 1 xen-build-check(1) blocked n/a test-amd64-i386-win 1 xen-build-check(1) blocked n/a test-amd64-i386-xl-credit2 1 xen-build-check(1) blocked n/a test-amd64-i386-xl-multivcpu 1 xen-build-check(1) blocked n/a test-amd64-i386-xl-win-vcpus1 1 xen-build-check(1) blocked n/a test-amd64-i386-xl 1 xen-build-check(1) blocked n/a test-amd64-xcpkern-i386-pair 1 xen-build-check(1) blocked n/a test-amd64-xcpkern-i386-pv 1 xen-build-check(1) blocked n/a test-amd64-xcpkern-i386-rhel6hvm-amd 1 xen-build-check(1) blocked n/a test-amd64-xcpkern-i386-rhel6hvm-intel 1 xen-build-check(1) blocked n/a test-amd64-xcpkern-i386-win 1 xen-build-check(1) blocked n/a test-amd64-xcpkern-i386-xl-credit2 1 xen-build-check(1) blocked n/a test-amd64-xcpkern-i386-xl-multivcpu 1 xen-build-check(1) blocked n/a test-amd64-xcpkern-i386-xl-win 1 xen-build-check(1) blocked n/a test-amd64-xcpkern-i386-xl 1 xen-build-check(1) blocked n/a test-i386-i386-win 14 guest-start.2 fail blocked in 6944 test-i386-i386-xl-win 9 guest-localmigrate fail like 6944 version targeted for testing: xen 476b0d68e7d5 baseline version: xen 476b0d68e7d5 jobs: build-i386-xcpkern pass build-amd64 fail build-i386 pass build-amd64-oldkern fail build-i386-oldkern pass build-amd64-pvops fail build-i386-pvops pass test-amd64-amd64-xl blocked test-amd64-i386-xl blocked test-i386-i386-xl pass test-amd64-xcpkern-i386-xl blocked test-i386-xcpkern-i386-xl pass test-amd64-i386-rhel6hvm-amd blocked test-amd64-xcpkern-i386-rhel6hvm-amd blocked test-amd64-i386-xl-credit2 blocked test-amd64-xcpkern-i386-xl-credit2 blocked test-amd64-i386-rhel6hvm-intel blocked test-amd64-xcpkern-i386-rhel6hvm-intel blocked test-amd64-i386-xl-multivcpu blocked test-amd64-xcpkern-i386-xl-multivcpu blocked test-amd64-amd64-pair blocked test-amd64-i386-pair blocked test-i386-i386-pair pass test-amd64-xcpkern-i386-pair blocked test-i386-xcpkern-i386-pair pass test-amd64-amd64-pv blocked test-amd64-i386-pv blocked test-i386-i386-pv pass test-amd64-xcpkern-i386-pv blocked test-i386-xcpkern-i386-pv pass test-amd64-i386-win-vcpus1 blocked test-amd64-i386-xl-win-vcpus1 blocked test-amd64-amd64-win blocked test-amd64-i386-win blocked test-i386-i386-win fail test-amd64-xcpkern-i386-win blocked test-i386-xcpkern-i386-win fail test-amd64-amd64-xl-win blocked test-i386-i386-xl-win fail test-amd64-xcpkern-i386-xl-win blocked ------------------------------------------------------------ sg-report-flight on woking.cam.xci-test.com logs: /home/xc_osstest/logs images: /home/xc_osstest/images Logs, config files, etc. are available at http://www.chiark.greenend.org.uk/~xensrcts/logs Test harness code can be found at http://xenbits.xensource.com/gitweb?p=osstest.git;a=summary Published tested tree is already up to date.