From: xen.org <ian.jackson@eu.citrix.com>
To: xen-devel@lists.xensource.com
Cc: ian.jackson@eu.citrix.com
Subject: [xen-unstable test] 6993: regressions - FAIL
Date: Thu, 5 May 2011 23:33:58 +0100 [thread overview]
Message-ID: <osstest-6993-mainreport@xen.org> (raw)
flight 6993 xen-unstable real [real]
http://www.chiark.greenend.org.uk/~xensrcts/logs/6993/
Regressions :-(
Tests which did not succeed and are blocking:
test-i386-xcpkern-i386-win 7 windows-install fail REGR. vs. 6992
Tests which did not succeed, but are not blocking,
including regressions (tests previously passed) regarded as allowable:
test-amd64-amd64-win 16 leak-check/check fail never pass
test-amd64-amd64-xl-win 13 guest-stop fail never pass
test-amd64-i386-rhel6hvm-amd 8 guest-saverestore fail never pass
test-amd64-i386-rhel6hvm-intel 8 guest-saverestore fail never pass
test-amd64-i386-win-vcpus1 16 leak-check/check fail never pass
test-amd64-i386-win 16 leak-check/check fail never pass
test-amd64-i386-xl-win-vcpus1 13 guest-stop fail never pass
test-amd64-xcpkern-i386-rhel6hvm-amd 8 guest-saverestore fail never pass
test-amd64-xcpkern-i386-rhel6hvm-intel 8 guest-saverestore fail never pass
test-amd64-xcpkern-i386-win 16 leak-check/check fail never pass
test-amd64-xcpkern-i386-xl-win 13 guest-stop fail never pass
test-i386-i386-win 16 leak-check/check fail never pass
test-i386-i386-xl-win 7 windows-install fail like 6992
version targeted for testing:
xen 4b0692880dfa
baseline version:
xen 39f2942fe56b
------------------------------------------------------------
People who touched revisions under test:
Andre Przywara <andre.przywara@amd.com>
Ian Jackson <ian.jackson@eu.citrix.com>
Tim Deegan <Tim.Deegan@citrix.com>
------------------------------------------------------------
jobs:
build-i386-xcpkern pass
build-amd64 pass
build-i386 pass
build-amd64-oldkern pass
build-i386-oldkern pass
build-amd64-pvops pass
build-i386-pvops pass
test-amd64-amd64-xl pass
test-amd64-i386-xl pass
test-i386-i386-xl pass
test-amd64-xcpkern-i386-xl pass
test-i386-xcpkern-i386-xl pass
test-amd64-i386-rhel6hvm-amd fail
test-amd64-xcpkern-i386-rhel6hvm-amd fail
test-amd64-i386-xl-credit2 pass
test-amd64-xcpkern-i386-xl-credit2 pass
test-amd64-i386-rhel6hvm-intel fail
test-amd64-xcpkern-i386-rhel6hvm-intel fail
test-amd64-i386-xl-multivcpu pass
test-amd64-xcpkern-i386-xl-multivcpu pass
test-amd64-amd64-pair pass
test-amd64-i386-pair pass
test-i386-i386-pair pass
test-amd64-xcpkern-i386-pair pass
test-i386-xcpkern-i386-pair pass
test-amd64-amd64-pv pass
test-amd64-i386-pv pass
test-i386-i386-pv pass
test-amd64-xcpkern-i386-pv pass
test-i386-xcpkern-i386-pv pass
test-amd64-i386-win-vcpus1 fail
test-amd64-i386-xl-win-vcpus1 fail
test-amd64-amd64-win fail
test-amd64-i386-win fail
test-i386-i386-win fail
test-amd64-xcpkern-i386-win fail
test-i386-xcpkern-i386-win fail
test-amd64-amd64-xl-win fail
test-i386-i386-xl-win fail
test-amd64-xcpkern-i386-xl-win fail
------------------------------------------------------------
sg-report-flight on woking.cam.xci-test.com
logs: /home/xc_osstest/logs
images: /home/xc_osstest/images
Logs, config files, etc. are available at
http://www.chiark.greenend.org.uk/~xensrcts/logs
Test harness code can be found at
http://xenbits.xensource.com/gitweb?p=osstest.git;a=summary
Not pushing.
------------------------------------------------------------
changeset: 23300:4b0692880dfa
tag: tip
user: Tim Deegan <Tim.Deegan@citrix.com>
date: Thu May 05 17:40:34 2011 +0100
x86/mm: don't treat entirely empty p2m entries as RAM.
The AMD IOMMU pagetable-sharing code switched p2m type 0 to be
r/w RAM rather than invalid. Be more careful when translating
from PTEs to p2m types that we don't treat all-zeros as a
RAM mapping of frame zero.
Signed-off-by: Tim Deegan <Tim.Deegan@citrix.com>
changeset: 23299:39f2942fe56b
user: Andre Przywara <andre.przywara@amd.com>
date: Wed May 04 14:46:32 2011 +0100
xl: refactor common parts of command line parsing
xl command options are currently handled in each command's sub function,
leading to a lot of duplicate code.
This patch moves the common part of it into a separate function,
which handles the help switch, unknown options and an insufficient
number of parameters. This removes a lot of redundant code.
Signed-off-by: Andre Przywara <andre.przywara@amd.com>
Acked-by: Ian Jackson <ian.jackson@eu.citrix.com>
Committed-by: Ian Jackson <ian.jackson@eu.citrix.com>
(qemu changes not included)
reply other threads:[~2011-05-05 22:33 UTC|newest]
Thread overview: [no followups] expand[flat|nested] mbox.gz Atom feed
Reply instructions:
You may reply publicly to this message via plain-text email
using any one of the following methods:
* Save the following mbox file, import it into your mail client,
and reply-to-all from there: mbox
Avoid top-posting and favor interleaved quoting:
https://en.wikipedia.org/wiki/Posting_style#Interleaved_style
* Reply using the --to, --cc, and --in-reply-to
switches of git-send-email(1):
git send-email \
--in-reply-to=osstest-6993-mainreport@xen.org \
--to=ian.jackson@eu.citrix.com \
--cc=xen-devel@lists.xensource.com \
/path/to/YOUR_REPLY
https://kernel.org/pub/software/scm/git/docs/git-send-email.html
* If your mail client supports setting the In-Reply-To header
via mailto: links, try the mailto: link
Be sure your reply has a Subject: header at the top and a blank line
before the message body.
This is a public inbox, see mirroring instructions
for how to clone and mirror all data and code used for this inbox;
as well as URLs for NNTP newsgroup(s).