xen-devel.lists.xenproject.org archive mirror
 help / color / mirror / Atom feed
* [xen-unstable test] 7037: trouble: blocked/broken/fail/pass
@ 2011-05-10 23:05 xen.org
  0 siblings, 0 replies; only message in thread
From: xen.org @ 2011-05-10 23:05 UTC (permalink / raw)
  To: xen-devel; +Cc: ian.jackson

flight 7037 xen-unstable real [real]
http://www.chiark.greenend.org.uk/~xensrcts/logs/7037/

Failures and problems with tests :-(

Tests which did not succeed and are blocking:
 build-amd64-oldkern           2 host-install(2)              broken
 build-amd64-pvops             2 host-install(2)              broken
 build-i386-oldkern            2 host-install(2)              broken
 build-i386                    2 host-install(2)              broken

Tests which are failing intermittently (not blocking):
 test-amd64-i386-pair          6 xen-install/dst_host         fail pass in 7028
 test-amd64-i386-pair          5 xen-install/src_host         fail pass in 7028
 test-amd64-i386-pv            4 xen-install                  fail pass in 7028
 test-amd64-i386-rhel6hvm-amd  4 xen-install                  fail pass in 7028
 test-amd64-i386-rhel6hvm-intel  4 xen-install                fail pass in 7028
 test-amd64-i386-win-vcpus1    4 xen-install                  fail pass in 7028
 test-amd64-i386-win           4 xen-install                  fail pass in 7028
 test-amd64-i386-xl-credit2    4 xen-install                  fail pass in 7028
 test-amd64-i386-xl-multivcpu  4 xen-install                  fail pass in 7028
 test-amd64-i386-xl-win-vcpus1  4 xen-install                 fail pass in 7028
 test-amd64-i386-xl            4 xen-install                  fail pass in 7028
 test-amd64-xcpkern-i386-pair  6 xen-install/dst_host         fail pass in 7028
 test-amd64-xcpkern-i386-pair  5 xen-install/src_host         fail pass in 7028
 test-amd64-xcpkern-i386-pv    4 xen-install                  fail pass in 7028
 test-amd64-xcpkern-i386-rhel6hvm-amd  4 xen-install          fail pass in 7028
 test-amd64-xcpkern-i386-rhel6hvm-intel  4 xen-install        fail pass in 7028
 test-amd64-xcpkern-i386-win   4 xen-install                  fail pass in 7028
 test-amd64-xcpkern-i386-xl-credit2  4 xen-install            fail pass in 7028
 test-amd64-xcpkern-i386-xl-multivcpu  4 xen-install          fail pass in 7028
 test-amd64-xcpkern-i386-xl-win  4 xen-install                fail pass in 7028
 test-amd64-xcpkern-i386-xl    4 xen-install                  fail pass in 7028

Tests which did not succeed, but are not blocking,
including regressions (tests previously passed) regarded as allowable:
 test-amd64-amd64-pair         1 xen-build-check(1)           blocked  n/a
 test-amd64-amd64-pv           1 xen-build-check(1)           blocked  n/a
 test-amd64-amd64-win          1 xen-build-check(1)           blocked  n/a
 test-amd64-amd64-xl-win       1 xen-build-check(1)           blocked  n/a
 test-amd64-amd64-xl           1 xen-build-check(1)           blocked  n/a
 test-i386-i386-pair           1 xen-build-check(1)           blocked  n/a
 test-i386-i386-pv             1 xen-build-check(1)           blocked  n/a
 test-i386-i386-win            1 xen-build-check(1)           blocked  n/a
 test-i386-i386-xl-win         1 xen-build-check(1)           blocked  n/a
 test-i386-i386-xl             1 xen-build-check(1)           blocked  n/a
 test-i386-xcpkern-i386-pair   1 xen-build-check(1)           blocked  n/a
 test-i386-xcpkern-i386-pv     1 xen-build-check(1)           blocked  n/a
 test-i386-xcpkern-i386-win    1 xen-build-check(1)           blocked  n/a
 test-i386-xcpkern-i386-xl     1 xen-build-check(1)           blocked  n/a

version targeted for testing:
 xen                  19452acd2304
baseline version:
 xen                  4b0692880dfa

------------------------------------------------------------
People who touched revisions under test:
  Aravindh Puthiyaparambil <aravindh@virtuata.com>
  Ian Campbell <Ian.Campbell@eu.citrix.com>
  Ian Jackson <ian.jackson@eu.citrix.com>
  Jacob Shin <jacob.shin@amd.com>
  Jan Beulich <jbeulich@novell.com>
  Keir Fraser <keir@xen.org>
  Liu, Jinsong <jinsong.liu@intel.com>
  Olaf Hering <olaf@aepfle.de>
  Tim Deegan <Tim.Deegan@citrix.com>
  Wei Huang  <wei.huang2@amd.com>
  Wei Huang <wei.huang2@amd.com>
------------------------------------------------------------

jobs:
 build-i386-xcpkern                                           pass     
 build-amd64                                                  pass     
 build-i386                                                   broken   
 build-amd64-oldkern                                          broken   
 build-i386-oldkern                                           broken   
 build-amd64-pvops                                            broken   
 build-i386-pvops                                             pass     
 test-amd64-amd64-xl                                          blocked  
 test-amd64-i386-xl                                           fail     
 test-i386-i386-xl                                            blocked  
 test-amd64-xcpkern-i386-xl                                   fail     
 test-i386-xcpkern-i386-xl                                    blocked  
 test-amd64-i386-rhel6hvm-amd                                 fail     
 test-amd64-xcpkern-i386-rhel6hvm-amd                         fail     
 test-amd64-i386-xl-credit2                                   fail     
 test-amd64-xcpkern-i386-xl-credit2                           fail     
 test-amd64-i386-rhel6hvm-intel                               fail     
 test-amd64-xcpkern-i386-rhel6hvm-intel                       fail     
 test-amd64-i386-xl-multivcpu                                 fail     
 test-amd64-xcpkern-i386-xl-multivcpu                         fail     
 test-amd64-amd64-pair                                        blocked  
 test-amd64-i386-pair                                         fail     
 test-i386-i386-pair                                          blocked  
 test-amd64-xcpkern-i386-pair                                 fail     
 test-i386-xcpkern-i386-pair                                  blocked  
 test-amd64-amd64-pv                                          blocked  
 test-amd64-i386-pv                                           fail     
 test-i386-i386-pv                                            blocked  
 test-amd64-xcpkern-i386-pv                                   fail     
 test-i386-xcpkern-i386-pv                                    blocked  
 test-amd64-i386-win-vcpus1                                   fail     
 test-amd64-i386-xl-win-vcpus1                                fail     
 test-amd64-amd64-win                                         blocked  
 test-amd64-i386-win                                          fail     
 test-i386-i386-win                                           blocked  
 test-amd64-xcpkern-i386-win                                  fail     
 test-i386-xcpkern-i386-win                                   blocked  
 test-amd64-amd64-xl-win                                      blocked  
 test-i386-i386-xl-win                                        blocked  
 test-amd64-xcpkern-i386-xl-win                               fail     


------------------------------------------------------------
sg-report-flight on woking.cam.xci-test.com
logs: /home/xc_osstest/logs
images: /home/xc_osstest/images

Logs, config files, etc. are available at
    http://www.chiark.greenend.org.uk/~xensrcts/logs

Test harness code can be found at
    http://xenbits.xensource.com/gitweb?p=osstest.git;a=summary


Not pushing.

(No revision log; it would be 369 lines long.)

^ permalink raw reply	[flat|nested] only message in thread

only message in thread, other threads:[~2011-05-10 23:05 UTC | newest]

Thread overview: (only message) (download: mbox.gz follow: Atom feed
-- links below jump to the message on this page --
2011-05-10 23:05 [xen-unstable test] 7037: trouble: blocked/broken/fail/pass xen.org

This is a public inbox, see mirroring instructions
for how to clone and mirror all data and code used for this inbox;
as well as URLs for NNTP newsgroup(s).