From: xen.org <ian.jackson@eu.citrix.com>
To: xen-devel@lists.xensource.com
Cc: ian.jackson@eu.citrix.com
Subject: [xen-unstable test] 7041: regressions - FAIL
Date: Thu, 12 May 2011 00:59:07 +0100 [thread overview]
Message-ID: <osstest-7041-mainreport@xen.org> (raw)
flight 7041 xen-unstable real [real]
http://www.chiark.greenend.org.uk/~xensrcts/logs/7041/
Regressions :-(
Tests which did not succeed and are blocking:
test-i386-i386-xl 9 guest-start fail REGR. vs. 7039
Tests which did not succeed, but are not blocking,
including regressions (tests previously passed) regarded as allowable:
test-amd64-amd64-win 16 leak-check/check fail never pass
test-amd64-amd64-xl-win 13 guest-stop fail never pass
test-amd64-i386-rhel6hvm-amd 8 guest-saverestore fail never pass
test-amd64-i386-rhel6hvm-intel 7 redhat-install fail like 7028
test-amd64-i386-win-vcpus1 16 leak-check/check fail never pass
test-amd64-i386-win 16 leak-check/check fail never pass
test-amd64-i386-xl-credit2 8 debian-fixup fail like 7003
test-amd64-i386-xl-win-vcpus1 13 guest-stop fail never pass
test-amd64-xcpkern-i386-rhel6hvm-amd 8 guest-saverestore fail never pass
test-amd64-xcpkern-i386-rhel6hvm-intel 8 guest-saverestore fail never pass
test-amd64-xcpkern-i386-win 16 leak-check/check fail never pass
test-amd64-xcpkern-i386-xl-win 13 guest-stop fail never pass
test-i386-i386-win 16 leak-check/check fail never pass
test-i386-i386-xl-win 7 windows-install fail like 7038
test-i386-xcpkern-i386-win 16 leak-check/check fail never pass
version targeted for testing:
xen 0c446850d85e
baseline version:
xen 19452acd2304
------------------------------------------------------------
People who touched revisions under test:
Keir Fraser <keir@xen.org>
Tim Deegan <Tim.Deegan@citrix.com>
------------------------------------------------------------
jobs:
build-i386-xcpkern pass
build-amd64 pass
build-i386 pass
build-amd64-oldkern pass
build-i386-oldkern pass
build-amd64-pvops pass
build-i386-pvops pass
test-amd64-amd64-xl pass
test-amd64-i386-xl pass
test-i386-i386-xl fail
test-amd64-xcpkern-i386-xl pass
test-i386-xcpkern-i386-xl pass
test-amd64-i386-rhel6hvm-amd fail
test-amd64-xcpkern-i386-rhel6hvm-amd fail
test-amd64-i386-xl-credit2 fail
test-amd64-xcpkern-i386-xl-credit2 pass
test-amd64-i386-rhel6hvm-intel fail
test-amd64-xcpkern-i386-rhel6hvm-intel fail
test-amd64-i386-xl-multivcpu pass
test-amd64-xcpkern-i386-xl-multivcpu pass
test-amd64-amd64-pair pass
test-amd64-i386-pair pass
test-i386-i386-pair pass
test-amd64-xcpkern-i386-pair pass
test-i386-xcpkern-i386-pair pass
test-amd64-amd64-pv pass
test-amd64-i386-pv pass
test-i386-i386-pv pass
test-amd64-xcpkern-i386-pv pass
test-i386-xcpkern-i386-pv pass
test-amd64-i386-win-vcpus1 fail
test-amd64-i386-xl-win-vcpus1 fail
test-amd64-amd64-win fail
test-amd64-i386-win fail
test-i386-i386-win fail
test-amd64-xcpkern-i386-win fail
test-i386-xcpkern-i386-win fail
test-amd64-amd64-xl-win fail
test-i386-i386-xl-win fail
test-amd64-xcpkern-i386-xl-win fail
------------------------------------------------------------
sg-report-flight on woking.cam.xci-test.com
logs: /home/xc_osstest/logs
images: /home/xc_osstest/images
Logs, config files, etc. are available at
http://www.chiark.greenend.org.uk/~xensrcts/logs
Test harness code can be found at
http://xenbits.xensource.com/gitweb?p=osstest.git;a=summary
Not pushing.
------------------------------------------------------------
changeset: 23324:0c446850d85e
tag: tip
user: Keir Fraser <keir@xen.org>
date: Wed May 11 12:58:04 2011 +0100
Simplify and build-fix (for some gcc versions) radix_tree_int_to_ptr().
Signed-off-by: Keir Fraser <keir@xen.org>
changeset: 23323:19452acd2304
user: Tim Deegan <Tim.Deegan@citrix.com>
date: Fri May 06 11:15:35 2011 +0100
x86/mm/p2m: break into common, pt-implementation and pod parts.
Start to make a clearer distinction between generic p2m functions and
the implementation of the datastructure as an x86 pagetable.
Also move the EPT datastructure implementation into x86/mm/ to match,
and split the PoD admin code into its own file.
This is just code motion, except for splitting the p2m_initialise
function into a pt-specific part and a common part.
Signed-off-by: Tim Deegan <Tim.Deegan@citrix.com>
(qemu changes not included)
reply other threads:[~2011-05-11 23:59 UTC|newest]
Thread overview: [no followups] expand[flat|nested] mbox.gz Atom feed
Reply instructions:
You may reply publicly to this message via plain-text email
using any one of the following methods:
* Save the following mbox file, import it into your mail client,
and reply-to-all from there: mbox
Avoid top-posting and favor interleaved quoting:
https://en.wikipedia.org/wiki/Posting_style#Interleaved_style
* Reply using the --to, --cc, and --in-reply-to
switches of git-send-email(1):
git send-email \
--in-reply-to=osstest-7041-mainreport@xen.org \
--to=ian.jackson@eu.citrix.com \
--cc=xen-devel@lists.xensource.com \
/path/to/YOUR_REPLY
https://kernel.org/pub/software/scm/git/docs/git-send-email.html
* If your mail client supports setting the In-Reply-To header
via mailto: links, try the mailto: link
Be sure your reply has a Subject: header at the top and a blank line
before the message body.
This is a public inbox, see mirroring instructions
for how to clone and mirror all data and code used for this inbox;
as well as URLs for NNTP newsgroup(s).