From: xen.org <ian.jackson@eu.citrix.com>
To: xen-devel@lists.xensource.com
Cc: ian.jackson@eu.citrix.com
Subject: [linux test] 7057: trouble: blocked/broken/fail/pass
Date: Thu, 12 May 2011 06:12:58 +0100 [thread overview]
Message-ID: <osstest-7057-mainreport@xen.org> (raw)
flight 7057 linux real [real]
http://www.chiark.greenend.org.uk/~xensrcts/logs/7057/
Failures and problems with tests :-(
Tests which did not succeed and are blocking:
build-amd64 2 host-install(2) broken
Tests which did not succeed, but are not blocking,
including regressions (tests previously passed) regarded as allowable:
test-amd64-amd64-pair 1 xen-build-check(1) blocked n/a
test-amd64-amd64-pv 1 xen-build-check(1) blocked n/a
test-amd64-amd64-win 1 xen-build-check(1) blocked n/a
test-amd64-amd64-xl-win 1 xen-build-check(1) blocked n/a
test-amd64-amd64-xl 1 xen-build-check(1) blocked n/a
test-amd64-i386-pair 1 xen-build-check(1) blocked n/a
test-amd64-i386-pv 1 xen-build-check(1) blocked n/a
test-amd64-i386-rhel6hvm-amd 1 xen-build-check(1) blocked n/a
test-amd64-i386-rhel6hvm-intel 1 xen-build-check(1) blocked n/a
test-amd64-i386-win-vcpus1 1 xen-build-check(1) blocked n/a
test-amd64-i386-win 1 xen-build-check(1) blocked n/a
test-amd64-i386-xl-credit2 1 xen-build-check(1) blocked n/a
test-amd64-i386-xl-multivcpu 1 xen-build-check(1) blocked n/a
test-amd64-i386-xl-win-vcpus1 1 xen-build-check(1) blocked n/a
test-amd64-i386-xl 1 xen-build-check(1) blocked n/a
test-i386-i386-win 16 leak-check/check fail never pass
test-i386-i386-xl-win 13 guest-stop fail never pass
version targeted for testing:
linux 2b494f184d3337d10d59226e3632af56ea66629a
baseline version:
linux 057b171345d94c785d7e8bb21302c5d1a23ea048
------------------------------------------------------------
People who touched revisions under test:
------------------------------------------------------------
jobs:
build-amd64 broken
build-i386 pass
build-amd64-pvops pass
build-i386-pvops pass
test-amd64-amd64-xl blocked
test-amd64-i386-xl blocked
test-i386-i386-xl pass
test-amd64-i386-rhel6hvm-amd blocked
test-amd64-i386-xl-credit2 blocked
test-amd64-i386-rhel6hvm-intel blocked
test-amd64-i386-xl-multivcpu blocked
test-amd64-amd64-pair blocked
test-amd64-i386-pair blocked
test-i386-i386-pair pass
test-amd64-amd64-pv blocked
test-amd64-i386-pv blocked
test-i386-i386-pv pass
test-amd64-i386-win-vcpus1 blocked
test-amd64-i386-xl-win-vcpus1 blocked
test-amd64-amd64-win blocked
test-amd64-i386-win blocked
test-i386-i386-win fail
test-amd64-amd64-xl-win blocked
test-i386-i386-xl-win fail
------------------------------------------------------------
sg-report-flight on woking.cam.xci-test.com
logs: /home/xc_osstest/logs
images: /home/xc_osstest/images
Logs, config files, etc. are available at
http://www.chiark.greenend.org.uk/~xensrcts/logs
Test harness code can be found at
http://xenbits.xensource.com/gitweb?p=osstest.git;a=summary
Not pushing.
------------------------------------------------------------
commit 2b494f184d3337d10d59226e3632af56ea66629a
Merge: 057b171... 790b1f6...
Author: Jeremy Fitzhardinge <jeremy.fitzhardinge@citrix.com>
Date: Wed May 11 17:14:30 2011 -0700
Merge commit 'v2.6.32.40' into xen/next-2.6.32
* commit 'v2.6.32.40': (146 commits)
Linux 2.6.32.40
fix oops in scsi_run_queue()
can: add missing socket check in can/raw release
KVM: x86: Fix kvmclock bug
KVM: x86: Fix a possible backwards warp of kvmclock
x86: pvclock: Move scale_delta into common header
iwlwifi: fix skb usage after free
usb: musb: core: set has_tt flag
libata: set queue DMA alignment to sector size for ATAPI too
wireless: b43: fix error path in SDIO
tehuti: Firmware filename is tehuti/bdx.bin
sata_via: Delay on vt6420 when starting ATAPI DMA write
rt2500usb: fallback to SW encryption for TKIP+AES
powerpc/boot/dts: Install dts from the right directory
Phonet: device notifier only runs on initial namespace
niu: Fix kernel buffer overflow for ETHTOOL_GRXCLSRLALL
mpt2sas: fix the incorrect scsi_dma_map error checking
MIPS: DMA: Fix computation of DMA flags from device's coherent_dma_mask.
l2tp: Fix UDP socket reference count bugs in the pppol2tp driver
ipv6: Silence privacy extensions initialization
...
reply other threads:[~2011-05-12 5:12 UTC|newest]
Thread overview: [no followups] expand[flat|nested] mbox.gz Atom feed
Reply instructions:
You may reply publicly to this message via plain-text email
using any one of the following methods:
* Save the following mbox file, import it into your mail client,
and reply-to-all from there: mbox
Avoid top-posting and favor interleaved quoting:
https://en.wikipedia.org/wiki/Posting_style#Interleaved_style
* Reply using the --to, --cc, and --in-reply-to
switches of git-send-email(1):
git send-email \
--in-reply-to=osstest-7057-mainreport@xen.org \
--to=ian.jackson@eu.citrix.com \
--cc=xen-devel@lists.xensource.com \
/path/to/YOUR_REPLY
https://kernel.org/pub/software/scm/git/docs/git-send-email.html
* If your mail client supports setting the In-Reply-To header
via mailto: links, try the mailto: link
Be sure your reply has a Subject: header at the top and a blank line
before the message body.
This is a public inbox, see mirroring instructions
for how to clone and mirror all data and code used for this inbox;
as well as URLs for NNTP newsgroup(s).