From mboxrd@z Thu Jan 1 00:00:00 1970 From: xen.org Subject: [xen-4.1-testing test] 7072: tolerable FAIL - PUSHED Date: Fri, 13 May 2011 16:16:05 +0100 Message-ID: Mime-Version: 1.0 Content-Type: text/plain Return-path: List-Unsubscribe: , List-Post: List-Help: List-Subscribe: , Sender: xen-devel-bounces@lists.xensource.com Errors-To: xen-devel-bounces@lists.xensource.com To: xen-devel@lists.xensource.com Cc: ian.jackson@eu.citrix.com List-Id: xen-devel@lists.xenproject.org flight 7072 xen-4.1-testing real [real] http://www.chiark.greenend.org.uk/~xensrcts/logs/7072/ Failures :-/ but no regressions. Tests which did not succeed, but are not blocking, including regressions (tests previously passed) regarded as allowable: test-amd64-amd64-win 16 leak-check/check fail never pass test-amd64-amd64-xl-win 13 guest-stop fail never pass test-amd64-i386-rhel6hvm-amd 8 guest-saverestore fail never pass test-amd64-i386-rhel6hvm-intel 8 guest-saverestore fail never pass test-amd64-i386-win-vcpus1 16 leak-check/check fail never pass test-amd64-i386-win 16 leak-check/check fail never pass test-amd64-i386-xl-win-vcpus1 13 guest-stop fail never pass test-amd64-xcpkern-i386-rhel6hvm-amd 8 guest-saverestore fail never pass test-amd64-xcpkern-i386-rhel6hvm-intel 8 guest-saverestore fail never pass test-amd64-xcpkern-i386-win 16 leak-check/check fail never pass test-amd64-xcpkern-i386-xl-win 13 guest-stop fail never pass test-i386-i386-win 16 leak-check/check fail never pass test-i386-i386-xl-win 13 guest-stop fail never pass test-i386-xcpkern-i386-win 16 leak-check/check fail never pass version targeted for testing: xen 51ad19c58962 baseline version: xen e2e575f8b5d9 ------------------------------------------------------------ People who touched revisions under test: Christoph Egger David Brownlee Ian Campbell Ian Jackson Keir Fraser Stefano Stabellini Tim Deegan ------------------------------------------------------------ jobs: build-i386-xcpkern pass build-amd64 pass build-i386 pass build-amd64-oldkern pass build-i386-oldkern pass build-amd64-pvops pass build-i386-pvops pass test-amd64-amd64-xl pass test-amd64-i386-xl pass test-i386-i386-xl pass test-amd64-xcpkern-i386-xl pass test-i386-xcpkern-i386-xl pass test-amd64-i386-rhel6hvm-amd fail test-amd64-xcpkern-i386-rhel6hvm-amd fail test-amd64-i386-xl-credit2 pass test-amd64-xcpkern-i386-xl-credit2 pass test-amd64-i386-rhel6hvm-intel fail test-amd64-xcpkern-i386-rhel6hvm-intel fail test-amd64-i386-xl-multivcpu pass test-amd64-xcpkern-i386-xl-multivcpu pass test-amd64-amd64-pair pass test-amd64-i386-pair pass test-i386-i386-pair pass test-amd64-xcpkern-i386-pair pass test-i386-xcpkern-i386-pair pass test-amd64-amd64-pv pass test-amd64-i386-pv pass test-i386-i386-pv pass test-amd64-xcpkern-i386-pv pass test-i386-xcpkern-i386-pv pass test-amd64-i386-win-vcpus1 fail test-amd64-i386-xl-win-vcpus1 fail test-amd64-amd64-win fail test-amd64-i386-win fail test-i386-i386-win fail test-amd64-xcpkern-i386-win fail test-i386-xcpkern-i386-win fail test-amd64-amd64-xl-win fail test-i386-i386-xl-win fail test-amd64-xcpkern-i386-xl-win fail ------------------------------------------------------------ sg-report-flight on woking.cam.xci-test.com logs: /home/xc_osstest/logs images: /home/xc_osstest/images Logs, config files, etc. are available at http://www.chiark.greenend.org.uk/~xensrcts/logs Test harness code can be found at http://xenbits.xensource.com/gitweb?p=osstest.git;a=summary Pushing revision : + branch=xen-4.1-testing + revision=51ad19c58962 + . cri-lock-repos ++ . cri-common +++ umask 002 +++ getconfig Repos +++ perl -e ' use Osstest; readconfigonly(); print $c{Repos} or die $!; ' ++ repos=/export/home/osstest/repos ++ repos_lock=/export/home/osstest/repos/lock ++ '[' x '!=' x/export/home/osstest/repos/lock ']' ++ OSSTEST_REPOS_LOCK_LOCKED=/export/home/osstest/repos/lock ++ exec with-lock-ex -w /export/home/osstest/repos/lock ./ap-push xen-4.1-testing 51ad19c58962 + branch=xen-4.1-testing + revision=51ad19c58962 + . cri-lock-repos ++ . cri-common +++ umask 002 +++ getconfig Repos +++ perl -e ' use Osstest; readconfigonly(); print $c{Repos} or die $!; ' ++ repos=/export/home/osstest/repos ++ repos_lock=/export/home/osstest/repos/lock ++ '[' x/export/home/osstest/repos/lock '!=' x/export/home/osstest/repos/lock ']' + : xen@xenbits.xensource.com + : xen@xenbits.xensource.com:git/linux-pvops + : master + case "$branch" in + cd /export/home/osstest/repos/xen-4.1-testing.hg + hg push -r 51ad19c58962 ssh://xen@xenbits.xensource.com/HG/xen-4.1-testing.hg pushing to ssh://xen@xenbits.xensource.com/HG/xen-4.1-testing.hg searching for changes remote: adding changesets remote: adding manifests remote: adding file changes remote: added 5 changesets with 9 changes to 9 files