xen-devel.lists.xenproject.org archive mirror
 help / color / mirror / Atom feed
* [xen-unstable test] 7084: tolerable FAIL
@ 2011-05-16  5:00 xen.org
  0 siblings, 0 replies; only message in thread
From: xen.org @ 2011-05-16  5:00 UTC (permalink / raw)
  To: xen-devel; +Cc: ian.jackson

flight 7084 xen-unstable real [real]
http://www.chiark.greenend.org.uk/~xensrcts/logs/7084/

Failures :-/ but no regressions.

Tests which are failing intermittently (not blocking):
 build-amd64-pvops             4 kernel-build                 fail pass in 7083

Tests which did not succeed, but are not blocking,
including regressions (tests previously passed) regarded as allowable:
 test-amd64-amd64-pair         1 xen-build-check(1)           blocked  n/a
 test-amd64-amd64-pv           1 xen-build-check(1)           blocked  n/a
 test-amd64-amd64-win          1 xen-build-check(1)           blocked  n/a
 test-amd64-amd64-xl-win       1 xen-build-check(1)           blocked  n/a
 test-amd64-amd64-xl           1 xen-build-check(1)           blocked  n/a
 test-amd64-i386-rhel6hvm-amd  8 guest-saverestore            fail   never pass
 test-amd64-i386-rhel6hvm-intel  8 guest-saverestore            fail never pass
 test-amd64-i386-win-vcpus1   16 leak-check/check             fail   never pass
 test-amd64-i386-win          16 leak-check/check             fail   never pass
 test-amd64-i386-xl-win-vcpus1 13 guest-stop                   fail  never pass
 test-amd64-xcpkern-i386-rhel6hvm-amd  8 guest-saverestore      fail never pass
 test-amd64-xcpkern-i386-rhel6hvm-intel  8 guest-saverestore    fail never pass
 test-amd64-xcpkern-i386-win  16 leak-check/check             fail   never pass
 test-amd64-xcpkern-i386-xl-win 13 guest-stop                   fail never pass
 test-i386-i386-win           16 leak-check/check             fail   never pass
 test-i386-i386-xl-win         7 windows-install              fail    like 7083
 test-i386-xcpkern-i386-win   16 leak-check/check             fail   never pass

version targeted for testing:
 xen                  f9bb0bbea7c2
baseline version:
 xen                  f9bb0bbea7c2

jobs:
 build-i386-xcpkern                                           pass     
 build-amd64                                                  pass     
 build-i386                                                   pass     
 build-amd64-oldkern                                          pass     
 build-i386-oldkern                                           pass     
 build-amd64-pvops                                            fail     
 build-i386-pvops                                             pass     
 test-amd64-amd64-xl                                          blocked  
 test-amd64-i386-xl                                           pass     
 test-i386-i386-xl                                            pass     
 test-amd64-xcpkern-i386-xl                                   pass     
 test-i386-xcpkern-i386-xl                                    pass     
 test-amd64-i386-rhel6hvm-amd                                 fail     
 test-amd64-xcpkern-i386-rhel6hvm-amd                         fail     
 test-amd64-i386-xl-credit2                                   pass     
 test-amd64-xcpkern-i386-xl-credit2                           pass     
 test-amd64-i386-rhel6hvm-intel                               fail     
 test-amd64-xcpkern-i386-rhel6hvm-intel                       fail     
 test-amd64-i386-xl-multivcpu                                 pass     
 test-amd64-xcpkern-i386-xl-multivcpu                         pass     
 test-amd64-amd64-pair                                        blocked  
 test-amd64-i386-pair                                         pass     
 test-i386-i386-pair                                          pass     
 test-amd64-xcpkern-i386-pair                                 pass     
 test-i386-xcpkern-i386-pair                                  pass     
 test-amd64-amd64-pv                                          blocked  
 test-amd64-i386-pv                                           pass     
 test-i386-i386-pv                                            pass     
 test-amd64-xcpkern-i386-pv                                   pass     
 test-i386-xcpkern-i386-pv                                    pass     
 test-amd64-i386-win-vcpus1                                   fail     
 test-amd64-i386-xl-win-vcpus1                                fail     
 test-amd64-amd64-win                                         blocked  
 test-amd64-i386-win                                          fail     
 test-i386-i386-win                                           fail     
 test-amd64-xcpkern-i386-win                                  fail     
 test-i386-xcpkern-i386-win                                   fail     
 test-amd64-amd64-xl-win                                      blocked  
 test-i386-i386-xl-win                                        fail     
 test-amd64-xcpkern-i386-xl-win                               fail     


------------------------------------------------------------
sg-report-flight on woking.cam.xci-test.com
logs: /home/xc_osstest/logs
images: /home/xc_osstest/images

Logs, config files, etc. are available at
    http://www.chiark.greenend.org.uk/~xensrcts/logs

Test harness code can be found at
    http://xenbits.xensource.com/gitweb?p=osstest.git;a=summary


Published tested tree is already up to date.

^ permalink raw reply	[flat|nested] only message in thread

only message in thread, other threads:[~2011-05-16  5:00 UTC | newest]

Thread overview: (only message) (download: mbox.gz follow: Atom feed
-- links below jump to the message on this page --
2011-05-16  5:00 [xen-unstable test] 7084: tolerable FAIL xen.org

This is a public inbox, see mirroring instructions
for how to clone and mirror all data and code used for this inbox;
as well as URLs for NNTP newsgroup(s).