xen-devel.lists.xenproject.org archive mirror
 help / color / mirror / Atom feed
From: Platform Team regression test user <citrix-osstest@xenproject.org>
To: xen-devel@lists.xensource.com, osstest-admin@xenproject.org
Subject: [xen-4.8-testing baseline-only test] 71020: trouble: blocked/broken/pass
Date: Tue, 21 Mar 2017 08:19:42 +0000	[thread overview]
Message-ID: <osstest-71020-mainreport@xen.org> (raw)

This run is configured for baseline tests only.

flight 71020 xen-4.8-testing real [real]
http://osstest.xs.citrite.net/~osstest/testlogs/logs/71020/

Failures and problems with tests :-(

Tests which did not succeed and are blocking,
including tests which could not be run:
 test-amd64-amd64-libvirt-qemuu-debianhvm-amd64-xsm 2 hosts-allocate broken REGR. vs. 68657
 test-amd64-amd64-xl-xsm       2 hosts-allocate          broken REGR. vs. 68657
 test-amd64-amd64-xl-qemut-stubdom-debianhvm-amd64-xsm 2 hosts-allocate broken REGR. vs. 68657
 test-amd64-amd64-xl-qemut-debianhvm-amd64-xsm 2 hosts-allocate broken REGR. vs. 68657
 test-amd64-amd64-xl-qemuu-debianhvm-amd64-xsm 2 hosts-allocate broken REGR. vs. 68657
 test-amd64-amd64-amd64-pvgrub  2 hosts-allocate         broken REGR. vs. 68657
 test-amd64-i386-qemut-rhel6hvm-amd  2 hosts-allocate    broken REGR. vs. 68657
 test-amd64-i386-xl-qemut-debianhvm-amd64 2 hosts-allocate broken REGR. vs. 68657
 test-amd64-i386-freebsd10-amd64  2 hosts-allocate       broken REGR. vs. 68657
 test-amd64-i386-libvirt       2 hosts-allocate          broken REGR. vs. 68657
 test-amd64-i386-xl-qemut-winxpsp3  2 hosts-allocate     broken REGR. vs. 68657
 test-amd64-i386-freebsd10-i386  2 hosts-allocate        broken REGR. vs. 68657
 test-amd64-i386-xl-qemuu-winxpsp3-vcpus1 2 hosts-allocate broken REGR. vs. 68657
 test-amd64-i386-xl-qemut-win7-amd64  2 hosts-allocate   broken REGR. vs. 68657
 test-amd64-i386-qemut-rhel6hvm-intel  2 hosts-allocate  broken REGR. vs. 68657
 test-amd64-i386-xl-qemuu-debianhvm-amd64 2 hosts-allocate broken REGR. vs. 68657
 test-amd64-i386-xl-raw        2 hosts-allocate          broken REGR. vs. 68657
 test-amd64-i386-xl-qemuu-win7-amd64  2 hosts-allocate   broken REGR. vs. 68657
 test-amd64-amd64-i386-pvgrub  2 hosts-allocate          broken REGR. vs. 68657
 test-amd64-i386-rumprun-i386  2 hosts-allocate          broken REGR. vs. 68657
 test-amd64-i386-xl-qemuu-ovmf-amd64  2 hosts-allocate   broken REGR. vs. 68657
 test-amd64-i386-qemuu-rhel6hvm-amd  2 hosts-allocate    broken REGR. vs. 68657
 test-amd64-i386-xl-qemut-winxpsp3-vcpus1 2 hosts-allocate broken REGR. vs. 68657
 test-amd64-i386-xl-qemuu-winxpsp3  2 hosts-allocate     broken REGR. vs. 68657
 test-amd64-i386-xl            2 hosts-allocate          broken REGR. vs. 68657
 test-amd64-i386-qemuu-rhel6hvm-intel  2 hosts-allocate  broken REGR. vs. 68657
 test-amd64-amd64-xl-qemut-debianhvm-amd64 2 hosts-allocate broken REGR. vs. 68657
 test-xtf-amd64-amd64-2        2 hosts-allocate          broken REGR. vs. 68657
 test-amd64-amd64-xl-qemut-winxpsp3  2 hosts-allocate    broken REGR. vs. 68657
 test-xtf-amd64-amd64-5        2 hosts-allocate          broken REGR. vs. 68657
 test-amd64-amd64-xl-qemuu-winxpsp3  2 hosts-allocate    broken REGR. vs. 68657
 test-xtf-amd64-amd64-3        2 hosts-allocate          broken REGR. vs. 68657
 test-xtf-amd64-amd64-1        2 hosts-allocate          broken REGR. vs. 68657
 test-amd64-amd64-xl-qemut-win7-amd64  2 hosts-allocate  broken REGR. vs. 68657
 test-amd64-amd64-xl-qemuu-debianhvm-amd64 2 hosts-allocate broken REGR. vs. 68657
 test-amd64-amd64-xl-qemuu-win7-amd64  2 hosts-allocate  broken REGR. vs. 68657
 test-amd64-amd64-xl-pvh-intel  2 hosts-allocate         broken REGR. vs. 68657
 test-xtf-amd64-amd64-4        2 hosts-allocate          broken REGR. vs. 68657
 test-amd64-amd64-xl-credit2   2 hosts-allocate          broken REGR. vs. 68657
 test-amd64-amd64-xl           2 hosts-allocate          broken REGR. vs. 68657
 test-amd64-amd64-pygrub       2 hosts-allocate          broken REGR. vs. 68657
 test-amd64-amd64-pair         2 hosts-allocate          broken REGR. vs. 68657
 test-amd64-amd64-libvirt-pair  2 hosts-allocate         broken REGR. vs. 68657
 test-amd64-amd64-xl-qemuu-ovmf-amd64  2 hosts-allocate  broken REGR. vs. 68657
 test-amd64-amd64-xl-pvh-amd   2 hosts-allocate          broken REGR. vs. 68657
 test-amd64-amd64-xl-multivcpu  2 hosts-allocate         broken REGR. vs. 68657
 test-amd64-amd64-migrupgrade  2 hosts-allocate          broken REGR. vs. 68657
 test-amd64-amd64-qemuu-nested-intel  2 hosts-allocate   broken REGR. vs. 68657
 test-amd64-amd64-xl-qcow2     2 hosts-allocate          broken REGR. vs. 68657
 test-amd64-amd64-qemuu-nested-amd  2 hosts-allocate     broken REGR. vs. 68657
 test-amd64-i386-migrupgrade   3 host-install/src_host(3)     running
 test-amd64-i386-pair          3 host-install/src_host(3)     running
 test-amd64-i386-libvirt-pair  3 host-install/src_host(3)     running

Regressions which are regarded as allowable (not blocking):
 test-amd64-amd64-xl-rtds      2 hosts-allocate          broken REGR. vs. 68657

Tests which did not succeed, but are not blocking:
 test-armhf-armhf-xl-midway    1 build-check(1)               blocked  n/a
 test-armhf-armhf-libvirt      1 build-check(1)               blocked  n/a
 build-arm64-libvirt           1 build-check(1)               blocked  n/a
 test-arm64-arm64-libvirt-qcow2  1 build-check(1)               blocked  n/a
 test-armhf-armhf-libvirt-raw  1 build-check(1)               blocked  n/a
 test-arm64-arm64-libvirt      1 build-check(1)               blocked  n/a
 test-armhf-armhf-xl-credit2   1 build-check(1)               blocked  n/a
 test-arm64-arm64-xl-rtds      1 build-check(1)               blocked  n/a
 test-arm64-arm64-xl-multivcpu  1 build-check(1)               blocked  n/a
 test-armhf-armhf-libvirt-xsm  1 build-check(1)               blocked  n/a
 test-arm64-arm64-libvirt-xsm  1 build-check(1)               blocked  n/a
 test-armhf-armhf-xl-multivcpu  1 build-check(1)               blocked  n/a
 test-arm64-arm64-xl           1 build-check(1)               blocked  n/a
 build-armhf-libvirt           1 build-check(1)               blocked  n/a
 test-armhf-armhf-xl           1 build-check(1)               blocked  n/a
 test-armhf-armhf-xl-vhd       1 build-check(1)               blocked  n/a
 test-arm64-arm64-xl-credit2   1 build-check(1)               blocked  n/a
 test-armhf-armhf-xl-rtds      1 build-check(1)               blocked  n/a
 test-armhf-armhf-xl-xsm       1 build-check(1)               blocked  n/a
 test-arm64-arm64-xl-xsm       1 build-check(1)               blocked  n/a
 build-arm64-pvops             2 hosts-allocate               broken never pass
 build-arm64-xsm               2 hosts-allocate               broken never pass
 build-arm64                   2 hosts-allocate               broken never pass
 build-arm64                   3 capture-logs                 broken never pass
 build-arm64-xsm               3 capture-logs                 broken never pass
 build-arm64-pvops             3 capture-logs                 broken never pass
 build-armhf                   3 host-install(3)              broken never pass
 build-armhf-pvops             3 host-install(3)              broken never pass
 build-armhf-xsm               3 host-install(3)              broken never pass
 build-armhf-pvops             4 capture-logs                 broken never pass
 build-armhf                   4 capture-logs                 broken never pass
 build-armhf-xsm               4 capture-logs                 broken never pass
 test-amd64-i386-libvirt-xsm  12 migrate-support-check        fail   never pass
 test-amd64-i386-libvirt-qemuu-debianhvm-amd64-xsm 10 migrate-support-check fail never pass
 test-amd64-amd64-libvirt-xsm 12 migrate-support-check        fail   never pass
 test-amd64-amd64-libvirt     12 migrate-support-check        fail   never pass
 test-amd64-amd64-libvirt-vhd 11 migrate-support-check        fail   never pass

version targeted for testing:
 xen                  c75fe6473b73705c9b9f7d8ecc3d043afef55727
baseline version:
 xen                  2e68fda962226d4de916d5ceab9d9d6037d94d45

Last test of basis    68657  2017-03-09 13:17:22 Z   11 days
Testing same since    71020  2017-03-20 11:17:12 Z    0 days    1 attempts

------------------------------------------------------------
People who touched revisions under test:
  Andrew Cooper <andrew.cooper3@citrix.com>
  Andrii Anisov <andrii_anisov@epam.com>
  Artem Mygaiev <artem_mygaiev@epam.com>
  Dario Faggioli <dario.faggioli@citrix.com>
  Edgar E. Iglesias <edgar.iglesias@xilinx.com>
  Jan Beulich <jbeulich@suse.com>
  Julien Grall <julien.grall@arm.com>
  Jun Sun <jsun@junsun.net>
  Oleksandr Tyshchenko <oleksandr_tyshchenko@epam.com>
  Oleksandr Tyshchenko <olekstysh@gmail.com>
  Stefano Stabellini <sstabellini@kernel.org>
  Steve Capper <steve.capper@linaro.org>
  Tamas K Lengyel <tamas.lengyel@zentific.com>
  Vijaya Kumar K <Vijaya.Kumar@caviumnetworks.com>
  Wei Liu <wei.liu2@citrix.com>

jobs:
 build-amd64-xsm                                              pass    
 build-arm64-xsm                                              broken  
 build-armhf-xsm                                              broken  
 build-i386-xsm                                               pass    
 build-amd64-xtf                                              pass    
 build-amd64                                                  pass    
 build-arm64                                                  broken  
 build-armhf                                                  broken  
 build-i386                                                   pass    
 build-amd64-libvirt                                          pass    
 build-arm64-libvirt                                          blocked 
 build-armhf-libvirt                                          blocked 
 build-i386-libvirt                                           pass    
 build-amd64-prev                                             pass    
 build-i386-prev                                              pass    
 build-amd64-pvops                                            pass    
 build-arm64-pvops                                            broken  
 build-armhf-pvops                                            broken  
 build-i386-pvops                                             pass    
 build-amd64-rumprun                                          pass    
 build-i386-rumprun                                           pass    
 test-xtf-amd64-amd64-1                                       broken  
 test-xtf-amd64-amd64-2                                       broken  
 test-xtf-amd64-amd64-3                                       broken  
 test-xtf-amd64-amd64-4                                       broken  
 test-xtf-amd64-amd64-5                                       broken  
 test-amd64-amd64-xl                                          broken  
 test-arm64-arm64-xl                                          blocked 
 test-armhf-armhf-xl                                          blocked 
 test-amd64-i386-xl                                           broken  
 test-amd64-amd64-xl-qemut-debianhvm-amd64-xsm                broken  
 test-amd64-i386-xl-qemut-debianhvm-amd64-xsm                 pass    
 test-amd64-amd64-libvirt-qemuu-debianhvm-amd64-xsm           broken  
 test-amd64-i386-libvirt-qemuu-debianhvm-amd64-xsm            pass    
 test-amd64-amd64-xl-qemuu-debianhvm-amd64-xsm                broken  
 test-amd64-i386-xl-qemuu-debianhvm-amd64-xsm                 pass    
 test-amd64-amd64-xl-qemut-stubdom-debianhvm-amd64-xsm        broken  
 test-amd64-i386-xl-qemut-stubdom-debianhvm-amd64-xsm         pass    
 test-amd64-amd64-libvirt-xsm                                 pass    
 test-arm64-arm64-libvirt-xsm                                 blocked 
 test-armhf-armhf-libvirt-xsm                                 blocked 
 test-amd64-i386-libvirt-xsm                                  pass    
 test-amd64-amd64-xl-xsm                                      broken  
 test-arm64-arm64-xl-xsm                                      blocked 
 test-armhf-armhf-xl-xsm                                      blocked 
 test-amd64-i386-xl-xsm                                       pass    
 test-amd64-amd64-qemuu-nested-amd                            broken  
 test-amd64-amd64-xl-pvh-amd                                  broken  
 test-amd64-i386-qemut-rhel6hvm-amd                           broken  
 test-amd64-i386-qemuu-rhel6hvm-amd                           broken  
 test-amd64-amd64-xl-qemut-debianhvm-amd64                    broken  
 test-amd64-i386-xl-qemut-debianhvm-amd64                     broken  
 test-amd64-amd64-xl-qemuu-debianhvm-amd64                    broken  
 test-amd64-i386-xl-qemuu-debianhvm-amd64                     broken  
 test-amd64-i386-freebsd10-amd64                              broken  
 test-amd64-amd64-xl-qemuu-ovmf-amd64                         broken  
 test-amd64-i386-xl-qemuu-ovmf-amd64                          broken  
 test-amd64-amd64-rumprun-amd64                               pass    
 test-amd64-amd64-xl-qemut-win7-amd64                         broken  
 test-amd64-i386-xl-qemut-win7-amd64                          broken  
 test-amd64-amd64-xl-qemuu-win7-amd64                         broken  
 test-amd64-i386-xl-qemuu-win7-amd64                          broken  
 test-amd64-amd64-xl-credit2                                  broken  
 test-arm64-arm64-xl-credit2                                  blocked 
 test-armhf-armhf-xl-credit2                                  blocked 
 test-amd64-i386-freebsd10-i386                               broken  
 test-amd64-i386-rumprun-i386                                 broken  
 test-amd64-amd64-qemuu-nested-intel                          broken  
 test-amd64-amd64-xl-pvh-intel                                broken  
 test-amd64-i386-qemut-rhel6hvm-intel                         broken  
 test-amd64-i386-qemuu-rhel6hvm-intel                         broken  
 test-amd64-amd64-libvirt                                     pass    
 test-arm64-arm64-libvirt                                     blocked 
 test-armhf-armhf-libvirt                                     blocked 
 test-amd64-i386-libvirt                                      broken  
 test-armhf-armhf-xl-midway                                   blocked 
 test-amd64-amd64-migrupgrade                                 broken  
 test-amd64-i386-migrupgrade                                  broken  
 test-amd64-amd64-xl-multivcpu                                broken  
 test-arm64-arm64-xl-multivcpu                                blocked 
 test-armhf-armhf-xl-multivcpu                                blocked 
 test-amd64-amd64-pair                                        broken  
 test-amd64-i386-pair                                         broken  
 test-amd64-amd64-libvirt-pair                                broken  
 test-amd64-i386-libvirt-pair                                 broken  
 test-amd64-amd64-amd64-pvgrub                                broken  
 test-amd64-amd64-i386-pvgrub                                 broken  
 test-amd64-amd64-pygrub                                      broken  
 test-arm64-arm64-libvirt-qcow2                               blocked 
 test-amd64-amd64-xl-qcow2                                    broken  
 test-armhf-armhf-libvirt-raw                                 blocked 
 test-amd64-i386-xl-raw                                       broken  
 test-amd64-amd64-xl-rtds                                     broken  
 test-arm64-arm64-xl-rtds                                     blocked 
 test-armhf-armhf-xl-rtds                                     blocked 
 test-amd64-i386-xl-qemut-winxpsp3-vcpus1                     broken  
 test-amd64-i386-xl-qemuu-winxpsp3-vcpus1                     broken  
 test-amd64-amd64-libvirt-vhd                                 pass    
 test-armhf-armhf-xl-vhd                                      blocked 
 test-amd64-amd64-xl-qemut-winxpsp3                           broken  
 test-amd64-i386-xl-qemut-winxpsp3                            broken  
 test-amd64-amd64-xl-qemuu-winxpsp3                           broken  
 test-amd64-i386-xl-qemuu-winxpsp3                            broken  


------------------------------------------------------------
sg-report-flight on osstest.xs.citrite.net
logs: /home/osstest/logs
images: /home/osstest/images

Logs, config files, etc. are available at
    http://osstest.xs.citrite.net/~osstest/testlogs/logs

Test harness code can be found at
    http://xenbits.xensource.com/gitweb?p=osstest.git;a=summary

broken-step test-amd64-amd64-libvirt-qemuu-debianhvm-amd64-xsm hosts-allocate
broken-step test-amd64-amd64-xl-xsm hosts-allocate
broken-step test-amd64-amd64-xl-qemut-stubdom-debianhvm-amd64-xsm hosts-allocate
broken-step test-amd64-amd64-xl-qemut-debianhvm-amd64-xsm hosts-allocate
broken-step test-amd64-amd64-xl-qemuu-debianhvm-amd64-xsm hosts-allocate
broken-step test-amd64-amd64-amd64-pvgrub hosts-allocate
broken-step test-amd64-i386-qemut-rhel6hvm-amd hosts-allocate
broken-step test-amd64-i386-xl-qemut-debianhvm-amd64 hosts-allocate
broken-step test-amd64-i386-freebsd10-amd64 hosts-allocate
broken-step test-amd64-i386-libvirt hosts-allocate
broken-step test-amd64-i386-xl-qemut-winxpsp3 hosts-allocate
broken-step test-amd64-i386-freebsd10-i386 hosts-allocate
broken-step test-amd64-i386-xl-qemuu-winxpsp3-vcpus1 hosts-allocate
broken-step test-amd64-i386-xl-qemut-win7-amd64 hosts-allocate
broken-step test-amd64-i386-qemut-rhel6hvm-intel hosts-allocate
broken-step test-amd64-i386-xl-qemuu-debianhvm-amd64 hosts-allocate
broken-step test-amd64-i386-xl-raw hosts-allocate
broken-step test-amd64-i386-xl-qemuu-win7-amd64 hosts-allocate
broken-step test-amd64-amd64-i386-pvgrub hosts-allocate
broken-step test-amd64-i386-rumprun-i386 hosts-allocate
broken-step test-amd64-i386-xl-qemuu-ovmf-amd64 hosts-allocate
broken-step test-amd64-i386-qemuu-rhel6hvm-amd hosts-allocate
broken-step test-amd64-i386-xl-qemut-winxpsp3-vcpus1 hosts-allocate
broken-step test-amd64-i386-xl-qemuu-winxpsp3 hosts-allocate
broken-step test-amd64-i386-xl hosts-allocate
broken-step test-amd64-i386-qemuu-rhel6hvm-intel hosts-allocate
broken-step test-amd64-amd64-xl-qemut-debianhvm-amd64 hosts-allocate
broken-step test-xtf-amd64-amd64-2 hosts-allocate
broken-step test-amd64-amd64-xl-qemut-winxpsp3 hosts-allocate
broken-step test-xtf-amd64-amd64-5 hosts-allocate
broken-step test-amd64-amd64-xl-rtds hosts-allocate
broken-step test-amd64-amd64-xl-qemuu-winxpsp3 hosts-allocate
broken-step test-xtf-amd64-amd64-3 hosts-allocate
broken-step test-xtf-amd64-amd64-1 hosts-allocate
broken-step test-amd64-amd64-xl-qemut-win7-amd64 hosts-allocate
broken-step test-amd64-amd64-xl-qemuu-debianhvm-amd64 hosts-allocate
broken-step test-amd64-amd64-xl-qemuu-win7-amd64 hosts-allocate
broken-step test-amd64-amd64-xl-pvh-intel hosts-allocate
broken-step test-xtf-amd64-amd64-4 hosts-allocate
broken-step test-amd64-amd64-xl-credit2 hosts-allocate
broken-step test-amd64-amd64-xl hosts-allocate
broken-step build-arm64-pvops hosts-allocate
broken-step build-arm64-xsm hosts-allocate
broken-step test-amd64-amd64-pygrub hosts-allocate
broken-step test-amd64-amd64-pair hosts-allocate
broken-step test-amd64-amd64-libvirt-pair hosts-allocate
broken-step test-amd64-amd64-xl-qemuu-ovmf-amd64 hosts-allocate
broken-step test-amd64-amd64-xl-pvh-amd hosts-allocate
broken-step test-amd64-amd64-xl-multivcpu hosts-allocate
broken-step test-amd64-amd64-migrupgrade hosts-allocate
broken-step test-amd64-amd64-qemuu-nested-intel hosts-allocate
broken-step test-amd64-amd64-xl-qcow2 hosts-allocate
broken-step test-amd64-amd64-qemuu-nested-amd hosts-allocate
broken-step build-arm64 hosts-allocate
broken-step build-arm64 capture-logs
broken-step build-arm64-xsm capture-logs
broken-step build-arm64-pvops capture-logs
broken-step build-armhf host-install(3)
broken-step build-armhf-pvops host-install(3)
broken-step build-armhf-xsm host-install(3)
broken-step build-armhf-pvops capture-logs
broken-step build-armhf capture-logs
broken-step build-armhf-xsm capture-logs

Push not applicable.

(No revision log; it would be 423 lines long.)

_______________________________________________
Xen-devel mailing list
Xen-devel@lists.xen.org
https://lists.xen.org/xen-devel

                 reply	other threads:[~2017-03-21  8:19 UTC|newest]

Thread overview: [no followups] expand[flat|nested]  mbox.gz  Atom feed

Reply instructions:

You may reply publicly to this message via plain-text email
using any one of the following methods:

* Save the following mbox file, import it into your mail client,
  and reply-to-all from there: mbox

  Avoid top-posting and favor interleaved quoting:
  https://en.wikipedia.org/wiki/Posting_style#Interleaved_style

* Reply using the --to, --cc, and --in-reply-to
  switches of git-send-email(1):

  git send-email \
    --in-reply-to=osstest-71020-mainreport@xen.org \
    --to=citrix-osstest@xenproject.org \
    --cc=osstest-admin@xenproject.org \
    --cc=xen-devel@lists.xensource.com \
    /path/to/YOUR_REPLY

  https://kernel.org/pub/software/scm/git/docs/git-send-email.html

* If your mail client supports setting the In-Reply-To header
  via mailto: links, try the mailto: link
Be sure your reply has a Subject: header at the top and a blank line before the message body.
This is a public inbox, see mirroring instructions
for how to clone and mirror all data and code used for this inbox;
as well as URLs for NNTP newsgroup(s).