From: Platform Team regression test user <citrix-osstest@xenproject.org>
To: xen-devel@lists.xensource.com, osstest-admin@xenproject.org
Subject: [qemu-upstream-unstable baseline-only test] 71023: trouble: blocked/broken/fail/pass
Date: Tue, 21 Mar 2017 10:17:50 +0000 [thread overview]
Message-ID: <osstest-71023-mainreport@xen.org> (raw)
[-- Attachment #1: Type: text/plain, Size: 16882 bytes --]
This run is configured for baseline tests only.
flight 71023 qemu-upstream-unstable real [real]
http://osstest.xs.citrite.net/~osstest/testlogs/logs/71023/
Failures and problems with tests :-(
Tests which did not succeed and are blocking,
including tests which could not be run:
test-amd64-amd64-libvirt-xsm 2 hosts-allocate broken REGR. vs. 68598
test-amd64-amd64-libvirt-qemuu-debianhvm-amd64-xsm 2 hosts-allocate broken REGR. vs. 68598
test-amd64-amd64-libvirt 2 hosts-allocate broken REGR. vs. 68598
test-amd64-i386-xl-qemuu-debianhvm-amd64-xsm 2 hosts-allocate broken REGR. vs. 68598
test-amd64-amd64-libvirt-pair 2 hosts-allocate broken REGR. vs. 68598
test-amd64-amd64-libvirt-vhd 2 hosts-allocate broken REGR. vs. 68598
test-amd64-i386-xl-xsm 2 hosts-allocate broken REGR. vs. 68598
test-amd64-i386-libvirt-qemuu-debianhvm-amd64-xsm 2 hosts-allocate broken REGR. vs. 68598
test-amd64-i386-libvirt 2 hosts-allocate broken REGR. vs. 68598
test-amd64-i386-libvirt-xsm 2 hosts-allocate broken REGR. vs. 68598
test-amd64-i386-pair 2 hosts-allocate broken REGR. vs. 68598
test-amd64-i386-freebsd10-i386 2 hosts-allocate broken REGR. vs. 68598
test-amd64-i386-xl-qemuu-debianhvm-amd64 2 hosts-allocate broken REGR. vs. 68598
test-amd64-i386-xl-raw 2 hosts-allocate broken REGR. vs. 68598
test-amd64-i386-xl-qemuu-win7-amd64 2 hosts-allocate broken REGR. vs. 68598
test-amd64-i386-xl-qemuu-winxpsp3 2 hosts-allocate broken REGR. vs. 68598
test-amd64-i386-xl 2 hosts-allocate broken REGR. vs. 68598
test-amd64-i386-xl-qemuu-winxpsp3-vcpus1 2 hosts-allocate broken REGR. vs. 68598
test-amd64-i386-libvirt-pair 2 hosts-allocate broken REGR. vs. 68598
test-amd64-i386-xl-qemuu-ovmf-amd64 2 hosts-allocate broken REGR. vs. 68598
test-amd64-amd64-xl-qcow2 2 hosts-allocate broken REGR. vs. 68598
test-amd64-amd64-xl-xsm 2 hosts-allocate broken REGR. vs. 68598
test-amd64-amd64-xl-qemuu-winxpsp3 2 hosts-allocate broken REGR. vs. 68598
test-amd64-amd64-xl-qemuu-debianhvm-amd64 2 hosts-allocate broken REGR. vs. 68598
test-amd64-amd64-xl-multivcpu 2 hosts-allocate broken REGR. vs. 68598
test-amd64-amd64-xl-qemuu-win7-amd64 2 hosts-allocate broken REGR. vs. 68598
test-amd64-amd64-xl-credit2 2 hosts-allocate broken REGR. vs. 68598
test-amd64-amd64-xl 2 hosts-allocate broken REGR. vs. 68598
test-amd64-amd64-pygrub 2 hosts-allocate broken REGR. vs. 68598
test-amd64-amd64-pair 2 hosts-allocate broken REGR. vs. 68598
test-amd64-amd64-xl-qemuu-ovmf-amd64 2 hosts-allocate broken REGR. vs. 68598
test-amd64-amd64-i386-pvgrub 2 hosts-allocate broken REGR. vs. 68598
test-amd64-amd64-xl-pvh-amd 2 hosts-allocate broken REGR. vs. 68598
test-amd64-amd64-xl-pvh-intel 2 hosts-allocate broken REGR. vs. 68598
test-amd64-amd64-xl-qemuu-debianhvm-amd64-xsm 2 hosts-allocate broken REGR. vs. 68598
test-amd64-amd64-amd64-pvgrub 2 hosts-allocate broken REGR. vs. 68598
build-armhf-xsm 3 host-install(3) broken REGR. vs. 68598
build-armhf 3 host-install(3) broken REGR. vs. 68598
build-armhf-pvops 3 host-install(3) broken REGR. vs. 68598
Regressions which are regarded as allowable (not blocking):
test-amd64-amd64-xl-rtds 2 hosts-allocate broken REGR. vs. 68598
build-armhf-pvops 4 capture-logs broken blocked in 68598
test-amd64-amd64-qemuu-nested-intel 16 debian-hvm-install/l1/l2 fail like 68598
Tests which did not succeed, but are not blocking:
test-armhf-armhf-xl-midway 1 build-check(1) blocked n/a
test-armhf-armhf-libvirt 1 build-check(1) blocked n/a
build-arm64-libvirt 1 build-check(1) blocked n/a
test-arm64-arm64-libvirt-qcow2 1 build-check(1) blocked n/a
test-armhf-armhf-libvirt-raw 1 build-check(1) blocked n/a
test-arm64-arm64-libvirt 1 build-check(1) blocked n/a
test-armhf-armhf-xl-credit2 1 build-check(1) blocked n/a
test-arm64-arm64-xl-rtds 1 build-check(1) blocked n/a
test-arm64-arm64-xl-multivcpu 1 build-check(1) blocked n/a
test-armhf-armhf-libvirt-xsm 1 build-check(1) blocked n/a
test-arm64-arm64-libvirt-xsm 1 build-check(1) blocked n/a
test-armhf-armhf-xl-multivcpu 1 build-check(1) blocked n/a
test-arm64-arm64-xl 1 build-check(1) blocked n/a
build-armhf-libvirt 1 build-check(1) blocked n/a
test-armhf-armhf-xl 1 build-check(1) blocked n/a
test-armhf-armhf-xl-vhd 1 build-check(1) blocked n/a
test-arm64-arm64-xl-credit2 1 build-check(1) blocked n/a
test-armhf-armhf-xl-rtds 1 build-check(1) blocked n/a
test-armhf-armhf-xl-xsm 1 build-check(1) blocked n/a
test-arm64-arm64-xl-xsm 1 build-check(1) blocked n/a
build-arm64-pvops 2 hosts-allocate broken never pass
build-arm64 2 hosts-allocate broken never pass
build-arm64-xsm 2 hosts-allocate broken never pass
build-arm64-pvops 3 capture-logs broken never pass
build-arm64 3 capture-logs broken never pass
build-arm64-xsm 3 capture-logs broken never pass
build-armhf-xsm 4 capture-logs broken never pass
build-armhf 4 capture-logs broken never pass
test-amd64-amd64-qemuu-nested-amd 16 debian-hvm-install/l1/l2 fail never pass
version targeted for testing:
qemuu acde9f32bb971f021557c15197f6cb677b1a3ab5
baseline version:
qemuu 57e8fbb2f702001a18bd81e9fe31b26d94247ac9
Last test of basis 68598 2017-02-22 04:15:56 Z 27 days
Testing same since 71023 2017-03-20 11:20:15 Z 0 days 1 attempts
------------------------------------------------------------
People who touched revisions under test:
Christopher Covington <cov@codeaurora.org>
Peter Maydell <peter.maydell@linaro.org>
jobs:
build-amd64-xsm pass
build-arm64-xsm broken
build-armhf-xsm broken
build-i386-xsm pass
build-amd64 pass
build-arm64 broken
build-armhf broken
build-i386 pass
build-amd64-libvirt pass
build-arm64-libvirt blocked
build-armhf-libvirt blocked
build-i386-libvirt pass
build-amd64-pvops pass
build-arm64-pvops broken
build-armhf-pvops broken
build-i386-pvops pass
test-amd64-amd64-xl broken
test-arm64-arm64-xl blocked
test-armhf-armhf-xl blocked
test-amd64-i386-xl broken
test-amd64-amd64-libvirt-qemuu-debianhvm-amd64-xsm broken
test-amd64-i386-libvirt-qemuu-debianhvm-amd64-xsm broken
test-amd64-amd64-xl-qemuu-debianhvm-amd64-xsm broken
test-amd64-i386-xl-qemuu-debianhvm-amd64-xsm broken
test-amd64-amd64-libvirt-xsm broken
test-arm64-arm64-libvirt-xsm blocked
test-armhf-armhf-libvirt-xsm blocked
test-amd64-i386-libvirt-xsm broken
test-amd64-amd64-xl-xsm broken
test-arm64-arm64-xl-xsm blocked
test-armhf-armhf-xl-xsm blocked
test-amd64-i386-xl-xsm broken
test-amd64-amd64-qemuu-nested-amd fail
test-amd64-amd64-xl-pvh-amd broken
test-amd64-i386-qemuu-rhel6hvm-amd pass
test-amd64-amd64-xl-qemuu-debianhvm-amd64 broken
test-amd64-i386-xl-qemuu-debianhvm-amd64 broken
test-amd64-i386-freebsd10-amd64 pass
test-amd64-amd64-xl-qemuu-ovmf-amd64 broken
test-amd64-i386-xl-qemuu-ovmf-amd64 broken
test-amd64-amd64-xl-qemuu-win7-amd64 broken
test-amd64-i386-xl-qemuu-win7-amd64 broken
test-amd64-amd64-xl-credit2 broken
test-arm64-arm64-xl-credit2 blocked
test-armhf-armhf-xl-credit2 blocked
test-amd64-i386-freebsd10-i386 broken
test-amd64-amd64-qemuu-nested-intel fail
test-amd64-amd64-xl-pvh-intel broken
test-amd64-i386-qemuu-rhel6hvm-intel pass
test-amd64-amd64-libvirt broken
test-arm64-arm64-libvirt blocked
test-armhf-armhf-libvirt blocked
test-amd64-i386-libvirt broken
test-armhf-armhf-xl-midway blocked
test-amd64-amd64-xl-multivcpu broken
test-arm64-arm64-xl-multivcpu blocked
test-armhf-armhf-xl-multivcpu blocked
test-amd64-amd64-pair broken
test-amd64-i386-pair broken
test-amd64-amd64-libvirt-pair broken
test-amd64-i386-libvirt-pair broken
test-amd64-amd64-amd64-pvgrub broken
test-amd64-amd64-i386-pvgrub broken
test-amd64-amd64-pygrub broken
test-arm64-arm64-libvirt-qcow2 blocked
test-amd64-amd64-xl-qcow2 broken
test-armhf-armhf-libvirt-raw blocked
test-amd64-i386-xl-raw broken
test-amd64-amd64-xl-rtds broken
test-arm64-arm64-xl-rtds blocked
test-armhf-armhf-xl-rtds blocked
test-amd64-i386-xl-qemuu-winxpsp3-vcpus1 broken
test-amd64-amd64-libvirt-vhd broken
test-armhf-armhf-xl-vhd blocked
test-amd64-amd64-xl-qemuu-winxpsp3 broken
test-amd64-i386-xl-qemuu-winxpsp3 broken
------------------------------------------------------------
sg-report-flight on osstest.xs.citrite.net
logs: /home/osstest/logs
images: /home/osstest/images
Logs, config files, etc. are available at
http://osstest.xs.citrite.net/~osstest/testlogs/logs
Test harness code can be found at
http://xenbits.xensource.com/gitweb?p=osstest.git;a=summary
broken-step test-amd64-amd64-libvirt-xsm hosts-allocate
broken-step test-amd64-amd64-libvirt-qemuu-debianhvm-amd64-xsm hosts-allocate
broken-step test-amd64-amd64-libvirt hosts-allocate
broken-step test-amd64-i386-xl-qemuu-debianhvm-amd64-xsm hosts-allocate
broken-step test-amd64-amd64-libvirt-pair hosts-allocate
broken-step test-amd64-amd64-libvirt-vhd hosts-allocate
broken-step test-amd64-i386-xl-xsm hosts-allocate
broken-step test-amd64-i386-libvirt-qemuu-debianhvm-amd64-xsm hosts-allocate
broken-step test-amd64-i386-libvirt hosts-allocate
broken-step test-amd64-i386-libvirt-xsm hosts-allocate
broken-step test-amd64-i386-pair hosts-allocate
broken-step test-amd64-i386-freebsd10-i386 hosts-allocate
broken-step build-arm64-pvops hosts-allocate
broken-step test-amd64-i386-xl-qemuu-debianhvm-amd64 hosts-allocate
broken-step test-amd64-i386-xl-raw hosts-allocate
broken-step test-amd64-i386-xl-qemuu-win7-amd64 hosts-allocate
broken-step build-arm64 hosts-allocate
broken-step test-amd64-i386-xl-qemuu-winxpsp3 hosts-allocate
broken-step test-amd64-i386-xl hosts-allocate
broken-step test-amd64-i386-xl-qemuu-winxpsp3-vcpus1 hosts-allocate
broken-step test-amd64-i386-libvirt-pair hosts-allocate
broken-step build-arm64-xsm hosts-allocate
broken-step test-amd64-i386-xl-qemuu-ovmf-amd64 hosts-allocate
broken-step build-arm64-pvops capture-logs
broken-step build-arm64 capture-logs
broken-step test-amd64-amd64-xl-qcow2 hosts-allocate
broken-step test-amd64-amd64-xl-xsm hosts-allocate
broken-step test-amd64-amd64-xl-rtds hosts-allocate
broken-step test-amd64-amd64-xl-qemuu-winxpsp3 hosts-allocate
broken-step test-amd64-amd64-xl-qemuu-debianhvm-amd64 hosts-allocate
broken-step test-amd64-amd64-xl-multivcpu hosts-allocate
broken-step test-amd64-amd64-xl-qemuu-win7-amd64 hosts-allocate
broken-step build-arm64-xsm capture-logs
broken-step test-amd64-amd64-xl-credit2 hosts-allocate
broken-step test-amd64-amd64-xl hosts-allocate
broken-step test-amd64-amd64-pygrub hosts-allocate
broken-step test-amd64-amd64-pair hosts-allocate
broken-step test-amd64-amd64-xl-qemuu-ovmf-amd64 hosts-allocate
broken-step test-amd64-amd64-i386-pvgrub hosts-allocate
broken-step test-amd64-amd64-xl-pvh-amd hosts-allocate
broken-step test-amd64-amd64-xl-pvh-intel hosts-allocate
broken-step test-amd64-amd64-xl-qemuu-debianhvm-amd64-xsm hosts-allocate
broken-step test-amd64-amd64-amd64-pvgrub hosts-allocate
broken-step build-armhf-xsm host-install(3)
broken-step build-armhf host-install(3)
broken-step build-armhf-pvops host-install(3)
broken-step build-armhf-xsm capture-logs
broken-step build-armhf-pvops capture-logs
broken-step build-armhf capture-logs
Push not applicable.
------------------------------------------------------------
commit acde9f32bb971f021557c15197f6cb677b1a3ab5
Author: Christopher Covington <cov@codeaurora.org>
Date: Wed Dec 28 15:04:33 2016 -0500
build: include sys/sysmacros.h for major() and minor()
The definition of the major() and minor() macros are moving within glibc to
<sys/sysmacros.h>. Include this header when it is available to avoid the
following sorts of build-stopping messages:
qga/commands-posix.c: In function âdev_major_minorâ:
qga/commands-posix.c:656:13: error: In the GNU C Library, "major" is defined
by <sys/sysmacros.h>. For historical compatibility, it is
currently defined by <sys/types.h> as well, but we plan to
remove this soon. To use "major", include <sys/sysmacros.h>
directly. If you did not intend to use a system-defined macro
"major", you should undefine it after including <sys/types.h>. [-Werror]
*devmajor = major(st.st_rdev);
^~~~~~~~~~~~~~~~~~~~~~~~~~
qga/commands-posix.c:657:13: error: In the GNU C Library, "minor" is defined
by <sys/sysmacros.h>. For historical compatibility, it is
currently defined by <sys/types.h> as well, but we plan to
remove this soon. To use "minor", include <sys/sysmacros.h>
directly. If you did not intend to use a system-defined macro
"minor", you should undefine it after including <sys/types.h>. [-Werror]
*devminor = minor(st.st_rdev);
^~~~~~~~~~~~~~~~~~~~~~~~~~
The additional include allows the build to complete on Fedora 26 (Rawhide)
with glibc version 2.24.90.
upstream-commit-id: 4d04351f4c3db3b70dc21f7fdc8155e341f39916
Signed-off-by: Christopher Covington <cov@codeaurora.org>
Reviewed-by: Eric Blake <eblake@redhat.com>
Signed-off-by: Peter Maydell <peter.maydell@linaro.org>
[-- Attachment #2: Type: text/plain, Size: 127 bytes --]
_______________________________________________
Xen-devel mailing list
Xen-devel@lists.xen.org
https://lists.xen.org/xen-devel
reply other threads:[~2017-03-21 10:17 UTC|newest]
Thread overview: [no followups] expand[flat|nested] mbox.gz Atom feed
Reply instructions:
You may reply publicly to this message via plain-text email
using any one of the following methods:
* Save the following mbox file, import it into your mail client,
and reply-to-all from there: mbox
Avoid top-posting and favor interleaved quoting:
https://en.wikipedia.org/wiki/Posting_style#Interleaved_style
* Reply using the --to, --cc, and --in-reply-to
switches of git-send-email(1):
git send-email \
--in-reply-to=osstest-71023-mainreport@xen.org \
--to=citrix-osstest@xenproject.org \
--cc=osstest-admin@xenproject.org \
--cc=xen-devel@lists.xensource.com \
/path/to/YOUR_REPLY
https://kernel.org/pub/software/scm/git/docs/git-send-email.html
* If your mail client supports setting the In-Reply-To header
via mailto: links, try the mailto: link
Be sure your reply has a Subject: header at the top and a blank line
before the message body.
This is a public inbox, see mirroring instructions
for how to clone and mirror all data and code used for this inbox;
as well as URLs for NNTP newsgroup(s).