* [xen-4.4-testing baseline-only test] 71076: regressions - trouble: blocked/broken/fail/pass
@ 2017-03-25 13:59 Platform Team regression test user
0 siblings, 0 replies; only message in thread
From: Platform Team regression test user @ 2017-03-25 13:59 UTC (permalink / raw)
To: xen-devel, osstest-admin
This run is configured for baseline tests only.
flight 71076 xen-4.4-testing real [real]
http://osstest.xs.citrite.net/~osstest/testlogs/logs/71076/
Regressions :-(
Tests which did not succeed and are blocking,
including tests which could not be run:
build-armhf-pvops 3 host-install(3) broken REGR. vs. 68629
build-armhf 3 host-install(3) broken REGR. vs. 68629
test-xtf-amd64-amd64-2 20 xtf/test-hvm32-invlpg~shadow fail REGR. vs. 68629
test-xtf-amd64-amd64-2 33 xtf/test-hvm32pae-invlpg~shadow fail REGR. vs. 68629
test-xtf-amd64-amd64-2 44 xtf/test-hvm64-invlpg~shadow fail REGR. vs. 68629
test-xtf-amd64-amd64-5 20 xtf/test-hvm32-invlpg~shadow fail REGR. vs. 68629
test-xtf-amd64-amd64-5 33 xtf/test-hvm32pae-invlpg~shadow fail REGR. vs. 68629
test-xtf-amd64-amd64-3 20 xtf/test-hvm32-invlpg~shadow fail REGR. vs. 68629
test-xtf-amd64-amd64-5 44 xtf/test-hvm64-invlpg~shadow fail REGR. vs. 68629
test-xtf-amd64-amd64-3 33 xtf/test-hvm32pae-invlpg~shadow fail REGR. vs. 68629
test-xtf-amd64-amd64-3 44 xtf/test-hvm64-invlpg~shadow fail REGR. vs. 68629
Regressions which are regarded as allowable (not blocking):
build-armhf 4 capture-logs broken blocked in 68629
build-armhf-pvops 4 capture-logs broken blocked in 68629
test-amd64-i386-xl-qemuu-win7-amd64 13 guest-localmigrate fail REGR. vs. 68629
test-amd64-amd64-xl-qemuu-winxpsp3 15 guest-localmigrate/x10 fail blocked in 68629
test-xtf-amd64-amd64-4 54 leak-check/check fail like 68629
test-amd64-amd64-xl 19 guest-start/debian.repeat fail like 68629
test-xtf-amd64-amd64-2 54 leak-check/check fail like 68629
test-xtf-amd64-amd64-1 54 leak-check/check fail like 68629
test-xtf-amd64-amd64-5 54 leak-check/check fail like 68629
test-xtf-amd64-amd64-3 54 leak-check/check fail like 68629
test-amd64-amd64-xl-qemuu-win7-amd64 16 guest-stop fail like 68629
test-amd64-amd64-xl-qemut-win7-amd64 16 guest-stop fail like 68629
test-amd64-i386-xl-qemut-win7-amd64 16 guest-stop fail like 68629
Tests which did not succeed, but are not blocking:
test-armhf-armhf-xl-multivcpu 1 build-check(1) blocked n/a
test-amd64-amd64-rumprun-amd64 1 build-check(1) blocked n/a
test-armhf-armhf-xl-midway 1 build-check(1) blocked n/a
test-armhf-armhf-libvirt 1 build-check(1) blocked n/a
build-armhf-libvirt 1 build-check(1) blocked n/a
test-armhf-armhf-libvirt-raw 1 build-check(1) blocked n/a
test-armhf-armhf-xl 1 build-check(1) blocked n/a
test-armhf-armhf-xl-vhd 1 build-check(1) blocked n/a
test-armhf-armhf-xl-credit2 1 build-check(1) blocked n/a
test-amd64-i386-rumprun-i386 1 build-check(1) blocked n/a
test-xtf-amd64-amd64-4 10 xtf-fep fail never pass
test-xtf-amd64-amd64-2 10 xtf-fep fail never pass
test-xtf-amd64-amd64-5 10 xtf-fep fail never pass
test-xtf-amd64-amd64-1 10 xtf-fep fail never pass
test-xtf-amd64-amd64-3 10 xtf-fep fail never pass
test-amd64-i386-libvirt 12 migrate-support-check fail never pass
test-xtf-amd64-amd64-4 53 xtf/test-hvm64-xsa-195 fail never pass
build-amd64-rumprun 7 xen-build fail never pass
test-amd64-amd64-libvirt 12 migrate-support-check fail never pass
build-i386-rumprun 7 xen-build fail never pass
test-amd64-amd64-qemuu-nested-intel 16 debian-hvm-install/l1/l2 fail never pass
test-xtf-amd64-amd64-2 53 xtf/test-hvm64-xsa-195 fail never pass
test-xtf-amd64-amd64-1 53 xtf/test-hvm64-xsa-195 fail never pass
test-xtf-amd64-amd64-5 53 xtf/test-hvm64-xsa-195 fail never pass
test-xtf-amd64-amd64-3 53 xtf/test-hvm64-xsa-195 fail never pass
test-amd64-amd64-qemuu-nested-amd 16 debian-hvm-install/l1/l2 fail never pass
test-amd64-i386-xend-qemut-winxpsp3 20 leak-check/check fail never pass
test-amd64-amd64-libvirt-vhd 11 migrate-support-check fail never pass
version targeted for testing:
xen 9744389956bad141385acd04e8f924e7bb8da962
baseline version:
xen 5e0448f4bba88691eb24dc3deaef668376a465d6
Last test of basis 68629 2017-03-03 11:19:00 Z 22 days
Testing same since 71076 2017-03-22 20:22:11 Z 2 days 1 attempts
------------------------------------------------------------
People who touched revisions under test:
Gerd Hoffmann <kraxel@redhat.com>
Ian Jackson <ian.jackson@eu.citrix.com>
jobs:
build-amd64-xend pass
build-i386-xend pass
build-amd64-xtf pass
build-amd64 pass
build-armhf broken
build-i386 pass
build-amd64-libvirt pass
build-armhf-libvirt blocked
build-i386-libvirt pass
build-amd64-pvops pass
build-armhf-pvops broken
build-i386-pvops pass
build-amd64-rumprun fail
build-i386-rumprun fail
test-xtf-amd64-amd64-1 fail
test-xtf-amd64-amd64-2 fail
test-xtf-amd64-amd64-3 fail
test-xtf-amd64-amd64-4 fail
test-xtf-amd64-amd64-5 fail
test-amd64-amd64-xl fail
test-armhf-armhf-xl blocked
test-amd64-i386-xl pass
test-amd64-amd64-qemuu-nested-amd fail
test-amd64-i386-qemut-rhel6hvm-amd pass
test-amd64-i386-qemuu-rhel6hvm-amd pass
test-amd64-amd64-xl-qemut-debianhvm-amd64 pass
test-amd64-i386-xl-qemut-debianhvm-amd64 pass
test-amd64-amd64-xl-qemuu-debianhvm-amd64 pass
test-amd64-i386-xl-qemuu-debianhvm-amd64 pass
test-amd64-i386-freebsd10-amd64 pass
test-amd64-amd64-xl-qemuu-ovmf-amd64 pass
test-amd64-i386-xl-qemuu-ovmf-amd64 pass
test-amd64-amd64-rumprun-amd64 blocked
test-amd64-amd64-xl-qemut-win7-amd64 fail
test-amd64-i386-xl-qemut-win7-amd64 fail
test-amd64-amd64-xl-qemuu-win7-amd64 fail
test-amd64-i386-xl-qemuu-win7-amd64 fail
test-amd64-amd64-xl-credit2 pass
test-armhf-armhf-xl-credit2 blocked
test-amd64-i386-freebsd10-i386 pass
test-amd64-i386-rumprun-i386 blocked
test-amd64-amd64-qemuu-nested-intel fail
test-amd64-i386-qemut-rhel6hvm-intel pass
test-amd64-i386-qemuu-rhel6hvm-intel pass
test-amd64-amd64-libvirt pass
test-armhf-armhf-libvirt blocked
test-amd64-i386-libvirt pass
test-armhf-armhf-xl-midway blocked
test-amd64-amd64-xl-multivcpu pass
test-armhf-armhf-xl-multivcpu blocked
test-amd64-amd64-pair pass
test-amd64-i386-pair pass
test-amd64-amd64-libvirt-pair pass
test-amd64-i386-libvirt-pair pass
test-amd64-amd64-pv pass
test-amd64-i386-pv pass
test-amd64-amd64-amd64-pvgrub pass
test-amd64-amd64-i386-pvgrub pass
test-amd64-amd64-pygrub pass
test-amd64-amd64-xl-qcow2 pass
test-armhf-armhf-libvirt-raw blocked
test-amd64-i386-xl-raw pass
test-amd64-i386-xl-qemut-winxpsp3-vcpus1 pass
test-amd64-i386-xl-qemuu-winxpsp3-vcpus1 pass
test-amd64-amd64-libvirt-vhd pass
test-armhf-armhf-xl-vhd blocked
test-amd64-i386-xend-qemut-winxpsp3 fail
test-amd64-amd64-xl-qemut-winxpsp3 pass
test-amd64-amd64-xl-qemuu-winxpsp3 fail
------------------------------------------------------------
sg-report-flight on osstest.xs.citrite.net
logs: /home/osstest/logs
images: /home/osstest/images
Logs, config files, etc. are available at
http://osstest.xs.citrite.net/~osstest/testlogs/logs
Test harness code can be found at
http://xenbits.xensource.com/gitweb?p=osstest.git;a=summary
broken-step build-armhf-pvops host-install(3)
broken-step build-armhf host-install(3)
broken-step build-armhf capture-logs
broken-step build-armhf-pvops capture-logs
Push not applicable.
------------------------------------------------------------
commit 9744389956bad141385acd04e8f924e7bb8da962
Author: Ian Jackson <ian.jackson@eu.citrix.com>
Date: Tue Mar 21 18:45:09 2017 +0000
QEMU_TAG update
========================================
commit 204a7fc1aad139ac0a21aae1479e04bb92070cd6
Author: Gerd Hoffmann <kraxel@redhat.com>
Date: Thu Mar 9 11:14:55 2017 +0000
cirrus/vnc: zap drop bitblit support from console code.
There is a special code path (dpy_gfx_copy) to allow graphic emulation
notify user interface code about bitblit operations carryed out by
guests. It is supported by cirrus and vnc server. The intended purpose
is to optimize display scrolls and just send over the scroll op instead
of a full display update.
This is rarely used these days though because modern guests simply don't
use the cirrus blitter any more. Any linux guest using the cirrus drm
driver doesn't. Any windows guest newer than winxp doesn't ship with a
cirrus driver any more and thus uses the cirrus as simple framebuffer.
So this code tends to bitrot and bugs can go unnoticed for a long time.
See for example commit "3e10c3e vnc: fix qemu crash because of SIGSEGV"
which fixes a bug lingering in the code for almost a year, added by
commit "c7628bf vnc: only alloc server surface with clients connected".
Also the vnc server will throttle the frame rate in case it figures the
network can't keep up (send buffers are full). This doesn't work with
dpy_gfx_copy, for any copy operation sent to the vnc client we have to
send all outstanding updates beforehand, otherwise the vnc client might
run the client side blit on outdated data and thereby corrupt the
display. So this dpy_gfx_copy "optimization" might even make things
worse on slow network links.
Lets kill it once for all.
Signed-off-by: Gerd Hoffmann <kraxel@redhat.com>
These changes (dropping dpy_copy and all its references and
implementations) reimplemented for qemu-xen-traditional.
This is XSA-211.
Signed-off-by: Ian Jackson <ian.jackson@eu.citrix.com>
Conflicts:
hw/cirrus_vga.c
(cherry picked from commit ccdb305038126996646cfc6fedcaebb1fee4f19b)
_______________________________________________
Xen-devel mailing list
Xen-devel@lists.xen.org
https://lists.xen.org/xen-devel
^ permalink raw reply [flat|nested] only message in thread
only message in thread, other threads:[~2017-03-25 13:59 UTC | newest]
Thread overview: (only message) (download: mbox.gz follow: Atom feed
-- links below jump to the message on this page --
2017-03-25 13:59 [xen-4.4-testing baseline-only test] 71076: regressions - trouble: blocked/broken/fail/pass Platform Team regression test user
This is a public inbox, see mirroring instructions
for how to clone and mirror all data and code used for this inbox;
as well as URLs for NNTP newsgroup(s).