From: Platform Team regression test user <citrix-osstest@xenproject.org>
To: xen-devel@lists.xensource.com, osstest-admin@xenproject.org
Subject: [xen-4.6-testing baseline-only test] 71077: tolerable trouble: blocked/broken/fail/pass
Date: Sat, 25 Mar 2017 23:59:51 +0000 [thread overview]
Message-ID: <osstest-71077-mainreport@xen.org> (raw)
This run is configured for baseline tests only.
flight 71077 xen-4.6-testing real [real]
http://osstest.xs.citrite.net/~osstest/testlogs/logs/71077/
Failures :-/ but no regressions.
Regressions which are regarded as allowable (not blocking):
build-armhf 3 host-install(3) broken like 71018
build-armhf-pvops 3 host-install(3) broken like 71018
build-armhf-xsm 3 host-install(3) broken like 71018
build-armhf-xsm 4 capture-logs broken like 71018
build-armhf 4 capture-logs broken like 71018
build-armhf-pvops 4 capture-logs broken like 71018
test-xtf-amd64-amd64-1 20 xtf/test-hvm32-invlpg~shadow fail blocked in 71018
test-xtf-amd64-amd64-1 33 xtf/test-hvm32pae-invlpg~shadow fail blocked in 71018
test-xtf-amd64-amd64-1 44 xtf/test-hvm64-invlpg~shadow fail blocked in 71018
test-xtf-amd64-amd64-4 20 xtf/test-hvm32-invlpg~shadow fail blocked in 71018
test-xtf-amd64-amd64-5 20 xtf/test-hvm32-invlpg~shadow fail blocked in 71018
test-xtf-amd64-amd64-4 33 xtf/test-hvm32pae-invlpg~shadow fail blocked in 71018
test-xtf-amd64-amd64-3 20 xtf/test-hvm32-invlpg~shadow fail blocked in 71018
test-xtf-amd64-amd64-4 44 xtf/test-hvm64-invlpg~shadow fail blocked in 71018
test-xtf-amd64-amd64-5 33 xtf/test-hvm32pae-invlpg~shadow fail blocked in 71018
test-xtf-amd64-amd64-2 20 xtf/test-hvm32-invlpg~shadow fail blocked in 71018
test-xtf-amd64-amd64-3 33 xtf/test-hvm32pae-invlpg~shadow fail blocked in 71018
test-xtf-amd64-amd64-5 44 xtf/test-hvm64-invlpg~shadow fail blocked in 71018
test-xtf-amd64-amd64-2 33 xtf/test-hvm32pae-invlpg~shadow fail blocked in 71018
test-xtf-amd64-amd64-3 44 xtf/test-hvm64-invlpg~shadow fail blocked in 71018
test-xtf-amd64-amd64-2 44 xtf/test-hvm64-invlpg~shadow fail blocked in 71018
test-amd64-i386-xl-qemuu-win7-amd64 16 guest-stop fail blocked in 71018
test-amd64-amd64-xl-qemut-winxpsp3 9 windows-install fail blocked in 71018
Tests which did not succeed, but are not blocking:
test-armhf-armhf-xl-multivcpu 1 build-check(1) blocked n/a
test-armhf-armhf-xl-midway 1 build-check(1) blocked n/a
test-armhf-armhf-libvirt 1 build-check(1) blocked n/a
build-armhf-libvirt 1 build-check(1) blocked n/a
test-armhf-armhf-libvirt-raw 1 build-check(1) blocked n/a
test-armhf-armhf-xl 1 build-check(1) blocked n/a
test-armhf-armhf-xl-vhd 1 build-check(1) blocked n/a
test-armhf-armhf-xl-credit2 1 build-check(1) blocked n/a
test-armhf-armhf-xl-rtds 1 build-check(1) blocked n/a
test-armhf-armhf-libvirt-xsm 1 build-check(1) blocked n/a
test-armhf-armhf-xl-xsm 1 build-check(1) blocked n/a
test-amd64-i386-libvirt-xsm 12 migrate-support-check fail never pass
test-xtf-amd64-amd64-1 63 xtf/test-pv32pae-xsa-194 fail never pass
test-xtf-amd64-amd64-4 63 xtf/test-pv32pae-xsa-194 fail never pass
test-xtf-amd64-amd64-5 63 xtf/test-pv32pae-xsa-194 fail never pass
test-xtf-amd64-amd64-3 63 xtf/test-pv32pae-xsa-194 fail never pass
test-xtf-amd64-amd64-2 63 xtf/test-pv32pae-xsa-194 fail never pass
test-amd64-amd64-libvirt-xsm 12 migrate-support-check fail never pass
test-amd64-i386-libvirt 12 migrate-support-check fail never pass
test-amd64-amd64-xl-pvh-amd 11 guest-start fail never pass
test-amd64-amd64-xl-pvh-intel 11 guest-start fail never pass
test-amd64-amd64-libvirt 12 migrate-support-check fail never pass
test-amd64-i386-libvirt-qemuu-debianhvm-amd64-xsm 10 migrate-support-check fail never pass
test-amd64-amd64-libvirt-qemuu-debianhvm-amd64-xsm 10 migrate-support-check fail never pass
test-amd64-amd64-qemuu-nested-amd 16 debian-hvm-install/l1/l2 fail never pass
test-amd64-amd64-libvirt-vhd 11 migrate-support-check fail never pass
test-amd64-amd64-xl-qemut-win7-amd64 16 guest-stop fail never pass
version targeted for testing:
xen ac4c5d4ddf89051365da2acba5c6c306a10e0bbe
baseline version:
xen 18949dc6e1a520b6430f128a6981318552ca7823
Last test of basis 71018 2017-03-20 11:14:33 Z 5 days
Testing same since 71077 2017-03-22 21:53:24 Z 3 days 1 attempts
------------------------------------------------------------
People who touched revisions under test:
Ian Jackson <ian.jackson@eu.citrix.com>
jobs:
build-amd64-xsm pass
build-armhf-xsm broken
build-i386-xsm pass
build-amd64-xtf pass
build-amd64 pass
build-armhf broken
build-i386 pass
build-amd64-libvirt pass
build-armhf-libvirt blocked
build-i386-libvirt pass
build-amd64-prev pass
build-i386-prev pass
build-amd64-pvops pass
build-armhf-pvops broken
build-i386-pvops pass
build-amd64-rumprun pass
build-i386-rumprun pass
test-xtf-amd64-amd64-1 pass
test-xtf-amd64-amd64-2 pass
test-xtf-amd64-amd64-3 pass
test-xtf-amd64-amd64-4 pass
test-xtf-amd64-amd64-5 pass
test-amd64-amd64-xl pass
test-armhf-armhf-xl blocked
test-amd64-i386-xl pass
test-amd64-amd64-xl-qemut-debianhvm-amd64-xsm pass
test-amd64-i386-xl-qemut-debianhvm-amd64-xsm pass
test-amd64-amd64-libvirt-qemuu-debianhvm-amd64-xsm pass
test-amd64-i386-libvirt-qemuu-debianhvm-amd64-xsm pass
test-amd64-amd64-xl-qemuu-debianhvm-amd64-xsm pass
test-amd64-i386-xl-qemuu-debianhvm-amd64-xsm pass
test-amd64-amd64-xl-qemut-stubdom-debianhvm-amd64-xsm pass
test-amd64-i386-xl-qemut-stubdom-debianhvm-amd64-xsm pass
test-amd64-amd64-libvirt-xsm pass
test-armhf-armhf-libvirt-xsm blocked
test-amd64-i386-libvirt-xsm pass
test-amd64-amd64-xl-xsm pass
test-armhf-armhf-xl-xsm blocked
test-amd64-i386-xl-xsm pass
test-amd64-amd64-qemuu-nested-amd fail
test-amd64-amd64-xl-pvh-amd fail
test-amd64-i386-qemut-rhel6hvm-amd pass
test-amd64-i386-qemuu-rhel6hvm-amd pass
test-amd64-amd64-xl-qemut-debianhvm-amd64 pass
test-amd64-i386-xl-qemut-debianhvm-amd64 pass
test-amd64-amd64-xl-qemuu-debianhvm-amd64 pass
test-amd64-i386-xl-qemuu-debianhvm-amd64 pass
test-amd64-i386-freebsd10-amd64 pass
test-amd64-amd64-xl-qemuu-ovmf-amd64 pass
test-amd64-i386-xl-qemuu-ovmf-amd64 pass
test-amd64-amd64-rumprun-amd64 pass
test-amd64-amd64-xl-qemut-win7-amd64 fail
test-amd64-i386-xl-qemut-win7-amd64 pass
test-amd64-amd64-xl-qemuu-win7-amd64 pass
test-amd64-i386-xl-qemuu-win7-amd64 fail
test-amd64-amd64-xl-credit2 pass
test-armhf-armhf-xl-credit2 blocked
test-amd64-i386-freebsd10-i386 pass
test-amd64-i386-rumprun-i386 pass
test-amd64-amd64-qemuu-nested-intel pass
test-amd64-amd64-xl-pvh-intel fail
test-amd64-i386-qemut-rhel6hvm-intel pass
test-amd64-i386-qemuu-rhel6hvm-intel pass
test-amd64-amd64-libvirt pass
test-armhf-armhf-libvirt blocked
test-amd64-i386-libvirt pass
test-armhf-armhf-xl-midway blocked
test-amd64-amd64-migrupgrade pass
test-amd64-i386-migrupgrade pass
test-amd64-amd64-xl-multivcpu pass
test-armhf-armhf-xl-multivcpu blocked
test-amd64-amd64-pair pass
test-amd64-i386-pair pass
test-amd64-amd64-libvirt-pair pass
test-amd64-i386-libvirt-pair pass
test-amd64-amd64-amd64-pvgrub pass
test-amd64-amd64-i386-pvgrub pass
test-amd64-amd64-pygrub pass
test-amd64-amd64-xl-qcow2 pass
test-armhf-armhf-libvirt-raw blocked
test-amd64-i386-xl-raw pass
test-amd64-amd64-xl-rtds pass
test-armhf-armhf-xl-rtds blocked
test-amd64-i386-xl-qemut-winxpsp3-vcpus1 pass
test-amd64-i386-xl-qemuu-winxpsp3-vcpus1 pass
test-amd64-amd64-libvirt-vhd pass
test-armhf-armhf-xl-vhd blocked
test-amd64-amd64-xl-qemut-winxpsp3 fail
test-amd64-i386-xl-qemut-winxpsp3 pass
test-amd64-amd64-xl-qemuu-winxpsp3 pass
test-amd64-i386-xl-qemuu-winxpsp3 pass
------------------------------------------------------------
sg-report-flight on osstest.xs.citrite.net
logs: /home/osstest/logs
images: /home/osstest/images
Logs, config files, etc. are available at
http://osstest.xs.citrite.net/~osstest/testlogs/logs
Test harness code can be found at
http://xenbits.xensource.com/gitweb?p=osstest.git;a=summary
broken-step build-armhf host-install(3)
broken-step build-armhf-pvops host-install(3)
broken-step build-armhf-xsm host-install(3)
broken-step build-armhf-xsm capture-logs
broken-step build-armhf capture-logs
broken-step build-armhf-pvops capture-logs
Push not applicable.
------------------------------------------------------------
commit ac4c5d4ddf89051365da2acba5c6c306a10e0bbe
Author: Ian Jackson <ian.jackson@eu.citrix.com>
Date: Tue Mar 21 18:44:50 2017 +0000
QEMU_TAG update
(qemu changes not included)
_______________________________________________
Xen-devel mailing list
Xen-devel@lists.xen.org
https://lists.xen.org/xen-devel
reply other threads:[~2017-03-25 23:59 UTC|newest]
Thread overview: [no followups] expand[flat|nested] mbox.gz Atom feed
Reply instructions:
You may reply publicly to this message via plain-text email
using any one of the following methods:
* Save the following mbox file, import it into your mail client,
and reply-to-all from there: mbox
Avoid top-posting and favor interleaved quoting:
https://en.wikipedia.org/wiki/Posting_style#Interleaved_style
* Reply using the --to, --cc, and --in-reply-to
switches of git-send-email(1):
git send-email \
--in-reply-to=osstest-71077-mainreport@xen.org \
--to=citrix-osstest@xenproject.org \
--cc=osstest-admin@xenproject.org \
--cc=xen-devel@lists.xensource.com \
/path/to/YOUR_REPLY
https://kernel.org/pub/software/scm/git/docs/git-send-email.html
* If your mail client supports setting the In-Reply-To header
via mailto: links, try the mailto: link
Be sure your reply has a Subject: header at the top and a blank line
before the message body.
This is a public inbox, see mirroring instructions
for how to clone and mirror all data and code used for this inbox;
as well as URLs for NNTP newsgroup(s).