* [seabios baseline-only test] 71122: tolerable FAIL
@ 2017-03-30 10:44 Platform Team regression test user
0 siblings, 0 replies; only message in thread
From: Platform Team regression test user @ 2017-03-30 10:44 UTC (permalink / raw)
To: xen-devel, osstest-admin
This run is configured for baseline tests only.
flight 71122 seabios real [real]
http://osstest.xs.citrite.net/~osstest/testlogs/logs/71122/
Failures :-/ but no regressions.
Regressions which are regarded as allowable (not blocking):
test-amd64-amd64-xl-qemuu-debianhvm-amd64 6 xen-boot fail blocked in 71025
test-amd64-i386-xl-qemuu-win7-amd64 16 guest-stop fail blocked in 71025
test-amd64-amd64-xl-qemuu-win7-amd64 16 guest-stop fail blocked in 71025
test-amd64-amd64-qemuu-nested-intel 16 debian-hvm-install/l1/l2 fail blocked in 71025
Tests which did not succeed, but are not blocking:
test-amd64-i386-libvirt-qemuu-debianhvm-amd64-xsm 10 migrate-support-check fail never pass
test-amd64-amd64-libvirt-qemuu-debianhvm-amd64-xsm 10 migrate-support-check fail never pass
test-amd64-amd64-qemuu-nested-amd 16 debian-hvm-install/l1/l2 fail never pass
version targeted for testing:
seabios 5fbf246bdb9c1ee3f474d3f343e2a79db060c93c
baseline version:
seabios c68aff57ce317d9f2d69d20eba893a10d964f316
Last test of basis 71025 2017-03-20 11:23:23 Z 9 days
Testing same since 71122 2017-03-30 06:17:34 Z 0 days 1 attempts
------------------------------------------------------------
People who touched revisions under test:
Petr Berky <petr.berky@email.cz>
jobs:
build-amd64-xsm pass
build-i386-xsm pass
build-amd64 pass
build-i386 pass
build-amd64-libvirt pass
build-i386-libvirt pass
build-amd64-pvops pass
build-i386-pvops pass
test-amd64-amd64-libvirt-qemuu-debianhvm-amd64-xsm pass
test-amd64-i386-libvirt-qemuu-debianhvm-amd64-xsm pass
test-amd64-amd64-xl-qemuu-debianhvm-amd64-xsm pass
test-amd64-i386-xl-qemuu-debianhvm-amd64-xsm pass
test-amd64-amd64-qemuu-nested-amd fail
test-amd64-i386-qemuu-rhel6hvm-amd pass
test-amd64-amd64-xl-qemuu-debianhvm-amd64 fail
test-amd64-i386-xl-qemuu-debianhvm-amd64 pass
test-amd64-amd64-xl-qemuu-win7-amd64 fail
test-amd64-i386-xl-qemuu-win7-amd64 fail
test-amd64-amd64-qemuu-nested-intel fail
test-amd64-i386-qemuu-rhel6hvm-intel pass
test-amd64-i386-xl-qemuu-winxpsp3-vcpus1 pass
test-amd64-amd64-xl-qemuu-winxpsp3 pass
test-amd64-i386-xl-qemuu-winxpsp3 pass
------------------------------------------------------------
sg-report-flight on osstest.xs.citrite.net
logs: /home/osstest/logs
images: /home/osstest/images
Logs, config files, etc. are available at
http://osstest.xs.citrite.net/~osstest/testlogs/logs
Test harness code can be found at
http://xenbits.xensource.com/gitweb?p=osstest.git;a=summary
Push not applicable.
------------------------------------------------------------
commit 5fbf246bdb9c1ee3f474d3f343e2a79db060c93c
Author: Petr Berky <petr.berky@email.cz>
Date: Tue Mar 28 23:03:53 2017 +0200
config: Add function to check if fw_cfg exists
It was found qemu_get_present_cpus_count may return impossible
number of cpus because of not checking if fw_cfg exists before
using it. That may lead to undefined behavior of emulator,
in particular Bochs that freezes.
Signed-off-by: Petr Berky <petr.berky@email.cz>
_______________________________________________
Xen-devel mailing list
Xen-devel@lists.xen.org
https://lists.xen.org/xen-devel
^ permalink raw reply [flat|nested] only message in thread
only message in thread, other threads:[~2017-03-30 10:44 UTC | newest]
Thread overview: (only message) (download: mbox.gz follow: Atom feed
-- links below jump to the message on this page --
2017-03-30 10:44 [seabios baseline-only test] 71122: tolerable FAIL Platform Team regression test user
This is a public inbox, see mirroring instructions
for how to clone and mirror all data and code used for this inbox;
as well as URLs for NNTP newsgroup(s).