xen-devel.lists.xenproject.org archive mirror
 help / color / mirror / Atom feed
* [ovmf baseline-only test] 71126: regressions - FAIL
@ 2017-03-30 23:24 Platform Team regression test user
  0 siblings, 0 replies; only message in thread
From: Platform Team regression test user @ 2017-03-30 23:24 UTC (permalink / raw)
  To: xen-devel, osstest-admin

This run is configured for baseline tests only.

flight 71126 ovmf real [real]
http://osstest.xs.citrite.net/~osstest/testlogs/logs/71126/

Regressions :-(

Tests which did not succeed and are blocking,
including tests which could not be run:
 test-amd64-amd64-xl-qemuu-ovmf-amd64 7 host-ping-check-xen fail REGR. vs. 71124

version targeted for testing:
 ovmf                 f663ed8a328a6d5007d3f03685f08cfceb506105
baseline version:
 ovmf                 d3017dd96bf96521cbb87a26bb9dd09f8aa5811d

Last test of basis    71124  2017-03-30 08:50:06 Z    0 days
Testing same since    71126  2017-03-30 17:21:48 Z    0 days    1 attempts

------------------------------------------------------------
People who touched revisions under test:
  Qin Long <qin.long@intel.com>

jobs:
 build-amd64-xsm                                              pass    
 build-i386-xsm                                               pass    
 build-amd64                                                  pass    
 build-i386                                                   pass    
 build-amd64-libvirt                                          pass    
 build-i386-libvirt                                           pass    
 build-amd64-pvops                                            pass    
 build-i386-pvops                                             pass    
 test-amd64-amd64-xl-qemuu-ovmf-amd64                         fail    
 test-amd64-i386-xl-qemuu-ovmf-amd64                          pass    


------------------------------------------------------------
sg-report-flight on osstest.xs.citrite.net
logs: /home/osstest/logs
images: /home/osstest/images

Logs, config files, etc. are available at
    http://osstest.xs.citrite.net/~osstest/testlogs/logs

Test harness code can be found at
    http://xenbits.xensource.com/gitweb?p=osstest.git;a=summary


Push not applicable.

------------------------------------------------------------
commit f663ed8a328a6d5007d3f03685f08cfceb506105
Author: Qin Long <qin.long@intel.com>
Date:   Thu Mar 30 15:53:21 2017 +0800

    CryptoPkg/BaseCryptLib: Fix Build Warning issue in PEI Module
    
    The memory free operation is empty function in PEI. The compiler
    optimization will bring the build warning in openssl/crypto/mem.c:
          warning C4718: 'CRYPTO_free': recursive call has no side
                         effects, deleting
    This patch uses '/wd4718' to silence the build warning for PEI
    module building.
    
    Cc: Ting Ye <ting.ye@intel.com>
    Cc: Eric Dong <eric.dong@intel.com>
    Cc: Hao Wu <hao.a.wu@intel.com>
    Contributed-under: TianoCore Contribution Agreement 1.0
    Signed-off-by: Qin Long <qin.long@intel.com>
    Reviewed-by: Eric Dong <eric.dong@intel.com>
    Reviewed-by: Ye Ting <ting.ye@intel.com>

_______________________________________________
Xen-devel mailing list
Xen-devel@lists.xen.org
https://lists.xen.org/xen-devel

^ permalink raw reply	[flat|nested] only message in thread

only message in thread, other threads:[~2017-03-30 23:24 UTC | newest]

Thread overview: (only message) (download: mbox.gz follow: Atom feed
-- links below jump to the message on this page --
2017-03-30 23:24 [ovmf baseline-only test] 71126: regressions - FAIL Platform Team regression test user

This is a public inbox, see mirroring instructions
for how to clone and mirror all data and code used for this inbox;
as well as URLs for NNTP newsgroup(s).