* [qemu-mainline baseline-only test] 71127: trouble: blocked/broken/fail/pass
@ 2017-03-31 5:27 Platform Team regression test user
0 siblings, 0 replies; only message in thread
From: Platform Team regression test user @ 2017-03-31 5:27 UTC (permalink / raw)
To: xen-devel, osstest-admin
This run is configured for baseline tests only.
flight 71127 qemu-mainline real [real]
http://osstest.xs.citrite.net/~osstest/testlogs/logs/71127/
Failures and problems with tests :-(
Tests which did not succeed and are blocking,
including tests which could not be run:
build-armhf-xsm 3 host-install(3) broken REGR. vs. 71121
build-armhf 3 host-install(3) broken REGR. vs. 71121
build-armhf-pvops 3 host-install(3) broken REGR. vs. 71121
Regressions which are regarded as allowable (not blocking):
build-armhf-xsm 4 capture-logs broken blocked in 71121
build-armhf-pvops 4 capture-logs broken blocked in 71121
build-armhf 4 capture-logs broken blocked in 71121
test-amd64-amd64-qemuu-nested-intel 16 debian-hvm-install/l1/l2 fail like 71121
test-amd64-i386-xl-qemuu-winxpsp3-vcpus1 9 windows-install fail like 71121
Tests which did not succeed, but are not blocking:
test-arm64-arm64-libvirt-xsm 1 build-check(1) blocked n/a
test-armhf-armhf-xl-multivcpu 1 build-check(1) blocked n/a
test-armhf-armhf-xl-midway 1 build-check(1) blocked n/a
test-armhf-armhf-libvirt 1 build-check(1) blocked n/a
test-arm64-arm64-xl 1 build-check(1) blocked n/a
build-arm64-libvirt 1 build-check(1) blocked n/a
test-arm64-arm64-libvirt-qcow2 1 build-check(1) blocked n/a
build-armhf-libvirt 1 build-check(1) blocked n/a
test-armhf-armhf-libvirt-raw 1 build-check(1) blocked n/a
test-arm64-arm64-libvirt 1 build-check(1) blocked n/a
test-armhf-armhf-xl 1 build-check(1) blocked n/a
test-armhf-armhf-xl-vhd 1 build-check(1) blocked n/a
test-arm64-arm64-xl-credit2 1 build-check(1) blocked n/a
test-armhf-armhf-xl-credit2 1 build-check(1) blocked n/a
test-arm64-arm64-xl-rtds 1 build-check(1) blocked n/a
test-armhf-armhf-xl-rtds 1 build-check(1) blocked n/a
test-arm64-arm64-xl-multivcpu 1 build-check(1) blocked n/a
test-armhf-armhf-libvirt-xsm 1 build-check(1) blocked n/a
test-armhf-armhf-xl-xsm 1 build-check(1) blocked n/a
test-arm64-arm64-xl-xsm 1 build-check(1) blocked n/a
build-arm64 2 hosts-allocate broken never pass
build-arm64-pvops 2 hosts-allocate broken never pass
build-arm64 3 capture-logs broken never pass
build-arm64-pvops 3 capture-logs broken never pass
build-arm64-xsm 2 hosts-allocate broken never pass
build-arm64-xsm 3 capture-logs broken never pass
test-amd64-amd64-libvirt 12 migrate-support-check fail never pass
test-amd64-i386-libvirt-xsm 12 migrate-support-check fail never pass
test-amd64-i386-libvirt 12 migrate-support-check fail never pass
test-amd64-amd64-libvirt-xsm 12 migrate-support-check fail never pass
test-amd64-amd64-libvirt-qemuu-debianhvm-amd64-xsm 10 migrate-support-check fail never pass
test-amd64-i386-libvirt-qemuu-debianhvm-amd64-xsm 10 migrate-support-check fail never pass
test-amd64-amd64-qemuu-nested-amd 16 debian-hvm-install/l1/l2 fail never pass
test-amd64-amd64-libvirt-vhd 11 migrate-support-check fail never pass
test-amd64-amd64-xl-qemuu-win7-amd64 16 guest-stop fail never pass
test-amd64-i386-xl-qemuu-win7-amd64 16 guest-stop fail never pass
version targeted for testing:
qemuu b529aec1ee1cbb642f236893bf46a712d0187e4d
baseline version:
qemuu df9046363220e57d45818312759b954c033c58ab
Last test of basis 71121 2017-03-30 02:44:51 Z 1 days
Testing same since 71127 2017-03-30 23:18:20 Z 0 days 1 attempts
------------------------------------------------------------
People who touched revisions under test:
Eduardo Habkost <ehabkost@redhat.com>
Jiri Denemark <jdenemar@redhat.com>
Peter Maydell <peter.maydell@linaro.org>
jobs:
build-amd64-xsm pass
build-arm64-xsm broken
build-armhf-xsm broken
build-i386-xsm pass
build-amd64 pass
build-arm64 broken
build-armhf broken
build-i386 pass
build-amd64-libvirt pass
build-arm64-libvirt blocked
build-armhf-libvirt blocked
build-i386-libvirt pass
build-amd64-pvops pass
build-arm64-pvops broken
build-armhf-pvops broken
build-i386-pvops pass
test-amd64-amd64-xl pass
test-arm64-arm64-xl blocked
test-armhf-armhf-xl blocked
test-amd64-i386-xl pass
test-amd64-amd64-libvirt-qemuu-debianhvm-amd64-xsm pass
test-amd64-i386-libvirt-qemuu-debianhvm-amd64-xsm pass
test-amd64-amd64-xl-qemuu-debianhvm-amd64-xsm pass
test-amd64-i386-xl-qemuu-debianhvm-amd64-xsm pass
test-amd64-amd64-libvirt-xsm pass
test-arm64-arm64-libvirt-xsm blocked
test-armhf-armhf-libvirt-xsm blocked
test-amd64-i386-libvirt-xsm pass
test-amd64-amd64-xl-xsm pass
test-arm64-arm64-xl-xsm blocked
test-armhf-armhf-xl-xsm blocked
test-amd64-i386-xl-xsm pass
test-amd64-amd64-qemuu-nested-amd fail
test-amd64-amd64-xl-pvh-amd pass
test-amd64-i386-qemuu-rhel6hvm-amd pass
test-amd64-amd64-xl-qemuu-debianhvm-amd64 pass
test-amd64-i386-xl-qemuu-debianhvm-amd64 pass
test-amd64-i386-freebsd10-amd64 pass
test-amd64-amd64-xl-qemuu-ovmf-amd64 pass
test-amd64-i386-xl-qemuu-ovmf-amd64 pass
test-amd64-amd64-xl-qemuu-win7-amd64 fail
test-amd64-i386-xl-qemuu-win7-amd64 fail
test-amd64-amd64-xl-credit2 pass
test-arm64-arm64-xl-credit2 blocked
test-armhf-armhf-xl-credit2 blocked
test-amd64-i386-freebsd10-i386 pass
test-amd64-amd64-qemuu-nested-intel fail
test-amd64-amd64-xl-pvh-intel pass
test-amd64-i386-qemuu-rhel6hvm-intel pass
test-amd64-amd64-libvirt pass
test-arm64-arm64-libvirt blocked
test-armhf-armhf-libvirt blocked
test-amd64-i386-libvirt pass
test-armhf-armhf-xl-midway blocked
test-amd64-amd64-xl-multivcpu pass
test-arm64-arm64-xl-multivcpu blocked
test-armhf-armhf-xl-multivcpu blocked
test-amd64-amd64-pair pass
test-amd64-i386-pair pass
test-amd64-amd64-libvirt-pair pass
test-amd64-i386-libvirt-pair pass
test-amd64-amd64-amd64-pvgrub pass
test-amd64-amd64-i386-pvgrub pass
test-amd64-amd64-pygrub pass
test-arm64-arm64-libvirt-qcow2 blocked
test-amd64-amd64-xl-qcow2 pass
test-armhf-armhf-libvirt-raw blocked
test-amd64-i386-xl-raw pass
test-amd64-amd64-xl-rtds pass
test-arm64-arm64-xl-rtds blocked
test-armhf-armhf-xl-rtds blocked
test-amd64-i386-xl-qemuu-winxpsp3-vcpus1 fail
test-amd64-amd64-libvirt-vhd pass
test-armhf-armhf-xl-vhd blocked
test-amd64-amd64-xl-qemuu-winxpsp3 pass
test-amd64-i386-xl-qemuu-winxpsp3 pass
------------------------------------------------------------
sg-report-flight on osstest.xs.citrite.net
logs: /home/osstest/logs
images: /home/osstest/images
Logs, config files, etc. are available at
http://osstest.xs.citrite.net/~osstest/testlogs/logs
Test harness code can be found at
http://xenbits.xensource.com/gitweb?p=osstest.git;a=summary
broken-step build-arm64 hosts-allocate
broken-step build-arm64-pvops hosts-allocate
broken-step build-arm64 capture-logs
broken-step build-arm64-pvops capture-logs
broken-step build-arm64-xsm hosts-allocate
broken-step build-arm64-xsm capture-logs
broken-step build-armhf-xsm host-install(3)
broken-step build-armhf-xsm capture-logs
broken-step build-armhf host-install(3)
broken-step build-armhf-pvops host-install(3)
broken-step build-armhf-pvops capture-logs
broken-step build-armhf capture-logs
Push not applicable.
------------------------------------------------------------
commit b529aec1ee1cbb642f236893bf46a712d0187e4d
Merge: df90463 d4a606b
Author: Peter Maydell <peter.maydell@linaro.org>
Date: Thu Mar 30 09:58:46 2017 +0100
Merge remote-tracking branch 'remotes/ehabkost/tags/x86-pull-request' into staging
i386: Fix for "-cpu host,invtsc=on" bug
# gpg: Signature made Tue 28 Mar 2017 20:50:33 BST
# gpg: using RSA key 0x2807936F984DC5A6
# gpg: Good signature from "Eduardo Habkost <ehabkost@redhat.com>"
# Primary key fingerprint: 5A32 2FD5 ABC4 D3DB ACCF D1AA 2807 936F 984D C5A6
* remotes/ehabkost/tags/x86-pull-request:
i386: Don't override -cpu options on -cpu host/max
i386: Replace uint32_t* with FeatureWord on feature getter/setter
Signed-off-by: Peter Maydell <peter.maydell@linaro.org>
commit d4a606b38b5d4b3689b86cc1575908e82179ecfb
Author: Eduardo Habkost <ehabkost@redhat.com>
Date: Mon Mar 27 11:48:15 2017 -0300
i386: Don't override -cpu options on -cpu host/max
The existing code for "host" and "max" CPU models overrides every
single feature in the CPU object at realize time, even the ones
that were explicitly enabled or disabled by the user using
"feat=on" or "feat=off", while features set using +feat/-feat are
kept.
This means "-cpu host,+invtsc" works as expected, while
"-cpu host,invtsc=on" doesn't.
This was a known bug, already documented in a comment inside
x86_cpu_expand_features(). What makes this bug worse now is that
libvirt 3.0.0 and newer now use "feat=on|off" instead of
+feat/-feat when it detects a QEMU version that supports it (see
libvirt commit d47db7b16dd5422c7e487c8c8ee5b181a2f9cd66).
Change the feature property getter/setter to set a
env->user_features field, to keep track of features that were
explicitly changed using QOM properties. Then make the
max_features code not override user features when handling "-cpu
host" and "-cpu max".
This will also allow us to remove the plus_features/minus_features
hack in the future, but I plan to do that after 2.9.0 is
released.
Reported-by: Jiri Denemark <jdenemar@redhat.com>
Signed-off-by: Eduardo Habkost <ehabkost@redhat.com>
Message-Id: <20170327144815.8043-3-ehabkost@redhat.com>
Reviewed-by: Igor Mammedov <imammedo@redhat.com>
Tested-by: Jiri Denemark <jdenemar@redhat.com>
Signed-off-by: Eduardo Habkost <ehabkost@redhat.com>
commit a7b0ffacc125f06ef277a2afa54a52e7f22e11fe
Author: Eduardo Habkost <ehabkost@redhat.com>
Date: Mon Mar 27 11:48:14 2017 -0300
i386: Replace uint32_t* with FeatureWord on feature getter/setter
Instead of passing a pointer to the feature property getter and
setter functions, pass a FeatureWord enum so they can perform
other actions related to the feature flag.
This will be used to add a new "user_features" field to keep
track of features that were explicitly set by the user.
Signed-off-by: Eduardo Habkost <ehabkost@redhat.com>
Message-Id: <20170327144815.8043-2-ehabkost@redhat.com>
Reviewed-by: Igor Mammedov <imammedo@redhat.com>
Tested-by: Jiri Denemark <jdenemar@redhat.com>
Signed-off-by: Eduardo Habkost <ehabkost@redhat.com>
_______________________________________________
Xen-devel mailing list
Xen-devel@lists.xen.org
https://lists.xen.org/xen-devel
^ permalink raw reply [flat|nested] only message in thread
only message in thread, other threads:[~2017-03-31 5:27 UTC | newest]
Thread overview: (only message) (download: mbox.gz follow: Atom feed
-- links below jump to the message on this page --
2017-03-31 5:27 [qemu-mainline baseline-only test] 71127: trouble: blocked/broken/fail/pass Platform Team regression test user
This is a public inbox, see mirroring instructions
for how to clone and mirror all data and code used for this inbox;
as well as URLs for NNTP newsgroup(s).