From: Platform Team regression test user <citrix-osstest@xenproject.org>
To: xen-devel@lists.xensource.com, osstest-admin@xenproject.org
Subject: [ovmf baseline-only test] 71128: all pass
Date: Fri, 31 Mar 2017 06:14:07 +0100 [thread overview]
Message-ID: <osstest-71128-mainreport@xen.org> (raw)
This run is configured for baseline tests only.
flight 71128 ovmf real [real]
http://osstest.xs.citrite.net/~osstest/testlogs/logs/71128/
Perfect :-)
All tests in this flight passed as required
version targeted for testing:
ovmf 072060a6f81b3e43473b9e5dcba7049ad9de4b18
baseline version:
ovmf f663ed8a328a6d5007d3f03685f08cfceb506105
Last test of basis 71126 2017-03-30 17:21:48 Z 0 days
Testing same since 71128 2017-03-30 23:47:27 Z 0 days 1 attempts
------------------------------------------------------------
People who touched revisions under test:
Laszlo Ersek <lersek@redhat.com>
Phil Dennis-Jordan <phil@philjordan.eu>
jobs:
build-amd64-xsm pass
build-i386-xsm pass
build-amd64 pass
build-i386 pass
build-amd64-libvirt pass
build-i386-libvirt pass
build-amd64-pvops pass
build-i386-pvops pass
test-amd64-amd64-xl-qemuu-ovmf-amd64 pass
test-amd64-i386-xl-qemuu-ovmf-amd64 pass
------------------------------------------------------------
sg-report-flight on osstest.xs.citrite.net
logs: /home/osstest/logs
images: /home/osstest/images
Logs, config files, etc. are available at
http://osstest.xs.citrite.net/~osstest/testlogs/logs
Test harness code can be found at
http://xenbits.xensource.com/gitweb?p=osstest.git;a=summary
Push not applicable.
------------------------------------------------------------
commit 072060a6f81b3e43473b9e5dcba7049ad9de4b18
Author: Phil Dennis-Jordan <phil@philjordan.eu>
Date: Thu Mar 30 23:40:57 2017 +1300
OvmfPkg: Allow multiple add-pointer linker commands to same ACPI table
ACPI tables may contain multiple fields which point to the same
destination table. For example, in some revisions, the FADT contains
both DSDT and X_DSDT fields, and they may both point to the DSDT.
Previously, if Qemu created QEMU_LOADER_ADD_POINTER linker commands for
such instances, the linking process would attempt to install the same
pointed-to table repeatedly. For tables of which there must only be one
instance, the call to AcpiProtocol->InstallAcpiTable() would fail during
the second linker command pointing to the same table, thus entirely
aborting the ACPI table linking process. In the case of tables of which
there may be multiple instances, the table would end up duplicated.
This change adds a memoisation data structure which tracks the table
pointers that have already been processed; even if the same pointer is
encountered multiple times, it is only processed once.
Cc: Jordan Justen <jordan.l.justen@intel.com>
Cc: Laszlo Ersek <lersek@redhat.com>
Contributed-under: TianoCore Contribution Agreement 1.0
Signed-off-by: Phil Dennis-Jordan <phil@philjordan.eu>
Reviewed-by: Laszlo Ersek <lersek@redhat.com>
[lersek@redhat.com: DSDT<->XSDT typo, debug msg, and coding style fixups]
Ref: https://bugzilla.tianocore.org/show_bug.cgi?id=368
Contributed-under: TianoCore Contribution Agreement 1.0
Signed-off-by: Laszlo Ersek <lersek@redhat.com>
_______________________________________________
Xen-devel mailing list
Xen-devel@lists.xen.org
https://lists.xen.org/xen-devel
reply other threads:[~2017-03-31 5:14 UTC|newest]
Thread overview: [no followups] expand[flat|nested] mbox.gz Atom feed
Reply instructions:
You may reply publicly to this message via plain-text email
using any one of the following methods:
* Save the following mbox file, import it into your mail client,
and reply-to-all from there: mbox
Avoid top-posting and favor interleaved quoting:
https://en.wikipedia.org/wiki/Posting_style#Interleaved_style
* Reply using the --to, --cc, and --in-reply-to
switches of git-send-email(1):
git send-email \
--in-reply-to=osstest-71128-mainreport@xen.org \
--to=citrix-osstest@xenproject.org \
--cc=osstest-admin@xenproject.org \
--cc=xen-devel@lists.xensource.com \
/path/to/YOUR_REPLY
https://kernel.org/pub/software/scm/git/docs/git-send-email.html
* If your mail client supports setting the In-Reply-To header
via mailto: links, try the mailto: link
Be sure your reply has a Subject: header at the top and a blank line
before the message body.
This is a public inbox, see mirroring instructions
for how to clone and mirror all data and code used for this inbox;
as well as URLs for NNTP newsgroup(s).