* [xen-unstable baseline-only test] 71145: regressions - trouble: blocked/broken/fail/pass
@ 2017-04-04 13:30 Platform Team regression test user
0 siblings, 0 replies; only message in thread
From: Platform Team regression test user @ 2017-04-04 13:30 UTC (permalink / raw)
To: xen-devel, osstest-admin
This run is configured for baseline tests only.
flight 71145 xen-unstable real [real]
http://osstest.xs.citrite.net/~osstest/testlogs/logs/71145/
Regressions :-(
Tests which did not succeed and are blocking,
including tests which could not be run:
test-amd64-amd64-libvirt-xsm 17 guest-start/debian.repeat fail REGR. vs. 71142
test-amd64-i386-xl-qemuu-debianhvm-amd64 20 leak-check/check fail REGR. vs. 71142
Regressions which are regarded as allowable (not blocking):
test-armhf-armhf-libvirt-raw 12 saverestore-support-check fail blocked in 71142
test-armhf-armhf-libvirt-xsm 13 saverestore-support-check fail like 71142
test-armhf-armhf-libvirt 13 saverestore-support-check fail like 71142
test-amd64-amd64-qemuu-nested-intel 16 debian-hvm-install/l1/l2 fail like 71142
test-amd64-i386-xl-qemuu-win7-amd64 16 guest-stop fail like 71142
test-amd64-i386-xl-qemut-winxpsp3-vcpus1 9 windows-install fail like 71142
test-amd64-i386-xl-qemuu-winxpsp3-vcpus1 9 windows-install fail like 71142
test-amd64-amd64-xl-qemut-winxpsp3 9 windows-install fail like 71142
Tests which did not succeed, but are not blocking:
test-arm64-arm64-libvirt-xsm 1 build-check(1) blocked n/a
test-arm64-arm64-xl 1 build-check(1) blocked n/a
build-arm64-libvirt 1 build-check(1) blocked n/a
test-arm64-arm64-libvirt-qcow2 1 build-check(1) blocked n/a
test-arm64-arm64-libvirt 1 build-check(1) blocked n/a
test-arm64-arm64-xl-credit2 1 build-check(1) blocked n/a
test-arm64-arm64-xl-rtds 1 build-check(1) blocked n/a
test-arm64-arm64-xl-multivcpu 1 build-check(1) blocked n/a
test-arm64-arm64-xl-xsm 1 build-check(1) blocked n/a
build-arm64 2 hosts-allocate broken never pass
build-arm64-pvops 2 hosts-allocate broken never pass
build-arm64-xsm 2 hosts-allocate broken never pass
build-arm64-xsm 3 capture-logs broken never pass
build-arm64 3 capture-logs broken never pass
build-arm64-pvops 3 capture-logs broken never pass
test-armhf-armhf-xl-credit2 12 migrate-support-check fail never pass
test-armhf-armhf-xl-credit2 13 saverestore-support-check fail never pass
test-armhf-armhf-xl-xsm 12 migrate-support-check fail never pass
test-armhf-armhf-xl-xsm 13 saverestore-support-check fail never pass
test-armhf-armhf-libvirt-xsm 12 migrate-support-check fail never pass
test-armhf-armhf-xl-multivcpu 12 migrate-support-check fail never pass
test-armhf-armhf-xl-multivcpu 13 saverestore-support-check fail never pass
test-armhf-armhf-xl-midway 12 migrate-support-check fail never pass
test-armhf-armhf-xl-midway 13 saverestore-support-check fail never pass
test-armhf-armhf-libvirt 12 migrate-support-check fail never pass
test-armhf-armhf-xl 12 migrate-support-check fail never pass
test-armhf-armhf-xl 13 saverestore-support-check fail never pass
test-amd64-amd64-libvirt-xsm 12 migrate-support-check fail never pass
test-amd64-amd64-libvirt 12 migrate-support-check fail never pass
test-armhf-armhf-xl-rtds 12 migrate-support-check fail never pass
test-armhf-armhf-xl-rtds 13 saverestore-support-check fail never pass
test-amd64-i386-libvirt 12 migrate-support-check fail never pass
test-armhf-armhf-libvirt-raw 11 migrate-support-check fail never pass
test-amd64-i386-libvirt-xsm 12 migrate-support-check fail never pass
test-amd64-i386-libvirt-qemuu-debianhvm-amd64-xsm 10 migrate-support-check fail never pass
test-amd64-amd64-libvirt-qemuu-debianhvm-amd64-xsm 10 migrate-support-check fail never pass
test-armhf-armhf-xl-vhd 11 migrate-support-check fail never pass
test-armhf-armhf-xl-vhd 12 saverestore-support-check fail never pass
test-amd64-amd64-qemuu-nested-amd 16 debian-hvm-install/l1/l2 fail never pass
test-amd64-amd64-libvirt-vhd 11 migrate-support-check fail never pass
test-amd64-i386-xl-qemut-win7-amd64 16 guest-stop fail never pass
test-amd64-amd64-xl-qemuu-win7-amd64 16 guest-stop fail never pass
test-amd64-amd64-xl-qemut-win7-amd64 16 guest-stop fail never pass
version targeted for testing:
xen 4d0240e03349fd0715332eae65372e0a47b5a43b
baseline version:
xen 41630eb1b615158af42f4468236457fd3f8a6819
Last test of basis 71142 2017-04-02 05:17:41 Z 2 days
Testing same since 71145 2017-04-04 04:18:13 Z 0 days 1 attempts
------------------------------------------------------------
People who touched revisions under test:
Ian Jackson <ian.jackson@eu.citrix.com>
Juergen Gross <jgross@suse.com>
Wei Liu <wei.liu2@citrix.com>
jobs:
build-amd64-xsm pass
build-arm64-xsm broken
build-armhf-xsm pass
build-i386-xsm pass
build-amd64-xtf pass
build-amd64 pass
build-arm64 broken
build-armhf pass
build-i386 pass
build-amd64-libvirt pass
build-arm64-libvirt blocked
build-armhf-libvirt pass
build-i386-libvirt pass
build-amd64-oldkern pass
build-i386-oldkern pass
build-amd64-prev pass
build-i386-prev pass
build-amd64-pvops pass
build-arm64-pvops broken
build-armhf-pvops pass
build-i386-pvops pass
build-amd64-rumprun pass
build-i386-rumprun pass
test-xtf-amd64-amd64-1 pass
test-xtf-amd64-amd64-2 pass
test-xtf-amd64-amd64-3 pass
test-xtf-amd64-amd64-4 pass
test-xtf-amd64-amd64-5 pass
test-amd64-amd64-xl pass
test-arm64-arm64-xl blocked
test-armhf-armhf-xl pass
test-amd64-i386-xl pass
test-amd64-amd64-xl-qemut-debianhvm-amd64-xsm pass
test-amd64-i386-xl-qemut-debianhvm-amd64-xsm pass
test-amd64-amd64-libvirt-qemuu-debianhvm-amd64-xsm pass
test-amd64-i386-libvirt-qemuu-debianhvm-amd64-xsm pass
test-amd64-amd64-xl-qemuu-debianhvm-amd64-xsm pass
test-amd64-i386-xl-qemuu-debianhvm-amd64-xsm pass
test-amd64-amd64-xl-qemut-stubdom-debianhvm-amd64-xsm pass
test-amd64-i386-xl-qemut-stubdom-debianhvm-amd64-xsm pass
test-amd64-amd64-libvirt-xsm fail
test-arm64-arm64-libvirt-xsm blocked
test-armhf-armhf-libvirt-xsm pass
test-amd64-i386-libvirt-xsm pass
test-amd64-amd64-xl-xsm pass
test-arm64-arm64-xl-xsm blocked
test-armhf-armhf-xl-xsm pass
test-amd64-i386-xl-xsm pass
test-amd64-amd64-qemuu-nested-amd fail
test-amd64-amd64-xl-pvh-amd pass
test-amd64-i386-qemut-rhel6hvm-amd pass
test-amd64-i386-qemuu-rhel6hvm-amd pass
test-amd64-amd64-xl-qemut-debianhvm-amd64 pass
test-amd64-i386-xl-qemut-debianhvm-amd64 pass
test-amd64-amd64-xl-qemuu-debianhvm-amd64 pass
test-amd64-i386-xl-qemuu-debianhvm-amd64 fail
test-amd64-i386-freebsd10-amd64 pass
test-amd64-amd64-xl-qemuu-ovmf-amd64 pass
test-amd64-i386-xl-qemuu-ovmf-amd64 pass
test-amd64-amd64-rumprun-amd64 pass
test-amd64-amd64-xl-qemut-win7-amd64 fail
test-amd64-i386-xl-qemut-win7-amd64 fail
test-amd64-amd64-xl-qemuu-win7-amd64 fail
test-amd64-i386-xl-qemuu-win7-amd64 fail
test-amd64-amd64-xl-credit2 pass
test-arm64-arm64-xl-credit2 blocked
test-armhf-armhf-xl-credit2 pass
test-amd64-i386-freebsd10-i386 pass
test-amd64-i386-rumprun-i386 pass
test-amd64-amd64-qemuu-nested-intel fail
test-amd64-amd64-xl-pvh-intel pass
test-amd64-i386-qemut-rhel6hvm-intel pass
test-amd64-i386-qemuu-rhel6hvm-intel pass
test-amd64-amd64-libvirt pass
test-arm64-arm64-libvirt blocked
test-armhf-armhf-libvirt pass
test-amd64-i386-libvirt pass
test-armhf-armhf-xl-midway pass
test-amd64-amd64-migrupgrade pass
test-amd64-i386-migrupgrade pass
test-amd64-amd64-xl-multivcpu pass
test-arm64-arm64-xl-multivcpu blocked
test-armhf-armhf-xl-multivcpu pass
test-amd64-amd64-pair pass
test-amd64-i386-pair pass
test-amd64-amd64-libvirt-pair pass
test-amd64-i386-libvirt-pair pass
test-amd64-amd64-amd64-pvgrub pass
test-amd64-amd64-i386-pvgrub pass
test-amd64-amd64-pygrub pass
test-arm64-arm64-libvirt-qcow2 blocked
test-amd64-amd64-xl-qcow2 pass
test-armhf-armhf-libvirt-raw pass
test-amd64-i386-xl-raw pass
test-amd64-amd64-xl-rtds pass
test-arm64-arm64-xl-rtds blocked
test-armhf-armhf-xl-rtds pass
test-amd64-i386-xl-qemut-winxpsp3-vcpus1 fail
test-amd64-i386-xl-qemuu-winxpsp3-vcpus1 fail
test-amd64-amd64-libvirt-vhd pass
test-armhf-armhf-xl-vhd pass
test-amd64-amd64-xl-qemut-winxpsp3 fail
test-amd64-i386-xl-qemut-winxpsp3 pass
test-amd64-amd64-xl-qemuu-winxpsp3 pass
test-amd64-i386-xl-qemuu-winxpsp3 pass
------------------------------------------------------------
sg-report-flight on osstest.xs.citrite.net
logs: /home/osstest/logs
images: /home/osstest/images
Logs, config files, etc. are available at
http://osstest.xs.citrite.net/~osstest/testlogs/logs
Test harness code can be found at
http://xenbits.xensource.com/gitweb?p=osstest.git;a=summary
broken-step build-arm64 hosts-allocate
broken-step build-arm64-pvops hosts-allocate
broken-step build-arm64-xsm hosts-allocate
broken-step build-arm64-xsm capture-logs
broken-step build-arm64 capture-logs
broken-step build-arm64-pvops capture-logs
Push not applicable.
------------------------------------------------------------
commit 4d0240e03349fd0715332eae65372e0a47b5a43b
Author: Ian Jackson <ian.jackson@eu.citrix.com>
Date: Mon Apr 3 12:34:13 2017 +0100
tools: ocaml: In configure, check for ocamlopt
If ocaml.m4 didn't find ocamlopt, disable all the ocaml builds.
Currently our Makefiles do not work properly when the native code
compiler (`ocamlopt') is not available. In principle this should be
fixed to fall back to bytecode, but this is not a task for this stage
of the Xen 4.9 release.
Without this change, we cannot build on systems with only ocamlc.
That includes Debian jessie ARM64, as used on the new ARM64 hardware
in the Xen Project CI test lab.
When the Makefiles are fixed, this commit should be reverted.
Committers: Please rerun autogen.sh.
CC: Julien Grall <julien.grall@arm.com>
CC: Christian Lindig <christian.lindig@citrix.com>
CC: Jonathan Ludlam <Jonathan.Ludlam@citrix.com>
CC: David Scott <dave@recoil.org>
CC: Wei Liu <wei.liu2@citrix.com>
Tested-by: Ian Jackson <Ian.Jackson@eu.citrix.com>
Signed-off-by: Ian Jackson <Ian.Jackson@eu.citrix.com>
Acked-by: Wei Liu <wei.liu2@citrix.com>
commit 183676701552f27012f6b33106f139835d3cb841
Author: Juergen Gross <jgross@suse.com>
Date: Tue Mar 28 18:26:15 2017 +0200
xenstore: cleanup tdb.c
Remove all unused functions from tdb.c. This will reduce code size of
xenstored and - more important - of xenstore stubdom.
tdb.c hasn't been updated to a newer version since its introduction in
2005. Any backport of bug fixes or update to a new version will need
major work, so there is no real downside to remove not needed code.
Signed-off-by: Juergen Gross <jgross@suse.com>
Acked-by: Ian Jackson <ian.jackson@eu.citrix.com>
Acked-by: Wei Liu <wei.liu2@citrix.com>
commit f2bebf72c4d51aa954aabae468587e626f95ce98
Author: Juergen Gross <jgross@suse.com>
Date: Fri Mar 31 13:29:19 2017 +0200
xenstore: rework of transaction handling
The handling of transactions in xenstored is rather clumsy today:
- Each transaction in progress is keeping a local copy of the complete
xenstore data base
- A transaction will fail as soon as any node is being modified outside
the transaction
This is leading to a very bad behavior in case of a large xenstore.
Memory consumption of xenstored is much higher than necessary and with
many domains up transactions failures will be more and more common.
Instead of keeping a complete copy of the data base for each
transaction store the transaction data in the same data base as the
normal xenstore entries prepended with the transaction in the single
nodes either read or modified. At the end of the transaction walk
through all nodes accessed and check for conflicting modifications.
In case no conflicts are found write all modified nodes to the data
base without transaction identifier.
Following tests have been performed:
- create/destroy of various domains, including HVM with ioemu-stubdom
(xenstored and xenstore-stubdom)
- multiple concurrent runs of xs-test over several minutes
(xenstored and xenstore-stubdom)
- test for memory leaks of xenstored by dumping talloc reports before
and after the tests
Signed-off-by: Juergen Gross <jgross@suse.com>
Reviewed-by: Wei Liu <wei.liu2@citrix.com>
commit 607dca6a141716630fc87879727195ea1670dcfb
Author: Juergen Gross <jgross@suse.com>
Date: Tue Mar 28 18:26:13 2017 +0200
xenstore: undo function rename
Undo the function rename done in previous patch.
Signed-off-by: Juergen Gross <jgross@suse.com>
Reviewed-by: Wei Liu <wei.liu2@citrix.com>
commit 6f237ac0aedadd699a9bd7d6b9f0b844767c3494
Author: Juergen Gross <jgross@suse.com>
Date: Tue Mar 28 18:26:12 2017 +0200
xenstore: let write_node() and some callers return errno
Instead of setting errno and returning true or false return the error
value directly.
In order to ensure all call sites have been changed according to the
modification rename the functions to xs_*.
Signed-off-by: Juergen Gross <jgross@suse.com>
Reviewed-by: Wei Liu <wei.liu2@citrix.com>
(qemu changes not included)
_______________________________________________
Xen-devel mailing list
Xen-devel@lists.xen.org
https://lists.xen.org/xen-devel
^ permalink raw reply [flat|nested] only message in thread
only message in thread, other threads:[~2017-04-04 13:30 UTC | newest]
Thread overview: (only message) (download: mbox.gz follow: Atom feed
-- links below jump to the message on this page --
2017-04-04 13:30 [xen-unstable baseline-only test] 71145: regressions - trouble: blocked/broken/fail/pass Platform Team regression test user
This is a public inbox, see mirroring instructions
for how to clone and mirror all data and code used for this inbox;
as well as URLs for NNTP newsgroup(s).