From mboxrd@z Thu Jan 1 00:00:00 1970 From: Platform Team regression test user Subject: [linux-3.18 baseline-only test] 71220: regressions - trouble: blocked/broken/fail/pass Date: Sun, 23 Apr 2017 10:57:22 +0100 Message-ID: Mime-Version: 1.0 Content-Type: multipart/mixed; boundary="===============7161329755255661409==" Return-path: List-Unsubscribe: , List-Post: List-Help: List-Subscribe: , Errors-To: xen-devel-bounces@lists.xen.org Sender: "Xen-devel" To: xen-devel@lists.xensource.com, osstest-admin@xenproject.org List-Id: xen-devel@lists.xenproject.org --===============7161329755255661409== Content-Type: text/plain This run is configured for baseline tests only. flight 71220 linux-3.18 real [real] http://osstest.xs.citrite.net/~osstest/testlogs/logs/71220/ Regressions :-( Tests which did not succeed and are blocking, including tests which could not be run: build-amd64-xsm 4 host-build-prep fail REGR. vs. 71209 Regressions which are regarded as allowable (not blocking): test-armhf-armhf-libvirt-xsm 13 saverestore-support-check fail like 71209 test-armhf-armhf-libvirt 13 saverestore-support-check fail like 71209 test-armhf-armhf-libvirt-raw 12 saverestore-support-check fail like 71209 test-amd64-amd64-qemuu-nested-intel 16 debian-hvm-install/l1/l2 fail like 71209 test-amd64-amd64-xl-qemut-win7-amd64 16 guest-stop fail like 71209 test-amd64-i386-xl-qemuu-win7-amd64 16 guest-stop fail like 71209 test-amd64-i386-xl-qemut-winxpsp3-vcpus1 9 windows-install fail like 71209 Tests which did not succeed, but are not blocking: test-arm64-arm64-libvirt-xsm 1 build-check(1) blocked n/a test-amd64-i386-xl-xsm 1 build-check(1) blocked n/a test-amd64-i386-libvirt-qemuu-debianhvm-amd64-xsm 1 build-check(1) blocked n/a test-amd64-amd64-xl-qemuu-debianhvm-amd64-xsm 1 build-check(1) blocked n/a test-amd64-i386-xl-qemuu-debianhvm-amd64-xsm 1 build-check(1) blocked n/a test-amd64-i386-xl-qemut-debianhvm-amd64-xsm 1 build-check(1) blocked n/a test-arm64-arm64-xl 1 build-check(1) blocked n/a build-arm64-libvirt 1 build-check(1) blocked n/a test-arm64-arm64-libvirt-qcow2 1 build-check(1) blocked n/a test-amd64-amd64-xl-qemut-stubdom-debianhvm-amd64-xsm 1 build-check(1) blocked n/a test-arm64-arm64-libvirt 1 build-check(1) blocked n/a test-amd64-i386-libvirt-xsm 1 build-check(1) blocked n/a test-amd64-amd64-libvirt-xsm 1 build-check(1) blocked n/a test-amd64-amd64-xl-xsm 1 build-check(1) blocked n/a test-arm64-arm64-xl-credit2 1 build-check(1) blocked n/a test-amd64-amd64-libvirt-qemuu-debianhvm-amd64-xsm 1 build-check(1) blocked n/a test-amd64-i386-xl-qemut-stubdom-debianhvm-amd64-xsm 1 build-check(1) blocked n/a test-arm64-arm64-xl-rtds 1 build-check(1) blocked n/a test-arm64-arm64-xl-multivcpu 1 build-check(1) blocked n/a test-amd64-amd64-xl-qemut-debianhvm-amd64-xsm 1 build-check(1) blocked n/a test-arm64-arm64-xl-xsm 1 build-check(1) blocked n/a build-arm64 2 hosts-allocate broken never pass build-arm64-pvops 2 hosts-allocate broken never pass build-arm64-xsm 2 hosts-allocate broken never pass build-arm64 3 capture-logs broken never pass build-arm64-pvops 3 capture-logs broken never pass build-arm64-xsm 3 capture-logs broken never pass test-armhf-armhf-xl 12 migrate-support-check fail never pass test-armhf-armhf-xl 13 saverestore-support-check fail never pass test-armhf-armhf-xl-multivcpu 12 migrate-support-check fail never pass test-armhf-armhf-xl-multivcpu 13 saverestore-support-check fail never pass test-armhf-armhf-libvirt-xsm 12 migrate-support-check fail never pass test-armhf-armhf-xl-midway 12 migrate-support-check fail never pass test-armhf-armhf-xl-credit2 12 migrate-support-check fail never pass test-armhf-armhf-xl-midway 13 saverestore-support-check fail never pass test-armhf-armhf-xl-credit2 13 saverestore-support-check fail never pass test-armhf-armhf-libvirt 12 migrate-support-check fail never pass test-armhf-armhf-xl-xsm 12 migrate-support-check fail never pass test-armhf-armhf-xl-xsm 13 saverestore-support-check fail never pass test-amd64-i386-libvirt 12 migrate-support-check fail never pass test-amd64-amd64-libvirt 12 migrate-support-check fail never pass test-armhf-armhf-xl-rtds 12 migrate-support-check fail never pass test-armhf-armhf-xl-rtds 13 saverestore-support-check fail never pass test-armhf-armhf-libvirt-raw 11 migrate-support-check fail never pass test-armhf-armhf-xl-vhd 11 migrate-support-check fail never pass test-armhf-armhf-xl-vhd 12 saverestore-support-check fail never pass test-amd64-amd64-qemuu-nested-amd 16 debian-hvm-install/l1/l2 fail never pass test-amd64-amd64-libvirt-vhd 11 migrate-support-check fail never pass test-amd64-amd64-xl-qemuu-win7-amd64 16 guest-stop fail never pass test-amd64-i386-xl-qemut-win7-amd64 16 guest-stop fail never pass version targeted for testing: linux 630b59cde7be8248b425cbe27c970c2ba8db36f2 baseline version: linux e6ff2eed0d0865fd3b0391b7e88ecc5e259eed28 Last test of basis 71209 2017-04-20 08:20:26 Z 3 days Testing same since 71220 2017-04-23 01:48:13 Z 0 days 1 attempts ------------------------------------------------------------ People who touched revisions under test: Aaron Brown Adrian Hunter Al Stone Alexandre Belloni Alexei Starovoitov Amit Pundir Andrew Morton Andrey Ulanov Andy Lutomirski Andy Shevchenko Ankur Arora Anton Blanchard Arnd Bergmann Aurelien Aptel Bartlomiej Zolnierkiewicz Ben Hutchings Ben Segall Benjamin Herrenschmidt Bjorn Andersson Boris Ostrovsky Brahadambal Srinivasan Brian Norris bsegall@google.com Cameron Gutman Chris J Arges Chris Leech Chris Salls Chu Yuan Lin Cong Wang Daniel Borkmann Darrick J. Wong Dave Chinner Dave Martin David Hildenbrand David S. Miller Dmitry Torokhov Douglas Gilbert Eric Biggers Eric Dumazet Eric Sandeen Eric Sandeen Florian Fainelli Frederic Barrat Gabriel Krisman Bertazi Geert Uytterhoeven Germano Percossi Greg Kroah-Hartman Heiko Carstens Henrik Ingo Herbert Xu Hillf Danton Horia Geantă Ingo Molnar Jamal Hadi Salim James Hogan Jan-Marek Glogowski Jeff Kirsher Jens Axboe Joerg Roedel Johan Hovold John Garry Jonathan Cameron Josh Poimboeuf Juergen Gross K. Y. Srinivasan Kai-Heng Feng Kees Cook Kefeng Wang Koos Vriezen Ladi Prosek Laurent Pinchart Laurent Vivier Lee, Chun-Yi Lee, Chun-Yi Li Qiang Li Qiang Linus Torvalds Linus Walleij Lisandro Damián Nicanor Pérez Meyer Ludovic Desroches Mantas M Mantas Mikulėnas Maor Gottlieb Marc Zyngier Marcelo Henrique Cerri Marcelo Ricardo Leitner Martin K. Petersen Martin Schwidefsky Mathias Krause Mauricio Faria de Oliveira Mauro Carvalho Chehab Max Bires Max Lohrmann Michael Ellerman Michael Engl Michael S. Tsirkin Minchan Kim Murray McAllister Naoya Horiguchi Neal Cardwell Nicholas Bellinger Nicolas Ferre Nikolay Borisov Oleg Nesterov Oliver Neukum Omar Sandoval Paolo Bonzini Paul Mackerras Peter Chang Peter Xu Peter Zijlstra (Intel) Peter Zijlstra Radim Krčmář Rafael J. Wysocki Rafał Miłecki Richard Genoud Roman Mashak Sabrina Dubroca Saeed Mahameed Sam Bobroff Shaohua Li Stefan Brüns Steve French Steven Rostedt (VMware) Suzuki K Poulose Tahsin Erdogan Takashi Iwai Tejun Heo Theodore Ts'o Thierry Reding Thomas Gleixner Thomas Hellstrom Thomas Huth Todd Fujinaka Tommi Rantala Ulf Hansson Uwe Kleine-König Vitaly Kuznetsov Wei Yongjun Xin Long 家瑋 jobs: build-amd64-xsm broken build-arm64-xsm broken build-armhf-xsm pass build-i386-xsm pass build-amd64 pass build-arm64 broken build-armhf pass build-i386 pass build-amd64-libvirt pass build-arm64-libvirt blocked build-armhf-libvirt pass build-i386-libvirt pass build-amd64-pvops pass build-arm64-pvops broken build-armhf-pvops pass build-i386-pvops pass build-amd64-rumprun pass build-i386-rumprun pass test-amd64-amd64-xl pass test-arm64-arm64-xl blocked test-armhf-armhf-xl pass test-amd64-i386-xl pass test-amd64-amd64-xl-qemut-debianhvm-amd64-xsm blocked test-amd64-i386-xl-qemut-debianhvm-amd64-xsm blocked test-amd64-amd64-libvirt-qemuu-debianhvm-amd64-xsm blocked test-amd64-i386-libvirt-qemuu-debianhvm-amd64-xsm blocked test-amd64-amd64-xl-qemuu-debianhvm-amd64-xsm blocked test-amd64-i386-xl-qemuu-debianhvm-amd64-xsm blocked test-amd64-amd64-xl-qemut-stubdom-debianhvm-amd64-xsm blocked test-amd64-i386-xl-qemut-stubdom-debianhvm-amd64-xsm blocked test-amd64-amd64-libvirt-xsm blocked test-arm64-arm64-libvirt-xsm blocked test-armhf-armhf-libvirt-xsm pass test-amd64-i386-libvirt-xsm blocked test-amd64-amd64-xl-xsm blocked test-arm64-arm64-xl-xsm blocked test-armhf-armhf-xl-xsm pass test-amd64-i386-xl-xsm blocked test-amd64-amd64-qemuu-nested-amd fail test-amd64-amd64-xl-pvh-amd pass test-amd64-i386-qemut-rhel6hvm-amd pass test-amd64-i386-qemuu-rhel6hvm-amd pass test-amd64-amd64-xl-qemut-debianhvm-amd64 pass test-amd64-i386-xl-qemut-debianhvm-amd64 pass test-amd64-amd64-xl-qemuu-debianhvm-amd64 pass test-amd64-i386-xl-qemuu-debianhvm-amd64 pass test-amd64-i386-freebsd10-amd64 pass test-amd64-amd64-xl-qemuu-ovmf-amd64 pass test-amd64-i386-xl-qemuu-ovmf-amd64 pass test-amd64-amd64-rumprun-amd64 pass test-amd64-amd64-xl-qemut-win7-amd64 fail test-amd64-i386-xl-qemut-win7-amd64 fail test-amd64-amd64-xl-qemuu-win7-amd64 fail test-amd64-i386-xl-qemuu-win7-amd64 fail test-amd64-amd64-xl-credit2 pass test-arm64-arm64-xl-credit2 blocked test-armhf-armhf-xl-credit2 pass test-amd64-i386-freebsd10-i386 pass test-amd64-i386-rumprun-i386 pass test-amd64-amd64-qemuu-nested-intel fail test-amd64-amd64-xl-pvh-intel pass test-amd64-i386-qemut-rhel6hvm-intel pass test-amd64-i386-qemuu-rhel6hvm-intel pass test-amd64-amd64-libvirt pass test-arm64-arm64-libvirt blocked test-armhf-armhf-libvirt pass test-amd64-i386-libvirt pass test-armhf-armhf-xl-midway pass test-amd64-amd64-xl-multivcpu pass test-arm64-arm64-xl-multivcpu blocked test-armhf-armhf-xl-multivcpu pass test-amd64-amd64-pair pass test-amd64-i386-pair pass test-amd64-amd64-libvirt-pair pass test-amd64-i386-libvirt-pair pass test-amd64-amd64-amd64-pvgrub pass test-amd64-amd64-i386-pvgrub pass test-amd64-amd64-pygrub pass test-arm64-arm64-libvirt-qcow2 blocked test-amd64-amd64-xl-qcow2 pass test-armhf-armhf-libvirt-raw pass test-amd64-i386-xl-raw pass test-amd64-amd64-xl-rtds pass test-arm64-arm64-xl-rtds blocked test-armhf-armhf-xl-rtds pass test-amd64-i386-xl-qemut-winxpsp3-vcpus1 fail test-amd64-i386-xl-qemuu-winxpsp3-vcpus1 pass test-amd64-amd64-libvirt-vhd pass test-armhf-armhf-xl-vhd pass test-amd64-amd64-xl-qemut-winxpsp3 pass test-amd64-i386-xl-qemut-winxpsp3 pass test-amd64-amd64-xl-qemuu-winxpsp3 pass test-amd64-i386-xl-qemuu-winxpsp3 pass ------------------------------------------------------------ sg-report-flight on osstest.xs.citrite.net logs: /home/osstest/logs images: /home/osstest/images Logs, config files, etc. are available at http://osstest.xs.citrite.net/~osstest/testlogs/logs Test harness code can be found at http://xenbits.xensource.com/gitweb?p=osstest.git;a=summary broken-step build-arm64 hosts-allocate broken-step build-arm64-pvops hosts-allocate broken-step build-arm64-xsm hosts-allocate broken-step build-arm64 capture-logs broken-step build-arm64-pvops capture-logs broken-step build-arm64-xsm capture-logs Push not applicable. (No revision log; it would be 3272 lines long.) --===============7161329755255661409== Content-Type: text/plain; charset="utf-8" MIME-Version: 1.0 Content-Transfer-Encoding: base64 Content-Disposition: inline X19fX19fX19fX19fX19fX19fX19fX19fX19fX19fX19fX19fX19fX19fX19fX18KWGVuLWRldmVs IG1haWxpbmcgbGlzdApYZW4tZGV2ZWxAbGlzdHMueGVuLm9yZwpodHRwczovL2xpc3RzLnhlbi5v cmcveGVuLWRldmVsCg== --===============7161329755255661409==--