* [ovmf baseline-only test] 71222: all pass
@ 2017-04-24 7:11 Platform Team regression test user
0 siblings, 0 replies; only message in thread
From: Platform Team regression test user @ 2017-04-24 7:11 UTC (permalink / raw)
To: xen-devel, osstest-admin
This run is configured for baseline tests only.
flight 71222 ovmf real [real]
http://osstest.xs.citrite.net/~osstest/testlogs/logs/71222/
Perfect :-)
All tests in this flight passed as required
version targeted for testing:
ovmf f6b139bde7e0a39f83ffad30af58136d5b0738a7
baseline version:
ovmf 205a4b0c15372c004a947b6873f711805415f542
Last test of basis 71217 2017-04-21 15:49:30 Z 2 days
Testing same since 71222 2017-04-24 05:19:41 Z 0 days 1 attempts
------------------------------------------------------------
People who touched revisions under test:
Hao Wu <hao.a.wu@intel.com>
Suman Prakash <suman.p@samsung.com>
jobs:
build-amd64-xsm pass
build-i386-xsm pass
build-amd64 pass
build-i386 pass
build-amd64-libvirt pass
build-i386-libvirt pass
build-amd64-pvops pass
build-i386-pvops pass
test-amd64-amd64-xl-qemuu-ovmf-amd64 pass
test-amd64-i386-xl-qemuu-ovmf-amd64 pass
------------------------------------------------------------
sg-report-flight on osstest.xs.citrite.net
logs: /home/osstest/logs
images: /home/osstest/images
Logs, config files, etc. are available at
http://osstest.xs.citrite.net/~osstest/testlogs/logs
Test harness code can be found at
http://xenbits.xensource.com/gitweb?p=osstest.git;a=summary
Push not applicable.
------------------------------------------------------------
commit f6b139bde7e0a39f83ffad30af58136d5b0738a7
Author: Suman Prakash <suman.p@samsung.com>
Date: Thu Apr 20 18:01:42 2017 +0800
MdeModulePkg/NvmExpressDxe: Handling return of write to sq and cq db
In case of an async command if updating the submission queue tail
doorbell fails then the command will not be picked up by device and
no completion response will be created. This scenario has to be handled.
Also if we create an AsyncRequest element and insert in the async queue,
it will never receive a completion so in the timer routine this element
won't be freed, resulting in memory leak. Also in case of blocking calls
we should capture the status of updating completion queue head doorbell
register and return it to caller of PassThru.
Contributed-under: TianoCore Contribution Agreement 1.0
Signed-off-by: Suman Prakash <suman.p@samsung.com>
Reviewed-by: Hao Wu <hao.a.wu@intel.com>
commit f8f931f632f7d7ff12a1cfdec36ebefe19085e83
Author: Hao Wu <hao.a.wu@intel.com>
Date: Fri Apr 21 10:38:57 2017 +0800
MdeModulePkg/PiSmmCore: Remove redundant PoolTail pointer assignment
Contributed-under: TianoCore Contribution Agreement 1.0
Signed-off-by: Hao Wu <hao.a.wu@intel.com>
Reviewed-by: Star Zeng <star.zeng@intel.com>
_______________________________________________
Xen-devel mailing list
Xen-devel@lists.xen.org
https://lists.xen.org/xen-devel
^ permalink raw reply [flat|nested] only message in thread
only message in thread, other threads:[~2017-04-24 7:11 UTC | newest]
Thread overview: (only message) (download: mbox.gz follow: Atom feed
-- links below jump to the message on this page --
2017-04-24 7:11 [ovmf baseline-only test] 71222: all pass Platform Team regression test user
This is a public inbox, see mirroring instructions
for how to clone and mirror all data and code used for this inbox;
as well as URLs for NNTP newsgroup(s).