From: Platform Team regression test user <citrix-osstest@xenproject.org>
To: xen-devel@lists.xensource.com, osstest-admin@xenproject.org
Subject: [ovmf baseline-only test] 71284: tolerable FAIL
Date: Wed, 10 May 2017 21:08:02 +0100 [thread overview]
Message-ID: <osstest-71284-mainreport@xen.org> (raw)
This run is configured for baseline tests only.
flight 71284 ovmf real [real]
http://osstest.xs.citrite.net/~osstest/testlogs/logs/71284/
Failures :-/ but no regressions.
Regressions which are regarded as allowable (not blocking):
build-amd64-libvirt 5 libvirt-build fail blocked in 71269
build-i386-libvirt 5 libvirt-build fail blocked in 71269
version targeted for testing:
ovmf af5fed90bfbf27dc1acafbd69b98f4968a97ef3a
baseline version:
ovmf d547b32dccbef8bd4fedda648db270ad4cbf3857
Last test of basis 71269 2017-05-09 10:46:36 Z 1 days
Testing same since 71284 2017-05-10 18:16:34 Z 0 days 1 attempts
------------------------------------------------------------
People who touched revisions under test:
Leif Lindholm <leif.lindholm@linaro.org>
jobs:
build-amd64-xsm pass
build-i386-xsm pass
build-amd64 pass
build-i386 pass
build-amd64-libvirt fail
build-i386-libvirt fail
build-amd64-pvops pass
build-i386-pvops pass
test-amd64-amd64-xl-qemuu-ovmf-amd64 pass
test-amd64-i386-xl-qemuu-ovmf-amd64 pass
------------------------------------------------------------
sg-report-flight on osstest.xs.citrite.net
logs: /home/osstest/logs
images: /home/osstest/images
Logs, config files, etc. are available at
http://osstest.xs.citrite.net/~osstest/testlogs/logs
Test harness code can be found at
http://xenbits.xensource.com/gitweb?p=osstest.git;a=summary
Push not applicable.
------------------------------------------------------------
commit af5fed90bfbf27dc1acafbd69b98f4968a97ef3a
Author: Leif Lindholm <leif.lindholm@linaro.org>
Date: Wed May 3 18:29:34 2017 +0100
ArmPlatformPkg,ArmVirtPkg: delete redundant PL031 functions
Remove the functions now provided by TimeBaseLib from
PL031RealTimeClockLib. Add TimeBaseLib resolution to ArmVirtPkg
in same commit to prevent breakage.
Contributed-under: TianoCore Contribution Agreement 1.0
Signed-off-by: Leif Lindholm <leif.lindholm@linaro.org>
Reviewed-by: Ard Biesheuvel <ard.biesheuvel@linaro.org>
commit b48959957128264ec7f56a18b1d8ddae85bfdffc
Author: Leif Lindholm <leif.lindholm@linaro.org>
Date: Wed May 3 16:54:56 2017 +0100
EmbeddedPkg: import EfiTimeBaseLib (as TimeBaseLib)
Some generic RTC helper functions were broken out from the PL031
library for use with other RTCs in OpenPlatformPkg. Import the code back
here, realigning it with the current state of PL031RealTimeClockLib to
simplify comparisons.
Contributed-under: TianoCore Contribution Agreement 1.0
Signed-off-by: Leif Lindholm <leif.lindholm@linaro.org>
Reviewed-by: Ard Biesheuvel <ard.biesheuvel@linaro.org>
commit ee66053106c63fc1aedec61014528febb18acdc9
Author: Leif Lindholm <leif.lindholm@linaro.org>
Date: Wed May 3 17:05:47 2017 +0100
EmbeddedPkg: import DesignWare EMMC driver
Imported from OpenPlatformPkg 0434ff62e3eb896e6c561dea84cfb8b80391603e.
Contributed-under: TianoCore Contribution Agreement 1.0
Signed-off-by: Leif Lindholm <leif.lindholm@linaro.org>
Reviewed-by: Ard Biesheuvel <ard.biesheuvel@linaro.org>
_______________________________________________
Xen-devel mailing list
Xen-devel@lists.xen.org
https://lists.xen.org/xen-devel
reply other threads:[~2017-05-10 20:08 UTC|newest]
Thread overview: [no followups] expand[flat|nested] mbox.gz Atom feed
Reply instructions:
You may reply publicly to this message via plain-text email
using any one of the following methods:
* Save the following mbox file, import it into your mail client,
and reply-to-all from there: mbox
Avoid top-posting and favor interleaved quoting:
https://en.wikipedia.org/wiki/Posting_style#Interleaved_style
* Reply using the --to, --cc, and --in-reply-to
switches of git-send-email(1):
git send-email \
--in-reply-to=osstest-71284-mainreport@xen.org \
--to=citrix-osstest@xenproject.org \
--cc=osstest-admin@xenproject.org \
--cc=xen-devel@lists.xensource.com \
/path/to/YOUR_REPLY
https://kernel.org/pub/software/scm/git/docs/git-send-email.html
* If your mail client supports setting the In-Reply-To header
via mailto: links, try the mailto: link
Be sure your reply has a Subject: header at the top and a blank line
before the message body.
This is a public inbox, see mirroring instructions
for how to clone and mirror all data and code used for this inbox;
as well as URLs for NNTP newsgroup(s).