* [xen-4.6-testing baseline-only test] 71335: regressions - FAIL
@ 2017-05-26 14:13 Platform Team regression test user
0 siblings, 0 replies; only message in thread
From: Platform Team regression test user @ 2017-05-26 14:13 UTC (permalink / raw)
To: xen-devel, osstest-admin
This run is configured for baseline tests only.
flight 71335 xen-4.6-testing real [real]
http://osstest.xs.citrite.net/~osstest/testlogs/logs/71335/
Regressions :-(
Tests which did not succeed and are blocking,
including tests which could not be run:
test-xtf-amd64-amd64-5 20 xtf/test-hvm32-invlpg~shadow fail REGR. vs. 71301
test-xtf-amd64-amd64-2 20 xtf/test-hvm32-invlpg~shadow fail REGR. vs. 71301
test-xtf-amd64-amd64-5 33 xtf/test-hvm32pae-invlpg~shadow fail REGR. vs. 71301
test-xtf-amd64-amd64-2 33 xtf/test-hvm32pae-invlpg~shadow fail REGR. vs. 71301
test-xtf-amd64-amd64-5 44 xtf/test-hvm64-invlpg~shadow fail REGR. vs. 71301
test-xtf-amd64-amd64-2 44 xtf/test-hvm64-invlpg~shadow fail REGR. vs. 71301
Regressions which are regarded as allowable (not blocking):
test-armhf-armhf-libvirt-xsm 13 saverestore-support-check fail like 71301
test-armhf-armhf-libvirt 13 saverestore-support-check fail like 71301
test-armhf-armhf-libvirt-raw 12 saverestore-support-check fail like 71301
test-amd64-amd64-qemuu-nested-intel 13 xen-boot/l1 fail like 71301
test-amd64-i386-xl-qemut-win7-amd64 16 guest-stop fail like 71301
test-amd64-amd64-xl-qemuu-win7-amd64 16 guest-stop fail like 71301
test-amd64-i386-xl-qemuu-win7-amd64 16 guest-stop fail like 71301
test-amd64-amd64-xl-qemut-winxpsp3 9 windows-install fail like 71301
Tests which did not succeed, but are not blocking:
test-amd64-i386-libvirt-xsm 12 migrate-support-check fail never pass
test-xtf-amd64-amd64-4 65 xtf/test-pv32pae-xsa-194 fail never pass
test-xtf-amd64-amd64-5 65 xtf/test-pv32pae-xsa-194 fail never pass
test-xtf-amd64-amd64-2 65 xtf/test-pv32pae-xsa-194 fail never pass
test-xtf-amd64-amd64-1 65 xtf/test-pv32pae-xsa-194 fail never pass
test-armhf-armhf-xl-multivcpu 12 migrate-support-check fail never pass
test-armhf-armhf-xl-multivcpu 13 saverestore-support-check fail never pass
test-armhf-armhf-libvirt-xsm 12 migrate-support-check fail never pass
test-armhf-armhf-libvirt 12 migrate-support-check fail never pass
test-armhf-armhf-xl 12 migrate-support-check fail never pass
test-armhf-armhf-xl 13 saverestore-support-check fail never pass
test-armhf-armhf-xl-credit2 12 migrate-support-check fail never pass
test-armhf-armhf-xl-credit2 13 saverestore-support-check fail never pass
test-xtf-amd64-amd64-3 65 xtf/test-pv32pae-xsa-194 fail never pass
test-armhf-armhf-xl-midway 12 migrate-support-check fail never pass
test-armhf-armhf-xl-midway 13 saverestore-support-check fail never pass
test-amd64-amd64-libvirt-xsm 12 migrate-support-check fail never pass
test-amd64-amd64-xl-pvh-amd 11 guest-start fail never pass
test-amd64-amd64-xl-pvh-intel 11 guest-start fail never pass
test-amd64-amd64-libvirt 12 migrate-support-check fail never pass
test-amd64-i386-libvirt 12 migrate-support-check fail never pass
test-armhf-armhf-xl-rtds 12 migrate-support-check fail never pass
test-armhf-armhf-xl-rtds 13 saverestore-support-check fail never pass
test-amd64-amd64-libvirt-vhd 11 migrate-support-check fail never pass
test-amd64-amd64-libvirt-qemuu-debianhvm-amd64-xsm 10 migrate-support-check fail never pass
test-armhf-armhf-xl-vhd 11 migrate-support-check fail never pass
test-armhf-armhf-xl-vhd 12 saverestore-support-check fail never pass
test-armhf-armhf-libvirt-raw 11 migrate-support-check fail never pass
test-amd64-i386-libvirt-qemuu-debianhvm-amd64-xsm 10 migrate-support-check fail never pass
test-amd64-amd64-qemuu-nested-amd 16 debian-hvm-install/l1/l2 fail never pass
test-armhf-armhf-xl-xsm 12 migrate-support-check fail never pass
test-armhf-armhf-xl-xsm 13 saverestore-support-check fail never pass
test-amd64-amd64-xl-qemut-win7-amd64 16 guest-stop fail never pass
version targeted for testing:
xen 7496924db24a7946b0a81e20344920b4ac55921a
baseline version:
xen 4f290909663600b92444a3bd924d443fb32ca7c6
Last test of basis 71301 2017-05-12 13:13:48 Z 14 days
Testing same since 71335 2017-05-17 13:46:54 Z 9 days 1 attempts
------------------------------------------------------------
People who touched revisions under test:
Andrew Cooper <andrew.cooper3@citrix.com>
Seraphime Kirkovski <kirkseraph@gmail.com>
Wei Liu <wei.liu2@citrix.com>
jobs:
build-amd64-xsm pass
build-armhf-xsm pass
build-i386-xsm pass
build-amd64-xtf pass
build-amd64 pass
build-armhf pass
build-i386 pass
build-amd64-libvirt pass
build-armhf-libvirt pass
build-i386-libvirt pass
build-amd64-prev pass
build-i386-prev pass
build-amd64-pvops pass
build-armhf-pvops pass
build-i386-pvops pass
build-amd64-rumprun pass
build-i386-rumprun pass
test-xtf-amd64-amd64-1 pass
test-xtf-amd64-amd64-2 pass
test-xtf-amd64-amd64-3 pass
test-xtf-amd64-amd64-4 pass
test-xtf-amd64-amd64-5 pass
test-amd64-amd64-xl pass
test-armhf-armhf-xl pass
test-amd64-i386-xl pass
test-amd64-amd64-xl-qemut-debianhvm-amd64-xsm pass
test-amd64-i386-xl-qemut-debianhvm-amd64-xsm pass
test-amd64-amd64-libvirt-qemuu-debianhvm-amd64-xsm pass
test-amd64-i386-libvirt-qemuu-debianhvm-amd64-xsm pass
test-amd64-amd64-xl-qemuu-debianhvm-amd64-xsm pass
test-amd64-i386-xl-qemuu-debianhvm-amd64-xsm pass
test-amd64-amd64-xl-qemut-stubdom-debianhvm-amd64-xsm pass
test-amd64-i386-xl-qemut-stubdom-debianhvm-amd64-xsm pass
test-amd64-amd64-libvirt-xsm pass
test-armhf-armhf-libvirt-xsm pass
test-amd64-i386-libvirt-xsm pass
test-amd64-amd64-xl-xsm pass
test-armhf-armhf-xl-xsm pass
test-amd64-i386-xl-xsm pass
test-amd64-amd64-qemuu-nested-amd fail
test-amd64-amd64-xl-pvh-amd fail
test-amd64-i386-qemut-rhel6hvm-amd pass
test-amd64-i386-qemuu-rhel6hvm-amd pass
test-amd64-amd64-xl-qemut-debianhvm-amd64 pass
test-amd64-i386-xl-qemut-debianhvm-amd64 pass
test-amd64-amd64-xl-qemuu-debianhvm-amd64 pass
test-amd64-i386-xl-qemuu-debianhvm-amd64 pass
test-amd64-i386-freebsd10-amd64 pass
test-amd64-amd64-xl-qemuu-ovmf-amd64 pass
test-amd64-i386-xl-qemuu-ovmf-amd64 pass
test-amd64-amd64-rumprun-amd64 pass
test-amd64-amd64-xl-qemut-win7-amd64 fail
test-amd64-i386-xl-qemut-win7-amd64 fail
test-amd64-amd64-xl-qemuu-win7-amd64 fail
test-amd64-i386-xl-qemuu-win7-amd64 fail
test-amd64-amd64-xl-credit2 pass
test-armhf-armhf-xl-credit2 pass
test-amd64-i386-freebsd10-i386 pass
test-amd64-i386-rumprun-i386 pass
test-amd64-amd64-qemuu-nested-intel fail
test-amd64-amd64-xl-pvh-intel fail
test-amd64-i386-qemut-rhel6hvm-intel pass
test-amd64-i386-qemuu-rhel6hvm-intel pass
test-amd64-amd64-libvirt pass
test-armhf-armhf-libvirt pass
test-amd64-i386-libvirt pass
test-armhf-armhf-xl-midway pass
test-amd64-amd64-migrupgrade pass
test-amd64-i386-migrupgrade pass
test-amd64-amd64-xl-multivcpu pass
test-armhf-armhf-xl-multivcpu pass
test-amd64-amd64-pair pass
test-amd64-i386-pair pass
test-amd64-amd64-libvirt-pair pass
test-amd64-i386-libvirt-pair pass
test-amd64-amd64-amd64-pvgrub pass
test-amd64-amd64-i386-pvgrub pass
test-amd64-amd64-pygrub pass
test-amd64-amd64-xl-qcow2 pass
test-armhf-armhf-libvirt-raw pass
test-amd64-i386-xl-raw pass
test-amd64-amd64-xl-rtds pass
test-armhf-armhf-xl-rtds pass
test-amd64-i386-xl-qemut-winxpsp3-vcpus1 pass
test-amd64-i386-xl-qemuu-winxpsp3-vcpus1 pass
test-amd64-amd64-libvirt-vhd pass
test-armhf-armhf-xl-vhd pass
test-amd64-amd64-xl-qemut-winxpsp3 fail
test-amd64-i386-xl-qemut-winxpsp3 pass
test-amd64-amd64-xl-qemuu-winxpsp3 pass
test-amd64-i386-xl-qemuu-winxpsp3 pass
------------------------------------------------------------
sg-report-flight on osstest.xs.citrite.net
logs: /home/osstest/logs
images: /home/osstest/images
Logs, config files, etc. are available at
http://osstest.xs.citrite.net/~osstest/testlogs/logs
Test harness code can be found at
http://xenbits.xensource.com/gitweb?p=osstest.git;a=summary
Push not applicable.
------------------------------------------------------------
commit 7496924db24a7946b0a81e20344920b4ac55921a
Author: Andrew Cooper <andrew.cooper3@citrix.com>
Date: Thu Mar 30 17:32:31 2017 +0100
tools/libxc: Tolerate specific zero-content records in migration v2 streams
The migration v2 save code was written to avoid sending data records with no
content, as such records serve no purpose but come with a performance hit.
The restore code sanity checks this expectation.
Under some circumstances (most notably, on AMD hardware with Debug Extensions,
and a PV guest kernel which is not using the feature), the save code would
generate a record with no content, which trips the sanity check in the restore
code.
As the stream is otherwise fine, tolerate these records and avoid failing the
migration.
Signed-off-by: Andrew Cooper <andrew.cooper3@citrix.com>
Reviewed-by: Wei Liu <wei.liu2@citrix.com>
(cherry picked from commit 119ee4d77377aa1fc62efdadc1cc87df4f1270bf)
(cherry picked from commit 834ea870c507f054353190c731630fbb514494c4)
(cherry picked from commit 1956c9e91df3e4b7b480c35260bd656153d5202d)
commit 24f5900a0877e4370cef6b9189a964a7a156aadb
Author: Seraphime Kirkovski <kirkseraph@gmail.com>
Date: Tue Apr 4 14:40:48 2017 +0200
libxc: fix segfault on uninitialized xch->fmem
Currently in xc_interface_open, xch->fmem is not initialized
and in some rare case the code fails before ever assigning a value
to it.
I got this in master:
$ sudo ./xl/xl run
xencall: error: Could not obtain handle on privileged command interface: No such file or directory
Segmentation fault
This initializes the whole xch_buff to 0.
Signed-off-by: Seraphime Kirkovski <kirkseraph@gmail.com>
Acked-by: Wei Liu <wei.liu2@citrix.com>
(cherry picked from commit c4bdbec00c9063736361124a3492ebceabfaed06)
(cherry picked from commit efd2ff999df72ee4c246927fd4297e3a75cadbf3)
(cherry picked from commit 6a689975c69a38eb53c3de0b533a3d985dc8431d)
(qemu changes not included)
_______________________________________________
Xen-devel mailing list
Xen-devel@lists.xen.org
https://lists.xen.org/xen-devel
^ permalink raw reply [flat|nested] only message in thread
only message in thread, other threads:[~2017-05-26 14:13 UTC | newest]
Thread overview: (only message) (download: mbox.gz follow: Atom feed
-- links below jump to the message on this page --
2017-05-26 14:13 [xen-4.6-testing baseline-only test] 71335: regressions - FAIL Platform Team regression test user
This is a public inbox, see mirroring instructions
for how to clone and mirror all data and code used for this inbox;
as well as URLs for NNTP newsgroup(s).