xen-devel.lists.xenproject.org archive mirror
 help / color / mirror / Atom feed
* [xen-unstable test] 7134: regressions - FAIL
@ 2011-05-21  4:20 xen.org
  0 siblings, 0 replies; only message in thread
From: xen.org @ 2011-05-21  4:20 UTC (permalink / raw)
  To: xen-devel; +Cc: ian.jackson

flight 7134 xen-unstable real [real]
http://www.chiark.greenend.org.uk/~xensrcts/logs/7134/

Regressions :-(

Tests which did not succeed and are blocking:
 test-amd64-i386-rhel6hvm-amd  7 redhat-install             fail REGR. vs. 7130

Tests which did not succeed, but are not blocking,
including regressions (tests previously passed) regarded as allowable:
 test-amd64-amd64-win         16 leak-check/check             fail   never pass
 test-amd64-amd64-xl-win      13 guest-stop                   fail   never pass
 test-amd64-i386-rhel6hvm-intel  8 guest-saverestore            fail never pass
 test-amd64-i386-win-vcpus1   16 leak-check/check             fail   never pass
 test-amd64-i386-win          16 leak-check/check             fail   never pass
 test-amd64-i386-xl-win-vcpus1 13 guest-stop                   fail  never pass
 test-amd64-xcpkern-i386-rhel6hvm-amd  8 guest-saverestore      fail never pass
 test-amd64-xcpkern-i386-rhel6hvm-intel  8 guest-saverestore    fail never pass
 test-amd64-xcpkern-i386-win  16 leak-check/check             fail   never pass
 test-amd64-xcpkern-i386-xl-win 13 guest-stop                   fail never pass
 test-i386-i386-win           16 leak-check/check             fail   never pass
 test-i386-i386-xl-win        13 guest-stop                   fail   never pass
 test-i386-xcpkern-i386-win   16 leak-check/check             fail   never pass

version targeted for testing:
 xen                  d65c1f12b214
baseline version:
 xen                  5fb4c607049d

------------------------------------------------------------
People who touched revisions under test:
  Christoph Egger <Christoph.Egger@amd.com>
  Keir Fraser <keir@xen.org>
  Liu, Jinsong <jinsong.liu@intel.com>
------------------------------------------------------------

jobs:
 build-i386-xcpkern                                           pass     
 build-amd64                                                  pass     
 build-i386                                                   pass     
 build-amd64-oldkern                                          pass     
 build-i386-oldkern                                           pass     
 build-amd64-pvops                                            pass     
 build-i386-pvops                                             pass     
 test-amd64-amd64-xl                                          pass     
 test-amd64-i386-xl                                           pass     
 test-i386-i386-xl                                            pass     
 test-amd64-xcpkern-i386-xl                                   pass     
 test-i386-xcpkern-i386-xl                                    pass     
 test-amd64-i386-rhel6hvm-amd                                 fail     
 test-amd64-xcpkern-i386-rhel6hvm-amd                         fail     
 test-amd64-i386-xl-credit2                                   pass     
 test-amd64-xcpkern-i386-xl-credit2                           pass     
 test-amd64-i386-rhel6hvm-intel                               fail     
 test-amd64-xcpkern-i386-rhel6hvm-intel                       fail     
 test-amd64-i386-xl-multivcpu                                 pass     
 test-amd64-xcpkern-i386-xl-multivcpu                         pass     
 test-amd64-amd64-pair                                        pass     
 test-amd64-i386-pair                                         pass     
 test-i386-i386-pair                                          pass     
 test-amd64-xcpkern-i386-pair                                 pass     
 test-i386-xcpkern-i386-pair                                  pass     
 test-amd64-amd64-pv                                          pass     
 test-amd64-i386-pv                                           pass     
 test-i386-i386-pv                                            pass     
 test-amd64-xcpkern-i386-pv                                   pass     
 test-i386-xcpkern-i386-pv                                    pass     
 test-amd64-i386-win-vcpus1                                   fail     
 test-amd64-i386-xl-win-vcpus1                                fail     
 test-amd64-amd64-win                                         fail     
 test-amd64-i386-win                                          fail     
 test-i386-i386-win                                           fail     
 test-amd64-xcpkern-i386-win                                  fail     
 test-i386-xcpkern-i386-win                                   fail     
 test-amd64-amd64-xl-win                                      fail     
 test-i386-i386-xl-win                                        fail     
 test-amd64-xcpkern-i386-xl-win                               fail     


------------------------------------------------------------
sg-report-flight on woking.cam.xci-test.com
logs: /home/xc_osstest/logs
images: /home/xc_osstest/images

Logs, config files, etc. are available at
    http://www.chiark.greenend.org.uk/~xensrcts/logs

Test harness code can be found at
    http://xenbits.xensource.com/gitweb?p=osstest.git;a=summary


Not pushing.

------------------------------------------------------------
changeset:   23363:d65c1f12b214
tag:         tip
user:        Christoph Egger <Christoph.Egger@amd.com>
date:        Fri May 20 15:39:07 2011 +0100
    
    xen: Include headers that are actually needed, drop everything else.
    
    Signed-off-by: Christoph Egger <Christoph.Egger@amd.com>
    
    
changeset:   23362:c2a55fe9c006
user:        Liu, Jinsong <jinsong.liu@intel.com>
date:        Fri May 20 13:42:23 2011 +0100
    
    x86/mca: Fix debug output.
    
    At x86_mcinfo_dump(), a little bug at printk information,
    illusively= indicate an CMCI/POLLED error to a MCE error, this will
    make debug confusing.
    
    Signed-off-by: Liu, Jinsong <jinsong.liu@intel.com>
    
    
changeset:   23361:5fb4c607049d
user:        Keir Fraser <keir@xen.org>
date:        Fri May 20 09:44:41 2011 +0100
    
    Remove unused var from acpi_idle_do_entry().
    
    Signed-off-by: Keir Fraser <keir@xen.org>
    
    
(qemu changes not included)

^ permalink raw reply	[flat|nested] only message in thread

only message in thread, other threads:[~2011-05-21  4:20 UTC | newest]

Thread overview: (only message) (download: mbox.gz follow: Atom feed
-- links below jump to the message on this page --
2011-05-21  4:20 [xen-unstable test] 7134: regressions - FAIL xen.org

This is a public inbox, see mirroring instructions
for how to clone and mirror all data and code used for this inbox;
as well as URLs for NNTP newsgroup(s).