xen-devel.lists.xenproject.org archive mirror
 help / color / mirror / Atom feed
* [ovmf baseline-only test] 71447: tolerable FAIL
@ 2017-05-27  8:02 Platform Team regression test user
  0 siblings, 0 replies; only message in thread
From: Platform Team regression test user @ 2017-05-27  8:02 UTC (permalink / raw)
  To: xen-devel, osstest-admin

This run is configured for baseline tests only.

flight 71447 ovmf real [real]
http://osstest.xs.citrite.net/~osstest/testlogs/logs/71447/

Failures :-/ but no regressions.

Regressions which are regarded as allowable (not blocking):
 build-amd64-libvirt           5 libvirt-build                fail   like 71441
 build-i386-libvirt            5 libvirt-build                fail   like 71441

version targeted for testing:
 ovmf                 df642d70e3966c5265e8992d63e39309ab25db7b
baseline version:
 ovmf                 aff463c825a3bd46f2e82cc81b6ec959e705f8e9

Last test of basis    71441  2017-05-26 12:47:57 Z    0 days
Testing same since    71447  2017-05-27 06:20:44 Z    0 days    1 attempts

------------------------------------------------------------
People who touched revisions under test:
  Paulo Alcantara <pcacjr@gmail.com>

jobs:
 build-amd64-xsm                                              pass    
 build-i386-xsm                                               pass    
 build-amd64                                                  pass    
 build-i386                                                   pass    
 build-amd64-libvirt                                          fail    
 build-i386-libvirt                                           fail    
 build-amd64-pvops                                            pass    
 build-i386-pvops                                             pass    
 test-amd64-amd64-xl-qemuu-ovmf-amd64                         pass    
 test-amd64-i386-xl-qemuu-ovmf-amd64                          pass    


------------------------------------------------------------
sg-report-flight on osstest.xs.citrite.net
logs: /home/osstest/logs
images: /home/osstest/images

Logs, config files, etc. are available at
    http://osstest.xs.citrite.net/~osstest/testlogs/logs

Test harness code can be found at
    http://xenbits.xensource.com/gitweb?p=osstest.git;a=summary


Push not applicable.

------------------------------------------------------------
commit df642d70e3966c5265e8992d63e39309ab25db7b
Author: Paulo Alcantara <pcacjr@gmail.com>
Date:   Mon May 22 19:52:11 2017 +0800

    MdeModulePkg: Fix potential memory leaks in DxeHttpLib.
    
    Contributed-under: TianoCore Contribution Agreement 1.0
    Signed-off-by: Paulo Alcantara <pcacjr@gmail.com>
    Reviewed-by: Wu Jiaxin <jiaxin.wu@intel.com>
    Reviewed-by: Fu Siyuan <siyuan.fu@intel.com>

_______________________________________________
Xen-devel mailing list
Xen-devel@lists.xen.org
https://lists.xen.org/xen-devel

^ permalink raw reply	[flat|nested] only message in thread

only message in thread, other threads:[~2017-05-27  8:02 UTC | newest]

Thread overview: (only message) (download: mbox.gz follow: Atom feed
-- links below jump to the message on this page --
2017-05-27  8:02 [ovmf baseline-only test] 71447: tolerable FAIL Platform Team regression test user

This is a public inbox, see mirroring instructions
for how to clone and mirror all data and code used for this inbox;
as well as URLs for NNTP newsgroup(s).