* [ovmf baseline-only test] 71453: tolerable FAIL
@ 2017-05-28 16:47 Platform Team regression test user
0 siblings, 0 replies; only message in thread
From: Platform Team regression test user @ 2017-05-28 16:47 UTC (permalink / raw)
To: xen-devel, osstest-admin
This run is configured for baseline tests only.
flight 71453 ovmf real [real]
http://osstest.xs.citrite.net/~osstest/testlogs/logs/71453/
Failures :-/ but no regressions.
Regressions which are regarded as allowable (not blocking):
build-amd64-libvirt 5 libvirt-build fail like 71449
build-i386-libvirt 5 libvirt-build fail like 71449
version targeted for testing:
ovmf f4d3ba87bb8f5d82d3b80532ea4c83b7bbca41c0
baseline version:
ovmf 71d8226ac6f256d360626c8072337f9373f95671
Last test of basis 71449 2017-05-27 08:16:59 Z 1 days
Testing same since 71453 2017-05-28 14:49:57 Z 0 days 1 attempts
------------------------------------------------------------
People who touched revisions under test:
Ard Biesheuvel <ard.biesheuvel@linaro.org>
jobs:
build-amd64-xsm pass
build-i386-xsm pass
build-amd64 pass
build-i386 pass
build-amd64-libvirt fail
build-i386-libvirt fail
build-amd64-pvops pass
build-i386-pvops pass
test-amd64-amd64-xl-qemuu-ovmf-amd64 pass
test-amd64-i386-xl-qemuu-ovmf-amd64 pass
------------------------------------------------------------
sg-report-flight on osstest.xs.citrite.net
logs: /home/osstest/logs
images: /home/osstest/images
Logs, config files, etc. are available at
http://osstest.xs.citrite.net/~osstest/testlogs/logs
Test harness code can be found at
http://xenbits.xensource.com/gitweb?p=osstest.git;a=summary
Push not applicable.
------------------------------------------------------------
commit f4d3ba87bb8f5d82d3b80532ea4c83b7bbca41c0
Author: Ard Biesheuvel <ard.biesheuvel@linaro.org>
Date: Sun May 28 12:04:52 2017 +0000
BaseTools/Scripts: fix GccBase.lds line endings
Replace a <LF> line ending that was introduced inadvertently by a
recent commit with the correct <CR><LF>
Contributed-under: TianoCore Contribution Agreement 1.0
Signed-off-by: Ard Biesheuvel <ard.biesheuvel@linaro.org>
_______________________________________________
Xen-devel mailing list
Xen-devel@lists.xen.org
https://lists.xen.org/xen-devel
^ permalink raw reply [flat|nested] only message in thread
only message in thread, other threads:[~2017-05-28 16:47 UTC | newest]
Thread overview: (only message) (download: mbox.gz follow: Atom feed
-- links below jump to the message on this page --
2017-05-28 16:47 [ovmf baseline-only test] 71453: tolerable FAIL Platform Team regression test user
This is a public inbox, see mirroring instructions
for how to clone and mirror all data and code used for this inbox;
as well as URLs for NNTP newsgroup(s).