From mboxrd@z Thu Jan 1 00:00:00 1970 From: Platform Team regression test user Subject: [qemu-mainline baseline-only test] 71466: regressions - trouble: blocked/broken/fail/pass Date: Thu, 1 Jun 2017 19:33:07 +0100 Message-ID: Mime-Version: 1.0 Content-Type: multipart/mixed; boundary="===============3101481795972990608==" Return-path: List-Unsubscribe: , List-Post: List-Help: List-Subscribe: , Errors-To: xen-devel-bounces@lists.xen.org Sender: "Xen-devel" To: xen-devel@lists.xensource.com, osstest-admin@xenproject.org List-Id: xen-devel@lists.xenproject.org --===============3101481795972990608== Content-Type: text/plain This run is configured for baseline tests only. flight 71466 qemu-mainline real [real] http://osstest.xs.citrite.net/~osstest/testlogs/logs/71466/ Regressions :-( Tests which did not succeed and are blocking, including tests which could not be run: test-amd64-i386-xl-qemuu-win7-amd64 15 guest-localmigrate/x10 fail REGR. vs. 71427 Regressions which are regarded as allowable (not blocking): build-amd64-libvirt 5 libvirt-build fail like 71427 build-i386-libvirt 5 libvirt-build fail like 71427 build-armhf-libvirt 5 libvirt-build fail like 71427 test-amd64-amd64-xl-qemuu-win7-amd64 15 guest-localmigrate/x10 fail like 71427 test-amd64-amd64-qemuu-nested-intel 16 debian-hvm-install/l1/l2 fail like 71427 test-amd64-i386-xl-qemuu-winxpsp3-vcpus1 9 windows-install fail like 71427 Tests which did not succeed, but are not blocking: test-amd64-amd64-libvirt-vhd 1 build-check(1) blocked n/a test-arm64-arm64-libvirt-xsm 1 build-check(1) blocked n/a test-amd64-i386-libvirt-qemuu-debianhvm-amd64-xsm 1 build-check(1) blocked n/a test-armhf-armhf-libvirt 1 build-check(1) blocked n/a test-arm64-arm64-xl 1 build-check(1) blocked n/a build-arm64-libvirt 1 build-check(1) blocked n/a test-arm64-arm64-libvirt-qcow2 1 build-check(1) blocked n/a test-amd64-amd64-libvirt-pair 1 build-check(1) blocked n/a test-amd64-i386-libvirt 1 build-check(1) blocked n/a test-armhf-armhf-libvirt-raw 1 build-check(1) blocked n/a test-arm64-arm64-libvirt 1 build-check(1) blocked n/a test-amd64-i386-libvirt-xsm 1 build-check(1) blocked n/a test-amd64-amd64-libvirt-xsm 1 build-check(1) blocked n/a test-amd64-amd64-libvirt 1 build-check(1) blocked n/a test-arm64-arm64-xl-credit2 1 build-check(1) blocked n/a test-amd64-amd64-libvirt-qemuu-debianhvm-amd64-xsm 1 build-check(1) blocked n/a test-arm64-arm64-xl-rtds 1 build-check(1) blocked n/a test-arm64-arm64-xl-multivcpu 1 build-check(1) blocked n/a test-armhf-armhf-libvirt-xsm 1 build-check(1) blocked n/a test-amd64-i386-libvirt-pair 1 build-check(1) blocked n/a test-arm64-arm64-xl-xsm 1 build-check(1) blocked n/a build-arm64-xsm 2 hosts-allocate broken never pass build-arm64 2 hosts-allocate broken never pass build-arm64-pvops 2 hosts-allocate broken never pass build-arm64-xsm 3 capture-logs broken never pass build-arm64-pvops 3 capture-logs broken never pass build-arm64 3 capture-logs broken never pass test-armhf-armhf-xl-xsm 12 migrate-support-check fail never pass test-armhf-armhf-xl-xsm 13 saverestore-support-check fail never pass test-armhf-armhf-xl 12 migrate-support-check fail never pass test-armhf-armhf-xl 13 saverestore-support-check fail never pass test-armhf-armhf-xl-midway 12 migrate-support-check fail never pass test-armhf-armhf-xl-midway 13 saverestore-support-check fail never pass test-armhf-armhf-xl-credit2 12 migrate-support-check fail never pass test-armhf-armhf-xl-multivcpu 12 migrate-support-check fail never pass test-armhf-armhf-xl-credit2 13 saverestore-support-check fail never pass test-armhf-armhf-xl-multivcpu 13 saverestore-support-check fail never pass test-armhf-armhf-xl-rtds 12 migrate-support-check fail never pass test-armhf-armhf-xl-rtds 13 saverestore-support-check fail never pass test-armhf-armhf-xl-vhd 11 migrate-support-check fail never pass test-armhf-armhf-xl-vhd 12 saverestore-support-check fail never pass test-amd64-amd64-qemuu-nested-amd 16 debian-hvm-install/l1/l2 fail never pass version targeted for testing: qemuu 0748b3526e8cb78b9cd64208426bfc3d54a72b04 baseline version: qemuu 9964e96dc9999cf7f7c936ee854a795415d19b60 Last test of basis 71427 2017-05-24 23:17:28 Z 7 days Testing same since 71466 2017-06-01 13:14:50 Z 0 days 1 attempts ------------------------------------------------------------ People who touched revisions under test: Alberto Garcia Alex Williamson Bharata B Rao Christian Borntraeger Cornelia Huck Daniel Henrique Barboza Daniel P. Berrange David Gibson David Gibson [ppc parts] Dong Jia Shi Eduardo Habkost Eric Blake Eric Farman Fam Zheng Gerd Hoffmann Greg Kurz Igor Mammedov Jeff Cody Kashyap Chamarthy Keith Busch Kevin Wolf Ladi Prosek Laszlo Ersek Laurent Vivier Marc-André Lureau Markus Armbruster Max Reitz Maxime Coquelin Michael S. Tsirkin Nikunj A Dadhania Paolo Bonzini Peter Xu Samuel Thibault Sjors Gielen Stefan Hajnoczi Stephen Bates Tao Wu Tao Wu Thomas Huth Xiao Feng Ren jobs: build-amd64-xsm pass build-arm64-xsm broken build-armhf-xsm pass build-i386-xsm pass build-amd64 pass build-arm64 broken build-armhf pass build-i386 pass build-amd64-libvirt fail build-arm64-libvirt blocked build-armhf-libvirt fail build-i386-libvirt fail build-amd64-pvops pass build-arm64-pvops broken build-armhf-pvops pass build-i386-pvops pass test-amd64-amd64-xl pass test-arm64-arm64-xl blocked test-armhf-armhf-xl pass test-amd64-i386-xl pass test-amd64-amd64-libvirt-qemuu-debianhvm-amd64-xsm blocked test-amd64-i386-libvirt-qemuu-debianhvm-amd64-xsm blocked test-amd64-amd64-xl-qemuu-debianhvm-amd64-xsm pass test-amd64-i386-xl-qemuu-debianhvm-amd64-xsm pass test-amd64-amd64-libvirt-xsm blocked test-arm64-arm64-libvirt-xsm blocked test-armhf-armhf-libvirt-xsm blocked test-amd64-i386-libvirt-xsm blocked test-amd64-amd64-xl-xsm pass test-arm64-arm64-xl-xsm blocked test-armhf-armhf-xl-xsm pass test-amd64-i386-xl-xsm pass test-amd64-amd64-qemuu-nested-amd fail test-amd64-amd64-xl-pvh-amd pass test-amd64-i386-qemuu-rhel6hvm-amd pass test-amd64-amd64-xl-qemuu-debianhvm-amd64 pass test-amd64-i386-xl-qemuu-debianhvm-amd64 pass test-amd64-i386-freebsd10-amd64 pass test-amd64-amd64-xl-qemuu-ovmf-amd64 pass test-amd64-i386-xl-qemuu-ovmf-amd64 pass test-amd64-amd64-xl-qemuu-win7-amd64 fail test-amd64-i386-xl-qemuu-win7-amd64 fail test-amd64-amd64-xl-credit2 pass test-arm64-arm64-xl-credit2 blocked test-armhf-armhf-xl-credit2 pass test-amd64-i386-freebsd10-i386 pass test-amd64-amd64-qemuu-nested-intel fail test-amd64-amd64-xl-pvh-intel pass test-amd64-i386-qemuu-rhel6hvm-intel pass test-amd64-amd64-libvirt blocked test-arm64-arm64-libvirt blocked test-armhf-armhf-libvirt blocked test-amd64-i386-libvirt blocked test-armhf-armhf-xl-midway pass test-amd64-amd64-xl-multivcpu pass test-arm64-arm64-xl-multivcpu blocked test-armhf-armhf-xl-multivcpu pass test-amd64-amd64-pair pass test-amd64-i386-pair pass test-amd64-amd64-libvirt-pair blocked test-amd64-i386-libvirt-pair blocked test-amd64-amd64-amd64-pvgrub pass test-amd64-amd64-i386-pvgrub pass test-amd64-amd64-pygrub pass test-arm64-arm64-libvirt-qcow2 blocked test-amd64-amd64-xl-qcow2 pass test-armhf-armhf-libvirt-raw blocked test-amd64-i386-xl-raw pass test-amd64-amd64-xl-rtds pass test-arm64-arm64-xl-rtds blocked test-armhf-armhf-xl-rtds pass test-amd64-i386-xl-qemuu-winxpsp3-vcpus1 fail test-amd64-amd64-libvirt-vhd blocked test-armhf-armhf-xl-vhd pass test-amd64-amd64-xl-qemuu-winxpsp3 pass test-amd64-i386-xl-qemuu-winxpsp3 pass ------------------------------------------------------------ sg-report-flight on osstest.xs.citrite.net logs: /home/osstest/logs images: /home/osstest/images Logs, config files, etc. are available at http://osstest.xs.citrite.net/~osstest/testlogs/logs Test harness code can be found at http://xenbits.xensource.com/gitweb?p=osstest.git;a=summary broken-step build-arm64-xsm hosts-allocate broken-step build-arm64 hosts-allocate broken-step build-arm64-pvops hosts-allocate broken-step build-arm64-xsm capture-logs broken-step build-arm64-pvops capture-logs broken-step build-arm64 capture-logs Push not applicable. (No revision log; it would be 2375 lines long.) --===============3101481795972990608== Content-Type: text/plain; charset="utf-8" MIME-Version: 1.0 Content-Transfer-Encoding: base64 Content-Disposition: inline X19fX19fX19fX19fX19fX19fX19fX19fX19fX19fX19fX19fX19fX19fX19fX18KWGVuLWRldmVs IG1haWxpbmcgbGlzdApYZW4tZGV2ZWxAbGlzdHMueGVuLm9yZwpodHRwczovL2xpc3RzLnhlbi5v cmcveGVuLWRldmVsCg== --===============3101481795972990608==--