* [ovmf baseline-only test] 71480: tolerable FAIL
@ 2017-06-02 11:42 Platform Team regression test user
0 siblings, 0 replies; only message in thread
From: Platform Team regression test user @ 2017-06-02 11:42 UTC (permalink / raw)
To: xen-devel, osstest-admin
This run is configured for baseline tests only.
flight 71480 ovmf real [real]
http://osstest.xs.citrite.net/~osstest/testlogs/logs/71480/
Failures :-/ but no regressions.
Regressions which are regarded as allowable (not blocking):
build-amd64-libvirt 5 libvirt-build fail like 71477
build-i386-libvirt 5 libvirt-build fail like 71477
version targeted for testing:
ovmf b33b1055b0026f36be97fb5ec6826436088e9a23
baseline version:
ovmf 76d1c752cb6629262bb999204f574e274be00500
Last test of basis 71477 2017-06-02 07:17:36 Z 0 days
Testing same since 71480 2017-06-02 09:46:56 Z 0 days 1 attempts
------------------------------------------------------------
People who touched revisions under test:
Dandan Bi <dandan.bi@intel.com>
Fu Siyuan <siyuan.fu@intel.com>
Hao A Wu <hao.a.wu@intel.com>
Ruiyu Ni <ruiyu.ni@intel.com>
jobs:
build-amd64-xsm pass
build-i386-xsm pass
build-amd64 pass
build-i386 pass
build-amd64-libvirt fail
build-i386-libvirt fail
build-amd64-pvops pass
build-i386-pvops pass
test-amd64-amd64-xl-qemuu-ovmf-amd64 pass
test-amd64-i386-xl-qemuu-ovmf-amd64 pass
------------------------------------------------------------
sg-report-flight on osstest.xs.citrite.net
logs: /home/osstest/logs
images: /home/osstest/images
Logs, config files, etc. are available at
http://osstest.xs.citrite.net/~osstest/testlogs/logs
Test harness code can be found at
http://xenbits.xensource.com/gitweb?p=osstest.git;a=summary
Push not applicable.
------------------------------------------------------------
commit b33b1055b0026f36be97fb5ec6826436088e9a23
Author: Ruiyu Ni <ruiyu.ni@intel.com>
Date: Wed May 31 10:56:35 2017 +0800
MdeModulePkg/Xhci: Remove TRB when canceling Async Int Transfer
Some USB devices don't report data periodically through Int
Transfer. They report data only when be asked. If the TRB
is not removed from the XHCI HW, when next time HOST asks
data again, the data is reported but consumed by the previous
TRB, which results the HOST thinks data never comes.
Contributed-under: TianoCore Contribution Agreement 1.0
Signed-off-by: Hao A Wu <hao.a.wu@intel.com>
Reviewed-by: Star Zeng <star.zeng@intel.com>
commit 54d7177c78dc35919a631c8baa533d287bf0ae57
Author: Fu Siyuan <siyuan.fu@intel.com>
Date: Fri Jun 2 13:17:17 2017 +0800
MdeModulePkg/MnpDxe: Fix EBC build hang issue.
Contributed-under: TianoCore Contribution Agreement 1.0
Signed-off-by: Dandan Bi <dandan.bi@intel.com>
Reviewed-by: Fu Siyuan <siyuan.fu@intel.com>
_______________________________________________
Xen-devel mailing list
Xen-devel@lists.xen.org
https://lists.xen.org/xen-devel
^ permalink raw reply [flat|nested] only message in thread
only message in thread, other threads:[~2017-06-02 11:42 UTC | newest]
Thread overview: (only message) (download: mbox.gz follow: Atom feed
-- links below jump to the message on this page --
2017-06-02 11:42 [ovmf baseline-only test] 71480: tolerable FAIL Platform Team regression test user
This is a public inbox, see mirroring instructions
for how to clone and mirror all data and code used for this inbox;
as well as URLs for NNTP newsgroup(s).