* [ovmf baseline-only test] 71481: tolerable FAIL
@ 2017-06-02 13:23 Platform Team regression test user
0 siblings, 0 replies; only message in thread
From: Platform Team regression test user @ 2017-06-02 13:23 UTC (permalink / raw)
To: xen-devel, osstest-admin
This run is configured for baseline tests only.
flight 71481 ovmf real [real]
http://osstest.xs.citrite.net/~osstest/testlogs/logs/71481/
Failures :-/ but no regressions.
Regressions which are regarded as allowable (not blocking):
build-amd64-libvirt 5 libvirt-build fail like 71480
build-i386-libvirt 5 libvirt-build fail like 71480
version targeted for testing:
ovmf b0b626ea2f16faca9f864599384fd184a89e0195
baseline version:
ovmf b33b1055b0026f36be97fb5ec6826436088e9a23
Last test of basis 71480 2017-06-02 09:46:56 Z 0 days
Testing same since 71481 2017-06-02 11:48:50 Z 0 days 1 attempts
------------------------------------------------------------
People who touched revisions under test:
Jeff Westfahl <jeff.westfahl@ni.com>
Ruiyu Ni <ruiyu.ni@intel.com>
jobs:
build-amd64-xsm pass
build-i386-xsm pass
build-amd64 pass
build-i386 pass
build-amd64-libvirt fail
build-i386-libvirt fail
build-amd64-pvops pass
build-i386-pvops pass
test-amd64-amd64-xl-qemuu-ovmf-amd64 pass
test-amd64-i386-xl-qemuu-ovmf-amd64 pass
------------------------------------------------------------
sg-report-flight on osstest.xs.citrite.net
logs: /home/osstest/logs
images: /home/osstest/images
Logs, config files, etc. are available at
http://osstest.xs.citrite.net/~osstest/testlogs/logs
Test harness code can be found at
http://xenbits.xensource.com/gitweb?p=osstest.git;a=summary
Push not applicable.
------------------------------------------------------------
commit b0b626ea2f16faca9f864599384fd184a89e0195
Author: Ruiyu Ni <ruiyu.ni@intel.com>
Date: Fri Jun 2 15:45:42 2017 +0800
MdeModulePkg/Xhci: Correct the indention of comments
Contributed-under: TianoCore Contribution Agreement 1.0
Signed-off-by: Ruiyu Ni <ruiyu.ni@intel.com>
Reviewed-by: Star Zeng <star.zeng@intel.com>
commit 5220897839dd583e9d1f749fb4d8196ff86ccc8b
Author: Jeff Westfahl <jeff.westfahl@ni.com>
Date: Sat May 13 04:41:40 2017 +0800
ShellPkg/UefiShellLib: Check correct variable for NULL
Cc: Ruiyu Ni <ruiyu.ni@intel.com>
Cc: Jaben Carsey <jaben.carsey@intel.com>
Contributed-under: TianoCore Contribution Agreement 1.0
Signed-off-by: Jeff Westfahl <jeff.westfahl@ni.com>
Reviewed-by: Jaben Carsey <jaben.carsey@intel.com>
_______________________________________________
Xen-devel mailing list
Xen-devel@lists.xen.org
https://lists.xen.org/xen-devel
^ permalink raw reply [flat|nested] only message in thread
only message in thread, other threads:[~2017-06-02 13:23 UTC | newest]
Thread overview: (only message) (download: mbox.gz follow: Atom feed
-- links below jump to the message on this page --
2017-06-02 13:23 [ovmf baseline-only test] 71481: tolerable FAIL Platform Team regression test user
This is a public inbox, see mirroring instructions
for how to clone and mirror all data and code used for this inbox;
as well as URLs for NNTP newsgroup(s).