* [ovmf baseline-only test] 71506: tolerable FAIL
@ 2017-06-03 7:51 Platform Team regression test user
0 siblings, 0 replies; only message in thread
From: Platform Team regression test user @ 2017-06-03 7:51 UTC (permalink / raw)
To: xen-devel, osstest-admin
This run is configured for baseline tests only.
flight 71506 ovmf real [real]
http://osstest.xs.citrite.net/~osstest/testlogs/logs/71506/
Failures :-/ but no regressions.
Regressions which are regarded as allowable (not blocking):
build-amd64-libvirt 5 libvirt-build fail like 71481
build-i386-libvirt 5 libvirt-build fail like 71481
version targeted for testing:
ovmf a04ec6d9f70f7eedf5ab49b098970245270fa594
baseline version:
ovmf b0b626ea2f16faca9f864599384fd184a89e0195
Last test of basis 71481 2017-06-02 11:48:50 Z 0 days
Testing same since 71506 2017-06-03 05:47:38 Z 0 days 1 attempts
------------------------------------------------------------
People who touched revisions under test:
Jordan Justen <jordan.l.justen@intel.com>
jobs:
build-amd64-xsm pass
build-i386-xsm pass
build-amd64 pass
build-i386 pass
build-amd64-libvirt fail
build-i386-libvirt fail
build-amd64-pvops pass
build-i386-pvops pass
test-amd64-amd64-xl-qemuu-ovmf-amd64 pass
test-amd64-i386-xl-qemuu-ovmf-amd64 pass
------------------------------------------------------------
sg-report-flight on osstest.xs.citrite.net
logs: /home/osstest/logs
images: /home/osstest/images
Logs, config files, etc. are available at
http://osstest.xs.citrite.net/~osstest/testlogs/logs
Test harness code can be found at
http://xenbits.xensource.com/gitweb?p=osstest.git;a=summary
Push not applicable.
------------------------------------------------------------
commit a04ec6d9f70f7eedf5ab49b098970245270fa594
Author: Jordan Justen <jordan.l.justen@intel.com>
Date: Thu Jun 1 16:42:38 2017 -0700
EmulatorPkg/build.sh: Merge GCC toolchain detection from OVMF
Contributed-under: TianoCore Contribution Agreement 1.0
Signed-off-by: Jordan Justen <jordan.l.justen@intel.com>
Cc: Laszlo Ersek <lersek@redhat.com>
Reviewed-by: Laszlo Ersek <lersek@redhat.com>
_______________________________________________
Xen-devel mailing list
Xen-devel@lists.xen.org
https://lists.xen.org/xen-devel
^ permalink raw reply [flat|nested] only message in thread
only message in thread, other threads:[~2017-06-03 7:51 UTC | newest]
Thread overview: (only message) (download: mbox.gz follow: Atom feed
-- links below jump to the message on this page --
2017-06-03 7:51 [ovmf baseline-only test] 71506: tolerable FAIL Platform Team regression test user
This is a public inbox, see mirroring instructions
for how to clone and mirror all data and code used for this inbox;
as well as URLs for NNTP newsgroup(s).