xen-devel.lists.xenproject.org archive mirror
 help / color / mirror / Atom feed
From: Platform Team regression test user <citrix-osstest@xenproject.org>
To: xen-devel@lists.xensource.com, osstest-admin@xenproject.org
Subject: [linux-4.1 baseline-only test] 71509: regressions - trouble: blocked/broken/fail/pass
Date: Mon, 5 Jun 2017 20:40:58 +0100	[thread overview]
Message-ID: <osstest-71509-mainreport@xen.org> (raw)

[-- Attachment #1: Type: text/plain, Size: 22103 bytes --]

This run is configured for baseline tests only.

flight 71509 linux-4.1 real [real]
http://osstest.xs.citrite.net/~osstest/testlogs/logs/71509/

Regressions :-(

Tests which did not succeed and are blocking,
including tests which could not be run:
 build-amd64-libvirt           5 libvirt-build             fail REGR. vs. 71024
 build-i386-libvirt            5 libvirt-build             fail REGR. vs. 71024

Regressions which are regarded as allowable (not blocking):
 build-armhf-libvirt           5 libvirt-build            fail blocked in 71024
 test-amd64-amd64-xl-qemuu-win7-amd64 17 guest-start/win.repeat fail blocked in 71024
 test-amd64-i386-xl-qemuu-winxpsp3-vcpus1 16 guest-stop   fail blocked in 71024
 test-amd64-amd64-xl-qemut-winxpsp3 17 guest-start/win.repeat fail blocked in 71024
 test-amd64-i386-xl-qemuu-win7-amd64 16 guest-stop        fail blocked in 71024
 test-armhf-armhf-xl-vhd       9 debian-di-install        fail blocked in 71024
 test-amd64-amd64-qemuu-nested-intel 16 debian-hvm-install/l1/l2 fail like 71024

Tests which did not succeed, but are not blocking:
 test-amd64-amd64-libvirt-vhd  1 build-check(1)               blocked  n/a
 test-arm64-arm64-libvirt-xsm  1 build-check(1)               blocked  n/a
 test-amd64-i386-libvirt-qemuu-debianhvm-amd64-xsm 1 build-check(1) blocked n/a
 test-armhf-armhf-libvirt      1 build-check(1)               blocked  n/a
 test-arm64-arm64-xl           1 build-check(1)               blocked  n/a
 build-arm64-libvirt           1 build-check(1)               blocked  n/a
 test-arm64-arm64-libvirt-qcow2  1 build-check(1)               blocked  n/a
 test-amd64-amd64-libvirt-pair  1 build-check(1)               blocked  n/a
 test-amd64-i386-libvirt       1 build-check(1)               blocked  n/a
 test-armhf-armhf-libvirt-raw  1 build-check(1)               blocked  n/a
 test-arm64-arm64-libvirt      1 build-check(1)               blocked  n/a
 test-amd64-i386-libvirt-xsm   1 build-check(1)               blocked  n/a
 test-amd64-amd64-libvirt-xsm  1 build-check(1)               blocked  n/a
 test-amd64-amd64-libvirt      1 build-check(1)               blocked  n/a
 test-arm64-arm64-xl-credit2   1 build-check(1)               blocked  n/a
 test-amd64-amd64-libvirt-qemuu-debianhvm-amd64-xsm 1 build-check(1) blocked n/a
 test-arm64-arm64-xl-rtds      1 build-check(1)               blocked  n/a
 test-arm64-arm64-xl-multivcpu  1 build-check(1)               blocked  n/a
 test-armhf-armhf-libvirt-xsm  1 build-check(1)               blocked  n/a
 test-amd64-i386-libvirt-pair  1 build-check(1)               blocked  n/a
 test-arm64-arm64-xl-xsm       1 build-check(1)               blocked  n/a
 build-arm64                   2 hosts-allocate               broken never pass
 build-arm64-pvops             2 hosts-allocate               broken never pass
 build-arm64-xsm               2 hosts-allocate               broken never pass
 build-arm64-xsm               3 capture-logs                 broken never pass
 build-arm64                   3 capture-logs                 broken never pass
 build-arm64-pvops             3 capture-logs                 broken never pass
 test-armhf-armhf-xl-xsm      12 migrate-support-check        fail   never pass
 test-armhf-armhf-xl-xsm      13 saverestore-support-check    fail   never pass
 test-armhf-armhf-xl          12 migrate-support-check        fail   never pass
 test-armhf-armhf-xl          13 saverestore-support-check    fail   never pass
 test-armhf-armhf-xl-credit2  12 migrate-support-check        fail   never pass
 test-armhf-armhf-xl-credit2  13 saverestore-support-check    fail   never pass
 test-armhf-armhf-xl-multivcpu 12 migrate-support-check        fail  never pass
 test-armhf-armhf-xl-multivcpu 13 saverestore-support-check    fail  never pass
 test-armhf-armhf-xl-midway   12 migrate-support-check        fail   never pass
 test-armhf-armhf-xl-midway   13 saverestore-support-check    fail   never pass
 test-armhf-armhf-xl-rtds     12 migrate-support-check        fail   never pass
 test-armhf-armhf-xl-rtds     13 saverestore-support-check    fail   never pass
 test-amd64-amd64-xl-qemut-win7-amd64 17 guest-start/win.repeat fail never pass
 test-amd64-i386-xl-qemut-win7-amd64 17 guest-start/win.repeat  fail never pass
 test-amd64-amd64-qemuu-nested-amd 16 debian-hvm-install/l1/l2  fail never pass

version targeted for testing:
 linux                56d847e3ef9433d7ac92376e4ba49d3cf3cb70d2
baseline version:
 linux                d9e0350d2575a20ee7783427da9bd6b6107eb983

Last test of basis    71024  2017-03-20 11:22:56 Z   77 days
Testing same since    71509  2017-06-05 06:52:37 Z    0 days    1 attempts

------------------------------------------------------------
People who touched revisions under test:
  "Eric W. Biederman" <ebiederm@xmission.com>
  Adrian Hunter <adrian.hunter@intel.com>
  Adrian Salido <salidoa@google.com>
  Ajay Kaher <ajay.kaher@samsung.com>
  Al Viro <viro@zeniv.linux.org.uk>
  Alan Stern <stern@rowland.harvard.edu>
  Alex Deucher <alexander.deucher@amd.com>
  Alexandre Bailon <abailon@baylibre.com>
  Alexandre Belloni <alexandre.belloni@free-electrons.com>
  Alexey Brodkin <abrodkin@synopsys.com>
  Alexey Brodkin <Alexey.Brodkin@synopsys.com>
  Alyssa Milburn <amilburn@zall.org>
  Andrei Vagin <avagin@virtuozzo.com>
  Andrew Morton <akpm@linux-foundation.org>
  Andrey Ryabinin <aryabinin@virtuozzo.com>
  Andy Lutomirski <luto@amacapital.net>
  Andy Lutomirski <luto@kernel.org>
  Ankur Arora <ankur.a.arora@oracle.com>
  Anna Schumaker <Anna.Schumaker@Netapp.com>
  Anton Blanchard <anton@samba.org>
  Arnd Bergmann <arnd@arndb.de>
  Ashish Kalra <ashish@bluestacks.com>
  Aurelien Aptel <aaptel@suse.com>
  Bart Van Assche <bart.vanassche@sandisk.com>
  Bartlomiej Zolnierkiewicz <b.zolnierkie@samsung.com>
  Ben Segall <bsegall@google.com>
  Benjamin Herrenschmidt <benh@kernel.crashing.org>
  Bin Liu <b-liu@ti.com>
  Bjoern Jacke <bjacke@samba.org>
  Bjorn Andersson <bjorn.andersson@linaro.org>
  Bjorn Helgaas <bhelgaas@google.com>
  Björn Jacke <bj@sernet.de>
  Bjørn Mork <bjorn@mork.no>
  Boris Ostrovsky <boris.ostrovsky@oracle.com>
  bsegall@google.com <bsegall@google.com>
  Cameron Gutman <aicommander@gmail.com>
  Catalin Marinas <catalin.marinas@arm.com>
  Chen-Yu Tsai <wens@csie.org>
  Chris Blake <chrisrblake93@gmail.com>
  Chris Leech <cleech@redhat.com>
  Christian Borntraeger <borntraeger@de.ibm.com>
  Christian König <christian.koenig@amd.com>
  Christian Lamparter <chunkeey@googlemail.com>
  Christoffer Dall <cdall@linaro.org>
  Chu Yuan Lin <cyl@datera.io>
  Corey Minyard <cminyard@mvista.com>
  Dan Carpenter <dan.carpenter@oracle.com>
  Daniel Glöckner <dg@emlix.com>
  Daniel Golle <daniel@makrotopia.org>
  Daniel Vetter <daniel.vetter@ffwll.ch>
  Dave Airlie <airlied@redhat.com>
  David Daney <david.daney@cavium.com>
  David Howells <dhowells@redhat.com>
  David S. Miller <davem@davemloft.net>
  David Woodhouse <dwmw@amazon.co.uk>
  Davidlohr Bueso <dave@stgolabs.net>
  Davidlohr Bueso <dbueso@suse.de>
  Dennis Yang <dennisyang@qnap.com>
  Dmitry Torokhov <dmitry.torokhov@gmail.com>
  Dmitry Tunin <hanipouspilot@gmail.com>
  Doug Ledford <dledford@redhat.com>
  Douglas Gilbert <dgilbert@interlog.com>
  Ed Bordin <edbordin@gmail.com>
  Erez Shitrit <erezsh@mellanox.com>
  Erez Zadok <ezk@fsl.cs.sunysb.edu>
  Eric Biggers <ebiggers@google.com>
  Eric Dumazet <edumazet@google.com>
  Eric W. Biederman <ebiederm@xmission.com>
  Evgeniy Polyakov <zbr@ioremap.net>
  Felipe Balbi <felipe.balbi@linux.intel.com>
  Felix Fietkau <nbd@nbd.name>
  Feras Daoud <ferasda@mellanox.com>
  Frederic Barrat <fbarrat@linux.vnet.ibm.com>
  Gary Guo <ghg@datera.io>
  Gavin Shan <gwshan@linux.vnet.ibm.com>
  Gerald Schaefer <gerald.schaefer@de.ibm.com>
  Germano Percossi <germano.percossi@citrix.com>
  Greg Hackmann <ghackmann@google.com>
  Greg Kroah-Hartman <gregkh@linuxfoundation.org>
  Guenter Roeck <linux@roeck-us.net>
  Gustavo A. R. Silva <garsilva@embeddedor.com>
  Hans de Goede <hdegoede@redhat.com>
  Hans Verkuil <hans.verkuil@cisco.com>
  Hans Verkuil <hansverk@cisco.com>
  Heiko Carstens <heiko.carstens@de.ibm.com>
  Herbert Xu <herbert@gondor.apana.org.au>
  Hillf Danton <hillf.zj@alibaba-inc.com>
  Horia Geantă <horia.geanta@nxp.com>
  Hui Wang <hui.wang@canonical.com>
  Ian Abbott <abbotti@mev.co.uk>
  Ilya Dryomov <idryomov@gmail.com>
  Ingo Molnar <mingo@kernel.org>
  J. Bruce Fields <bfields@redhat.com>
  Jack Morgenstein <jackm@dev.mellanox.co.il>
  James Cowgill <James.Cowgill@imgtec.com>
  James Hogan <james.hogan@imgtec.com>
  James Morris <james.l.morris@oracle.com>
  Jan Kara <jack@suse.cz>
  Jan-Marek Glogowski <glogow@fbihome.de>
  Janosch Frank <frankja@linux.vnet.ibm.com>
  Jarkko Sakkinen <jarkko.sakkinen@linux.intel.com>
  Jaroslav Kysela <perex@perex.cz>
  Jason A. Donenfeld <Jason@zx2c4.com>
  Jason Gunthorpe <jgunthorpe@obsidianresearch.com>
  Javier Martinez Canillas <javier@osg.samsung.com>
  Jerry Snitselaar <jsnitsel@redhat.com>
  Joe Thornber <ejt@redhat.com>
  Joel Stanley <joel@jms.id.au>
  Joerg Roedel <jroedel@suse.de>
  Joeseph Chang <joechang@codeaurora.org>
  Johan Hovold <johan@kernel.org>
  Johannes Berg <johannes.berg@intel.com>
  John Crispin <john@phrozen.org>
  John Garry <john.garry@huawei.com>
  Jonathan Liu <net147@gmail.com>
  Josh Poimboeuf <jpoimboe@redhat.com>
  Juergen Gross <jgross@suse.com>
  Julian Wiedmann <jwi@linux.vnet.ibm.com>
  K. Y. Srinivasan <kys@microsoft.com>
  Kai-Heng Feng <kai.heng.feng@canonical.com>
  Kalle Valo <kvalo@codeaurora.org>
  Kalle Valo <kvalo@qca.qualcomm.com>
  Kees Cook <keescook@chromium.org>
  Kefeng Wang <wangkefeng.wang@huawei.com>
  Ken Lin <yungching0725@gmail.com>
  Konrad Rzeszutek Wilk <konrad.wilk@oracle.com>
  Kristina Martsenko <kristina.martsenko@arm.com>
  Krzysztof Kozlowski <krzk@kernel.org>
  Ladi Prosek <lprosek@redhat.com>
  Larry Finger <Larry.Finger@lwfinger.net>
  Leon Romanovsky <leon@kernel.org>
  Leonard Crestez <leonard.crestez@nxp.com>
  Li Qiang <liq3ea@gmail.com>
  Li Qiang <liqiang6-s@360.cn>
  Linus Torvalds <torvalds@linux-foundation.org>
  Linus Walleij <linus.walleij@linaro.org>
  Long Li <longli@microsoft.com>
  Ludovic Desroches <ludovic.desroches@microchip.com>
  Luis Henriques <lhenriques@suse.com>
  Lukas Wunner <lukas@wunner.de>
  Maciej S. Szmigiero <mail@maciej.szmigiero.name>
  Magnus Lilja <lilja.magnus@gmail.com>
  Marc Kleine-Budde <mkl@pengutronix.de>
  Marc Zyngier <marc.zyngier@arm.com>
  Marcel Holtmann <marcel@holtmann.org>
  Marcelo Henrique Cerri <marcelo.cerri@canonical.com>
  Marek Szyprowski <m.szyprowski@samsung.com>
  Marek Vasut <marex@denx.de>
  Mark Brown <broonie@kernel.org>
  Mark Rutland <mark.rutland@arm.com>
  Marko Kiiskila <marko@runtime.io>
  Martin K. Petersen <martin.petersen@oracle.com>
  Martin Schwidefsky <schwidefsky@de.ibm.com>
  Mathias Nyman <mathias.nyman@linux.intel.com>
  Mathias Svensson <idolf@google.com>
  Matt Chen <matt.chen@intel.com>
  Mauricio Faria de Oliveira <mauricfo@linux.vnet.ibm.com>
  Mauro Carvalho Chehab <mchehab@s-opensource.com>
  Max Filippov <jcmvbkbc@gmail.com>
  Max Lohrmann <post@wickenrode.com>
  Maxime Ripard <maxime.ripard@free-electrons.com>
  Mel Gorman <mgorman@suse.de>
  Michael Ellerman <mpe@ellerman.id.au>
  Michael S. Tsirkin <mst@redhat.com>
  Michal Hocko <mhocko@suse.com>
  Michel Dänzer <michel.daenzer@amd.com>
  Mike Snitzer <snitzer@redhat.com>
  Mikulas Patocka <mpatocka@redhat.com>
  Mimi Zohar <zohar@linux.vnet.ibm.com>
  Minchan Kim <minchan@kernel.org>
  Mirko Parthey <mirko.parthey@web.de>
  Moreno Bartalucci <moreno.bartalucci@tecnorama.it>
  Murray McAllister <murray.mcallister@insomniasec.com>
  Naoya Horiguchi <n-horiguchi@ah.jp.nec.com>
  Nayna Jain <nayna@linux.vnet.ibm.com>
  NeilBrown <neilb@suse.com>
  Nicholas Bellinger <nab@linux-iscsi.org>
  Nicolas Ferre <nicolas.ferre@atmel.com>
  Nicolas Ferre <nicolas.ferre@microchip.com>
  Nicolas Iooss <nicolas.iooss_linux@m4x.org>
  Nidhi Panpalia <npanpalia@cs.stonybrook.edu>
  OGAWA Hirofumi <hirofumi@mail.parknet.co.jp>
  Oleg Nesterov <oleg@redhat.com>
  Oliver Neukum <oneukum@suse.com>
  Paul Burton <paul.burton@imgtec.com>
  Paul Mackerras <paulus@ozlabs.org>
  Pavel Shilovsky <pshilov@microsoft.com>
  Peter Chang <dpf@google.com>
  Peter Chen <peter.chen@nxp.com>
  Peter Zijlstra (Intel) <peterz@infradead.org>
  Peter Zijlstra <peterz@infradead.org>
  Rafael J. Wysocki <rafael.j.wysocki@intel.com>
  Rafał Miłecki <rafal@milecki.pl>
  Raghava Aditya Renukunta <RaghavaAditya.Renukunta@microsemi.com>
  Ralf Baechle <ralf@linux-mips.org>
  Randy Dunlap <rdunlap@infradead.org>
  Ravi Bangoria <ravi.bangoria@linux.vnet.ibm.com>
  Richard Cochran <rcochran@linutronix.de>
  Richard Weinberger <richard@nod.at>
  Rik van Riel <riel@redhat.com>
  Rob Herring <robh@kernel.org>
  Roger Quadros <rogerq@ti.com>
  Sabrina Dubroca <sd@queasysnail.net>
  Sachin Prabhu <sprabhu@redhat.com>
  Sam Bobroff <sam.bobroff@au1.ibm.com>
  Samuel Thibault <samuel.thibault@ens-lyon.org>
  Sasha Levin <alexander.levin@verizon.com>
  Sean Hefty <sean.hefty@intel.com>
  Sean Young <sean@mess.org>
  Sebastian Andrzej Siewior <bigeasy@linutronix.de>
  Sebastian Siewior <bigeasy@linutronix.de>
  Shamir Rabinovitch <shamir.rabinovitch@oracle.com>
  Shaohua Li <shli@fb.com>
  Shuxiao Zhang <zhangshuxiao@xiaomi.com>
  Somasundaram Krishnasamy <somasundaram.krishnasamy@oracle.com>
  Stephen Hemminger <stephen@networkplumber.org>
  Steve French <smfrench@gmail.com>
  Steve French <steve.french@primarydata.com>
  Steve Wise <swise@opengridcomputing.com>
  Steven Rostedt (VMware) <rostedt@goodmis.org>
  Suzuki K Poulose <suzuki.poulose@arm.com>
  Sylwester Nawrocki <s.nawrocki@samsung.com>
  Szymon Janc <szymon.janc@codecoup.pl>
  Tahsin Erdogan <tahsin@google.com>
  Takashi Iwai <tiwai@suse.de>
  Tejun Heo <tj@kernel.org>
  Theodore Ts'o <tytso@mit.edu>
  Thomas Gleixner <tglx@linutronix.de>
  Thomas Hellstrom <thellstrom@vmware.com>
  Tobias Herzog <t-herzog@gmx.de>
  Tony Lindgren <tony@atomide.com>
  Trond Myklebust <trond.myklebust@primarydata.com>
  Tyrel Datwyler <tyreld@linux.vnet.ibm.com>
  Ulf Hansson <ulf.hansson@linaro.org>
  Vijay Kumar <vijay.ac.kumar@oracle.com>
  Ville Syrjälä <ville.syrjala@linux.intel.com>
  Vinayak Menon <vinmenon@codeaurora.org>
  Vinod Koul <vinod.koul@intel.com>
  Vinothkumar Raja <vinraja@cs.stonybrook.edu>
  Viresh Kumar <viresh.kumar@linaro.org>
  Vitaly Kuznetsov <vkuznets@redhat.com>
  Wang YanQing <udknight@gmail.com>
  Wei Yongjun <yongjun_wei@trendmicro.com.cn>
  Weston Andros Adamson <dros@primarydata.com>
  Will Deacon <will.deacon@arm.com>
  Xiaolong Ye <xiaolong.ye@intel.com>
  Y.C. Chen <yc_chen@aspeedtech.com>
  å®¶ç‘‹ <momo1208@gmail.com>

jobs:
 build-amd64-xsm                                              pass    
 build-arm64-xsm                                              broken  
 build-armhf-xsm                                              pass    
 build-i386-xsm                                               pass    
 build-amd64                                                  pass    
 build-arm64                                                  broken  
 build-armhf                                                  pass    
 build-i386                                                   pass    
 build-amd64-libvirt                                          fail    
 build-arm64-libvirt                                          blocked 
 build-armhf-libvirt                                          fail    
 build-i386-libvirt                                           fail    
 build-amd64-pvops                                            pass    
 build-arm64-pvops                                            broken  
 build-armhf-pvops                                            pass    
 build-i386-pvops                                             pass    
 build-amd64-rumprun                                          pass    
 build-i386-rumprun                                           pass    
 test-amd64-amd64-xl                                          pass    
 test-arm64-arm64-xl                                          blocked 
 test-armhf-armhf-xl                                          pass    
 test-amd64-i386-xl                                           pass    
 test-amd64-amd64-xl-qemut-debianhvm-amd64-xsm                pass    
 test-amd64-i386-xl-qemut-debianhvm-amd64-xsm                 pass    
 test-amd64-amd64-libvirt-qemuu-debianhvm-amd64-xsm           blocked 
 test-amd64-i386-libvirt-qemuu-debianhvm-amd64-xsm            blocked 
 test-amd64-amd64-xl-qemuu-debianhvm-amd64-xsm                pass    
 test-amd64-i386-xl-qemuu-debianhvm-amd64-xsm                 pass    
 test-amd64-amd64-xl-qemut-stubdom-debianhvm-amd64-xsm        pass    
 test-amd64-i386-xl-qemut-stubdom-debianhvm-amd64-xsm         pass    
 test-amd64-amd64-libvirt-xsm                                 blocked 
 test-arm64-arm64-libvirt-xsm                                 blocked 
 test-armhf-armhf-libvirt-xsm                                 blocked 
 test-amd64-i386-libvirt-xsm                                  blocked 
 test-amd64-amd64-xl-xsm                                      pass    
 test-arm64-arm64-xl-xsm                                      blocked 
 test-armhf-armhf-xl-xsm                                      pass    
 test-amd64-i386-xl-xsm                                       pass    
 test-amd64-amd64-qemuu-nested-amd                            fail    
 test-amd64-amd64-xl-pvh-amd                                  pass    
 test-amd64-i386-qemut-rhel6hvm-amd                           pass    
 test-amd64-i386-qemuu-rhel6hvm-amd                           pass    
 test-amd64-amd64-xl-qemut-debianhvm-amd64                    pass    
 test-amd64-i386-xl-qemut-debianhvm-amd64                     pass    
 test-amd64-amd64-xl-qemuu-debianhvm-amd64                    pass    
 test-amd64-i386-xl-qemuu-debianhvm-amd64                     pass    
 test-amd64-i386-freebsd10-amd64                              pass    
 test-amd64-amd64-xl-qemuu-ovmf-amd64                         pass    
 test-amd64-i386-xl-qemuu-ovmf-amd64                          pass    
 test-amd64-amd64-rumprun-amd64                               pass    
 test-amd64-amd64-xl-qemut-win7-amd64                         fail    
 test-amd64-i386-xl-qemut-win7-amd64                          fail    
 test-amd64-amd64-xl-qemuu-win7-amd64                         fail    
 test-amd64-i386-xl-qemuu-win7-amd64                          fail    
 test-amd64-amd64-xl-credit2                                  pass    
 test-arm64-arm64-xl-credit2                                  blocked 
 test-armhf-armhf-xl-credit2                                  pass    
 test-amd64-i386-freebsd10-i386                               pass    
 test-amd64-i386-rumprun-i386                                 pass    
 test-amd64-amd64-qemuu-nested-intel                          fail    
 test-amd64-amd64-xl-pvh-intel                                pass    
 test-amd64-i386-qemut-rhel6hvm-intel                         pass    
 test-amd64-i386-qemuu-rhel6hvm-intel                         pass    
 test-amd64-amd64-libvirt                                     blocked 
 test-arm64-arm64-libvirt                                     blocked 
 test-armhf-armhf-libvirt                                     blocked 
 test-amd64-i386-libvirt                                      blocked 
 test-armhf-armhf-xl-midway                                   pass    
 test-amd64-amd64-xl-multivcpu                                pass    
 test-arm64-arm64-xl-multivcpu                                blocked 
 test-armhf-armhf-xl-multivcpu                                pass    
 test-amd64-amd64-pair                                        pass    
 test-amd64-i386-pair                                         pass    
 test-amd64-amd64-libvirt-pair                                blocked 
 test-amd64-i386-libvirt-pair                                 blocked 
 test-amd64-amd64-amd64-pvgrub                                pass    
 test-amd64-amd64-i386-pvgrub                                 pass    
 test-amd64-amd64-pygrub                                      pass    
 test-arm64-arm64-libvirt-qcow2                               blocked 
 test-amd64-amd64-xl-qcow2                                    pass    
 test-armhf-armhf-libvirt-raw                                 blocked 
 test-amd64-i386-xl-raw                                       pass    
 test-amd64-amd64-xl-rtds                                     pass    
 test-arm64-arm64-xl-rtds                                     blocked 
 test-armhf-armhf-xl-rtds                                     pass    
 test-amd64-i386-xl-qemut-winxpsp3-vcpus1                     pass    
 test-amd64-i386-xl-qemuu-winxpsp3-vcpus1                     fail    
 test-amd64-amd64-libvirt-vhd                                 blocked 
 test-armhf-armhf-xl-vhd                                      fail    
 test-amd64-amd64-xl-qemut-winxpsp3                           fail    
 test-amd64-i386-xl-qemut-winxpsp3                            pass    
 test-amd64-amd64-xl-qemuu-winxpsp3                           pass    
 test-amd64-i386-xl-qemuu-winxpsp3                            pass    


------------------------------------------------------------
sg-report-flight on osstest.xs.citrite.net
logs: /home/osstest/logs
images: /home/osstest/images

Logs, config files, etc. are available at
    http://osstest.xs.citrite.net/~osstest/testlogs/logs

Test harness code can be found at
    http://xenbits.xensource.com/gitweb?p=osstest.git;a=summary

broken-step build-arm64 hosts-allocate
broken-step build-arm64-pvops hosts-allocate
broken-step build-arm64-xsm hosts-allocate
broken-step build-arm64-xsm capture-logs
broken-step build-arm64 capture-logs
broken-step build-arm64-pvops capture-logs

Push not applicable.

(No revision log; it would be 7548 lines long.)


[-- Attachment #2: Type: text/plain, Size: 127 bytes --]

_______________________________________________
Xen-devel mailing list
Xen-devel@lists.xen.org
https://lists.xen.org/xen-devel

                 reply	other threads:[~2017-06-05 19:40 UTC|newest]

Thread overview: [no followups] expand[flat|nested]  mbox.gz  Atom feed

Reply instructions:

You may reply publicly to this message via plain-text email
using any one of the following methods:

* Save the following mbox file, import it into your mail client,
  and reply-to-all from there: mbox

  Avoid top-posting and favor interleaved quoting:
  https://en.wikipedia.org/wiki/Posting_style#Interleaved_style

* Reply using the --to, --cc, and --in-reply-to
  switches of git-send-email(1):

  git send-email \
    --in-reply-to=osstest-71509-mainreport@xen.org \
    --to=citrix-osstest@xenproject.org \
    --cc=osstest-admin@xenproject.org \
    --cc=xen-devel@lists.xensource.com \
    /path/to/YOUR_REPLY

  https://kernel.org/pub/software/scm/git/docs/git-send-email.html

* If your mail client supports setting the In-Reply-To header
  via mailto: links, try the mailto: link
Be sure your reply has a Subject: header at the top and a blank line before the message body.
This is a public inbox, see mirroring instructions
for how to clone and mirror all data and code used for this inbox;
as well as URLs for NNTP newsgroup(s).