From mboxrd@z Thu Jan 1 00:00:00 1970 From: Platform Team regression test user Subject: [linux-4.1 baseline-only test] 71509: regressions - trouble: blocked/broken/fail/pass Date: Mon, 5 Jun 2017 20:40:58 +0100 Message-ID: Mime-Version: 1.0 Content-Type: multipart/mixed; boundary="===============4843458987161888886==" Return-path: List-Unsubscribe: , List-Post: List-Help: List-Subscribe: , Errors-To: xen-devel-bounces@lists.xen.org Sender: "Xen-devel" To: xen-devel@lists.xensource.com, osstest-admin@xenproject.org List-Id: xen-devel@lists.xenproject.org --===============4843458987161888886== Content-Type: text/plain This run is configured for baseline tests only. flight 71509 linux-4.1 real [real] http://osstest.xs.citrite.net/~osstest/testlogs/logs/71509/ Regressions :-( Tests which did not succeed and are blocking, including tests which could not be run: build-amd64-libvirt 5 libvirt-build fail REGR. vs. 71024 build-i386-libvirt 5 libvirt-build fail REGR. vs. 71024 Regressions which are regarded as allowable (not blocking): build-armhf-libvirt 5 libvirt-build fail blocked in 71024 test-amd64-amd64-xl-qemuu-win7-amd64 17 guest-start/win.repeat fail blocked in 71024 test-amd64-i386-xl-qemuu-winxpsp3-vcpus1 16 guest-stop fail blocked in 71024 test-amd64-amd64-xl-qemut-winxpsp3 17 guest-start/win.repeat fail blocked in 71024 test-amd64-i386-xl-qemuu-win7-amd64 16 guest-stop fail blocked in 71024 test-armhf-armhf-xl-vhd 9 debian-di-install fail blocked in 71024 test-amd64-amd64-qemuu-nested-intel 16 debian-hvm-install/l1/l2 fail like 71024 Tests which did not succeed, but are not blocking: test-amd64-amd64-libvirt-vhd 1 build-check(1) blocked n/a test-arm64-arm64-libvirt-xsm 1 build-check(1) blocked n/a test-amd64-i386-libvirt-qemuu-debianhvm-amd64-xsm 1 build-check(1) blocked n/a test-armhf-armhf-libvirt 1 build-check(1) blocked n/a test-arm64-arm64-xl 1 build-check(1) blocked n/a build-arm64-libvirt 1 build-check(1) blocked n/a test-arm64-arm64-libvirt-qcow2 1 build-check(1) blocked n/a test-amd64-amd64-libvirt-pair 1 build-check(1) blocked n/a test-amd64-i386-libvirt 1 build-check(1) blocked n/a test-armhf-armhf-libvirt-raw 1 build-check(1) blocked n/a test-arm64-arm64-libvirt 1 build-check(1) blocked n/a test-amd64-i386-libvirt-xsm 1 build-check(1) blocked n/a test-amd64-amd64-libvirt-xsm 1 build-check(1) blocked n/a test-amd64-amd64-libvirt 1 build-check(1) blocked n/a test-arm64-arm64-xl-credit2 1 build-check(1) blocked n/a test-amd64-amd64-libvirt-qemuu-debianhvm-amd64-xsm 1 build-check(1) blocked n/a test-arm64-arm64-xl-rtds 1 build-check(1) blocked n/a test-arm64-arm64-xl-multivcpu 1 build-check(1) blocked n/a test-armhf-armhf-libvirt-xsm 1 build-check(1) blocked n/a test-amd64-i386-libvirt-pair 1 build-check(1) blocked n/a test-arm64-arm64-xl-xsm 1 build-check(1) blocked n/a build-arm64 2 hosts-allocate broken never pass build-arm64-pvops 2 hosts-allocate broken never pass build-arm64-xsm 2 hosts-allocate broken never pass build-arm64-xsm 3 capture-logs broken never pass build-arm64 3 capture-logs broken never pass build-arm64-pvops 3 capture-logs broken never pass test-armhf-armhf-xl-xsm 12 migrate-support-check fail never pass test-armhf-armhf-xl-xsm 13 saverestore-support-check fail never pass test-armhf-armhf-xl 12 migrate-support-check fail never pass test-armhf-armhf-xl 13 saverestore-support-check fail never pass test-armhf-armhf-xl-credit2 12 migrate-support-check fail never pass test-armhf-armhf-xl-credit2 13 saverestore-support-check fail never pass test-armhf-armhf-xl-multivcpu 12 migrate-support-check fail never pass test-armhf-armhf-xl-multivcpu 13 saverestore-support-check fail never pass test-armhf-armhf-xl-midway 12 migrate-support-check fail never pass test-armhf-armhf-xl-midway 13 saverestore-support-check fail never pass test-armhf-armhf-xl-rtds 12 migrate-support-check fail never pass test-armhf-armhf-xl-rtds 13 saverestore-support-check fail never pass test-amd64-amd64-xl-qemut-win7-amd64 17 guest-start/win.repeat fail never pass test-amd64-i386-xl-qemut-win7-amd64 17 guest-start/win.repeat fail never pass test-amd64-amd64-qemuu-nested-amd 16 debian-hvm-install/l1/l2 fail never pass version targeted for testing: linux 56d847e3ef9433d7ac92376e4ba49d3cf3cb70d2 baseline version: linux d9e0350d2575a20ee7783427da9bd6b6107eb983 Last test of basis 71024 2017-03-20 11:22:56 Z 77 days Testing same since 71509 2017-06-05 06:52:37 Z 0 days 1 attempts ------------------------------------------------------------ People who touched revisions under test: "Eric W. Biederman" Adrian Hunter Adrian Salido Ajay Kaher Al Viro Alan Stern Alex Deucher Alexandre Bailon Alexandre Belloni Alexey Brodkin Alexey Brodkin Alyssa Milburn Andrei Vagin Andrew Morton Andrey Ryabinin Andy Lutomirski Andy Lutomirski Ankur Arora Anna Schumaker Anton Blanchard Arnd Bergmann Ashish Kalra Aurelien Aptel Bart Van Assche Bartlomiej Zolnierkiewicz Ben Segall Benjamin Herrenschmidt Bin Liu Bjoern Jacke Bjorn Andersson Bjorn Helgaas Björn Jacke Bjørn Mork Boris Ostrovsky bsegall@google.com Cameron Gutman Catalin Marinas Chen-Yu Tsai Chris Blake Chris Leech Christian Borntraeger Christian König Christian Lamparter Christoffer Dall Chu Yuan Lin Corey Minyard Dan Carpenter Daniel Glöckner Daniel Golle Daniel Vetter Dave Airlie David Daney David Howells David S. Miller David Woodhouse Davidlohr Bueso Davidlohr Bueso Dennis Yang Dmitry Torokhov Dmitry Tunin Doug Ledford Douglas Gilbert Ed Bordin Erez Shitrit Erez Zadok Eric Biggers Eric Dumazet Eric W. Biederman Evgeniy Polyakov Felipe Balbi Felix Fietkau Feras Daoud Frederic Barrat Gary Guo Gavin Shan Gerald Schaefer Germano Percossi Greg Hackmann Greg Kroah-Hartman Guenter Roeck Gustavo A. R. Silva Hans de Goede Hans Verkuil Hans Verkuil Heiko Carstens Herbert Xu Hillf Danton Horia Geantă Hui Wang Ian Abbott Ilya Dryomov Ingo Molnar J. Bruce Fields Jack Morgenstein James Cowgill James Hogan James Morris Jan Kara Jan-Marek Glogowski Janosch Frank Jarkko Sakkinen Jaroslav Kysela Jason A. Donenfeld Jason Gunthorpe Javier Martinez Canillas Jerry Snitselaar Joe Thornber Joel Stanley Joerg Roedel Joeseph Chang Johan Hovold Johannes Berg John Crispin John Garry Jonathan Liu Josh Poimboeuf Juergen Gross Julian Wiedmann K. Y. Srinivasan Kai-Heng Feng Kalle Valo Kalle Valo Kees Cook Kefeng Wang Ken Lin Konrad Rzeszutek Wilk Kristina Martsenko Krzysztof Kozlowski Ladi Prosek Larry Finger Leon Romanovsky Leonard Crestez Li Qiang Li Qiang Linus Torvalds Linus Walleij Long Li Ludovic Desroches Luis Henriques Lukas Wunner Maciej S. Szmigiero Magnus Lilja Marc Kleine-Budde Marc Zyngier Marcel Holtmann Marcelo Henrique Cerri Marek Szyprowski Marek Vasut Mark Brown Mark Rutland Marko Kiiskila Martin K. Petersen Martin Schwidefsky Mathias Nyman Mathias Svensson Matt Chen Mauricio Faria de Oliveira Mauro Carvalho Chehab Max Filippov Max Lohrmann Maxime Ripard Mel Gorman Michael Ellerman Michael S. Tsirkin Michal Hocko Michel Dänzer Mike Snitzer Mikulas Patocka Mimi Zohar Minchan Kim Mirko Parthey Moreno Bartalucci Murray McAllister Naoya Horiguchi Nayna Jain NeilBrown Nicholas Bellinger Nicolas Ferre Nicolas Ferre Nicolas Iooss Nidhi Panpalia OGAWA Hirofumi Oleg Nesterov Oliver Neukum Paul Burton Paul Mackerras Pavel Shilovsky Peter Chang Peter Chen Peter Zijlstra (Intel) Peter Zijlstra Rafael J. Wysocki Rafał Miłecki Raghava Aditya Renukunta Ralf Baechle Randy Dunlap Ravi Bangoria Richard Cochran Richard Weinberger Rik van Riel Rob Herring Roger Quadros Sabrina Dubroca Sachin Prabhu Sam Bobroff Samuel Thibault Sasha Levin Sean Hefty Sean Young Sebastian Andrzej Siewior Sebastian Siewior Shamir Rabinovitch Shaohua Li Shuxiao Zhang Somasundaram Krishnasamy Stephen Hemminger Steve French Steve French Steve Wise Steven Rostedt (VMware) Suzuki K Poulose Sylwester Nawrocki Szymon Janc Tahsin Erdogan Takashi Iwai Tejun Heo Theodore Ts'o Thomas Gleixner Thomas Hellstrom Tobias Herzog Tony Lindgren Trond Myklebust Tyrel Datwyler Ulf Hansson Vijay Kumar Ville Syrjälä Vinayak Menon Vinod Koul Vinothkumar Raja Viresh Kumar Vitaly Kuznetsov Wang YanQing Wei Yongjun Weston Andros Adamson Will Deacon Xiaolong Ye Y.C. Chen 家瑋 jobs: build-amd64-xsm pass build-arm64-xsm broken build-armhf-xsm pass build-i386-xsm pass build-amd64 pass build-arm64 broken build-armhf pass build-i386 pass build-amd64-libvirt fail build-arm64-libvirt blocked build-armhf-libvirt fail build-i386-libvirt fail build-amd64-pvops pass build-arm64-pvops broken build-armhf-pvops pass build-i386-pvops pass build-amd64-rumprun pass build-i386-rumprun pass test-amd64-amd64-xl pass test-arm64-arm64-xl blocked test-armhf-armhf-xl pass test-amd64-i386-xl pass test-amd64-amd64-xl-qemut-debianhvm-amd64-xsm pass test-amd64-i386-xl-qemut-debianhvm-amd64-xsm pass test-amd64-amd64-libvirt-qemuu-debianhvm-amd64-xsm blocked test-amd64-i386-libvirt-qemuu-debianhvm-amd64-xsm blocked test-amd64-amd64-xl-qemuu-debianhvm-amd64-xsm pass test-amd64-i386-xl-qemuu-debianhvm-amd64-xsm pass test-amd64-amd64-xl-qemut-stubdom-debianhvm-amd64-xsm pass test-amd64-i386-xl-qemut-stubdom-debianhvm-amd64-xsm pass test-amd64-amd64-libvirt-xsm blocked test-arm64-arm64-libvirt-xsm blocked test-armhf-armhf-libvirt-xsm blocked test-amd64-i386-libvirt-xsm blocked test-amd64-amd64-xl-xsm pass test-arm64-arm64-xl-xsm blocked test-armhf-armhf-xl-xsm pass test-amd64-i386-xl-xsm pass test-amd64-amd64-qemuu-nested-amd fail test-amd64-amd64-xl-pvh-amd pass test-amd64-i386-qemut-rhel6hvm-amd pass test-amd64-i386-qemuu-rhel6hvm-amd pass test-amd64-amd64-xl-qemut-debianhvm-amd64 pass test-amd64-i386-xl-qemut-debianhvm-amd64 pass test-amd64-amd64-xl-qemuu-debianhvm-amd64 pass test-amd64-i386-xl-qemuu-debianhvm-amd64 pass test-amd64-i386-freebsd10-amd64 pass test-amd64-amd64-xl-qemuu-ovmf-amd64 pass test-amd64-i386-xl-qemuu-ovmf-amd64 pass test-amd64-amd64-rumprun-amd64 pass test-amd64-amd64-xl-qemut-win7-amd64 fail test-amd64-i386-xl-qemut-win7-amd64 fail test-amd64-amd64-xl-qemuu-win7-amd64 fail test-amd64-i386-xl-qemuu-win7-amd64 fail test-amd64-amd64-xl-credit2 pass test-arm64-arm64-xl-credit2 blocked test-armhf-armhf-xl-credit2 pass test-amd64-i386-freebsd10-i386 pass test-amd64-i386-rumprun-i386 pass test-amd64-amd64-qemuu-nested-intel fail test-amd64-amd64-xl-pvh-intel pass test-amd64-i386-qemut-rhel6hvm-intel pass test-amd64-i386-qemuu-rhel6hvm-intel pass test-amd64-amd64-libvirt blocked test-arm64-arm64-libvirt blocked test-armhf-armhf-libvirt blocked test-amd64-i386-libvirt blocked test-armhf-armhf-xl-midway pass test-amd64-amd64-xl-multivcpu pass test-arm64-arm64-xl-multivcpu blocked test-armhf-armhf-xl-multivcpu pass test-amd64-amd64-pair pass test-amd64-i386-pair pass test-amd64-amd64-libvirt-pair blocked test-amd64-i386-libvirt-pair blocked test-amd64-amd64-amd64-pvgrub pass test-amd64-amd64-i386-pvgrub pass test-amd64-amd64-pygrub pass test-arm64-arm64-libvirt-qcow2 blocked test-amd64-amd64-xl-qcow2 pass test-armhf-armhf-libvirt-raw blocked test-amd64-i386-xl-raw pass test-amd64-amd64-xl-rtds pass test-arm64-arm64-xl-rtds blocked test-armhf-armhf-xl-rtds pass test-amd64-i386-xl-qemut-winxpsp3-vcpus1 pass test-amd64-i386-xl-qemuu-winxpsp3-vcpus1 fail test-amd64-amd64-libvirt-vhd blocked test-armhf-armhf-xl-vhd fail test-amd64-amd64-xl-qemut-winxpsp3 fail test-amd64-i386-xl-qemut-winxpsp3 pass test-amd64-amd64-xl-qemuu-winxpsp3 pass test-amd64-i386-xl-qemuu-winxpsp3 pass ------------------------------------------------------------ sg-report-flight on osstest.xs.citrite.net logs: /home/osstest/logs images: /home/osstest/images Logs, config files, etc. are available at http://osstest.xs.citrite.net/~osstest/testlogs/logs Test harness code can be found at http://xenbits.xensource.com/gitweb?p=osstest.git;a=summary broken-step build-arm64 hosts-allocate broken-step build-arm64-pvops hosts-allocate broken-step build-arm64-xsm hosts-allocate broken-step build-arm64-xsm capture-logs broken-step build-arm64 capture-logs broken-step build-arm64-pvops capture-logs Push not applicable. (No revision log; it would be 7548 lines long.) --===============4843458987161888886== Content-Type: text/plain; charset="utf-8" MIME-Version: 1.0 Content-Transfer-Encoding: base64 Content-Disposition: inline X19fX19fX19fX19fX19fX19fX19fX19fX19fX19fX19fX19fX19fX19fX19fX18KWGVuLWRldmVs IG1haWxpbmcgbGlzdApYZW4tZGV2ZWxAbGlzdHMueGVuLm9yZwpodHRwczovL2xpc3RzLnhlbi5v cmcveGVuLWRldmVsCg== --===============4843458987161888886==--