xen-devel.lists.xenproject.org archive mirror
 help / color / mirror / Atom feed
* [ovmf baseline-only test] 71511: tolerable FAIL
@ 2017-06-05 16:57 Platform Team regression test user
  0 siblings, 0 replies; only message in thread
From: Platform Team regression test user @ 2017-06-05 16:57 UTC (permalink / raw)
  To: xen-devel, osstest-admin

This run is configured for baseline tests only.

flight 71511 ovmf real [real]
http://osstest.xs.citrite.net/~osstest/testlogs/logs/71511/

Failures :-/ but no regressions.

Regressions which are regarded as allowable (not blocking):
 build-amd64-libvirt           5 libvirt-build                fail   like 71506
 build-i386-libvirt            5 libvirt-build                fail   like 71506

version targeted for testing:
 ovmf                 7ec69844b8f1d348c0699cc882222c728acb13ad
baseline version:
 ovmf                 a04ec6d9f70f7eedf5ab49b098970245270fa594

Last test of basis    71506  2017-06-03 05:47:38 Z    2 days
Testing same since    71511  2017-06-05 08:47:43 Z    0 days    1 attempts

------------------------------------------------------------
People who touched revisions under test:
  Ruiyu Ni <ruiyu.ni@intel.com>

jobs:
 build-amd64-xsm                                              pass    
 build-i386-xsm                                               pass    
 build-amd64                                                  pass    
 build-i386                                                   pass    
 build-amd64-libvirt                                          fail    
 build-i386-libvirt                                           fail    
 build-amd64-pvops                                            pass    
 build-i386-pvops                                             pass    
 test-amd64-amd64-xl-qemuu-ovmf-amd64                         pass    
 test-amd64-i386-xl-qemuu-ovmf-amd64                          pass    


------------------------------------------------------------
sg-report-flight on osstest.xs.citrite.net
logs: /home/osstest/logs
images: /home/osstest/images

Logs, config files, etc. are available at
    http://osstest.xs.citrite.net/~osstest/testlogs/logs

Test harness code can be found at
    http://xenbits.xensource.com/gitweb?p=osstest.git;a=summary


Push not applicable.

------------------------------------------------------------
commit 7ec69844b8f1d348c0699cc882222c728acb13ad
Author: Ruiyu Ni <ruiyu.ni@intel.com>
Date:   Thu Jun 1 22:09:14 2017 +0800

    ShellPkg/alias: Fix bug to support upper-case alias
    
    alias in UEFI Shell is case insensitive.
    Old code saves the alias to variable storage without
    converting the alias to lower-case, which results
    upper case alias setting doesn't work.
    The patch converts the alias to lower case before saving
    to variable storage.
    
    Contributed-under: TianoCore Contribution Agreement 1.0
    Signed-off-by: Ruiyu Ni <ruiyu.ni@intel.com>
    Reviewed-by: Jaben Carsey <jaben.carsey@intel.com>
    Cc: Michael D Kinney <michael.d.kinney@intel.com>
    Cc: Tapan Shah <tapandshah@hpe.com>

_______________________________________________
Xen-devel mailing list
Xen-devel@lists.xen.org
https://lists.xen.org/xen-devel

^ permalink raw reply	[flat|nested] only message in thread

only message in thread, other threads:[~2017-06-05 16:57 UTC | newest]

Thread overview: (only message) (download: mbox.gz follow: Atom feed
-- links below jump to the message on this page --
2017-06-05 16:57 [ovmf baseline-only test] 71511: tolerable FAIL Platform Team regression test user

This is a public inbox, see mirroring instructions
for how to clone and mirror all data and code used for this inbox;
as well as URLs for NNTP newsgroup(s).