* [ovmf baseline-only test] 71513: tolerable FAIL
@ 2017-06-05 20:33 Platform Team regression test user
0 siblings, 0 replies; only message in thread
From: Platform Team regression test user @ 2017-06-05 20:33 UTC (permalink / raw)
To: xen-devel, osstest-admin
This run is configured for baseline tests only.
flight 71513 ovmf real [real]
http://osstest.xs.citrite.net/~osstest/testlogs/logs/71513/
Failures :-/ but no regressions.
Regressions which are regarded as allowable (not blocking):
build-amd64-libvirt 5 libvirt-build fail like 71511
build-i386-libvirt 5 libvirt-build fail like 71511
version targeted for testing:
ovmf 5225084439bd47f2cdd210a98d6a445a2eccc9e2
baseline version:
ovmf 7ec69844b8f1d348c0699cc882222c728acb13ad
Last test of basis 71511 2017-06-05 08:47:43 Z 0 days
Testing same since 71513 2017-06-05 17:50:06 Z 0 days 1 attempts
------------------------------------------------------------
People who touched revisions under test:
Jiaxin Wu <jiaxin.wu@intel.com>
Wu Jiaxin <jiaxin.wu@intel.com>
jobs:
build-amd64-xsm pass
build-i386-xsm pass
build-amd64 pass
build-i386 pass
build-amd64-libvirt fail
build-i386-libvirt fail
build-amd64-pvops pass
build-i386-pvops pass
test-amd64-amd64-xl-qemuu-ovmf-amd64 pass
test-amd64-i386-xl-qemuu-ovmf-amd64 pass
------------------------------------------------------------
sg-report-flight on osstest.xs.citrite.net
logs: /home/osstest/logs
images: /home/osstest/images
Logs, config files, etc. are available at
http://osstest.xs.citrite.net/~osstest/testlogs/logs
Test harness code can be found at
http://xenbits.xensource.com/gitweb?p=osstest.git;a=summary
Push not applicable.
------------------------------------------------------------
commit 5225084439bd47f2cdd210a98d6a445a2eccc9e2
Author: Jiaxin Wu <jiaxin.wu@intel.com>
Date: Mon May 22 09:25:57 2017 +0800
MdeModulePkg/UefiPxeBcDxe: Refine the PXE boot displayed information
This path is to refine the PXE boot displayed information so as to
in line with NetworkPkg/UefiPxeBcDxe driver.
Cc: Ye Ting <ting.ye@intel.com>
Cc: Fu Siyuan <siyuan.fu@intel.com>
Contributed-under: TianoCore Contribution Agreement 1.0
Signed-off-by: Wu Jiaxin <jiaxin.wu@intel.com>
Reviewed-by: Ye Ting <ting.ye@intel.com>
Reviewed-by: Fu Siyuan <siyuan.fu@intel.com>
commit ef931b311fd772c8ab9f453cb0f9d0cd0b1deacf
Author: Jiaxin Wu <jiaxin.wu@intel.com>
Date: Mon May 22 09:13:18 2017 +0800
MdeModulePkg/UefiPxeBcDxe: Fix the PXE BootMenu selection issue
Currently implementation doesn't accept the input during the user
is trying to select the PXE BootMenu from option 43. This path is
to fix that problem.
Cc: Ye Ting <ting.ye@intel.com>
Cc: Fu Siyuan <siyuan.fu@intel.com>
Contributed-under: TianoCore Contribution Agreement 1.0
Signed-off-by: Wu Jiaxin <jiaxin.wu@intel.com>
Reviewed-by: Ye Ting <ting.ye@intel.com>
Reviewed-by: Fu Siyuan <siyuan.fu@intel.com>
_______________________________________________
Xen-devel mailing list
Xen-devel@lists.xen.org
https://lists.xen.org/xen-devel
^ permalink raw reply [flat|nested] only message in thread
only message in thread, other threads:[~2017-06-05 20:33 UTC | newest]
Thread overview: (only message) (download: mbox.gz follow: Atom feed
-- links below jump to the message on this page --
2017-06-05 20:33 [ovmf baseline-only test] 71513: tolerable FAIL Platform Team regression test user
This is a public inbox, see mirroring instructions
for how to clone and mirror all data and code used for this inbox;
as well as URLs for NNTP newsgroup(s).