From: Platform Team regression test user <citrix-osstest@xenproject.org>
To: xen-devel@lists.xensource.com, osstest-admin@xenproject.org
Subject: [ovmf baseline-only test] 71593: tolerable FAIL
Date: Sat, 24 Jun 2017 21:51:53 +0100 [thread overview]
Message-ID: <osstest-71593-mainreport@xen.org> (raw)
This run is configured for baseline tests only.
flight 71593 ovmf real [real]
http://osstest.xs.citrite.net/~osstest/testlogs/logs/71593/
Failures :-/ but no regressions.
Regressions which are regarded as allowable (not blocking):
build-i386-libvirt 5 libvirt-build fail like 71573
build-amd64-libvirt 5 libvirt-build fail like 71573
version targeted for testing:
ovmf c01f13d52a85f097e1cc6b194df1316a3ed24710
baseline version:
ovmf 53fa87286b9348d285654dda1ab2274241358ffc
Last test of basis 71573 2017-06-16 06:26:45 Z 8 days
Testing same since 71593 2017-06-23 17:53:34 Z 1 days 1 attempts
------------------------------------------------------------
People who touched revisions under test:
Ard Biesheuvel <ard.biesheuvel@linaro.org>
Dandan Bi <dandan.bi@intel.com>
Fu Siyuan <siyuan.fu@intel.com>
Hao Wu <hao.a.wu@intel.com>
Leif Lindholm <leif.lindholm@linaro.org>
Shi, Steven <steven.shi@intel.com>
Star Zeng <star.zeng@intel.com>
Steven Shi <steven.shi@intel.com>
Yonghong Zhu <yonghong.zhu@intel.com>
jobs:
build-amd64-xsm pass
build-i386-xsm pass
build-amd64 pass
build-i386 pass
build-amd64-libvirt fail
build-i386-libvirt fail
build-amd64-pvops pass
build-i386-pvops pass
test-amd64-amd64-xl-qemuu-ovmf-amd64 pass
test-amd64-i386-xl-qemuu-ovmf-amd64 pass
------------------------------------------------------------
sg-report-flight on osstest.xs.citrite.net
logs: /home/osstest/logs
images: /home/osstest/images
Logs, config files, etc. are available at
http://osstest.xs.citrite.net/~osstest/testlogs/logs
Test harness code can be found at
http://xenbits.xensource.com/gitweb?p=osstest.git;a=summary
Push not applicable.
(No revision log; it would be 470 lines long.)
_______________________________________________
Xen-devel mailing list
Xen-devel@lists.xen.org
https://lists.xen.org/xen-devel
reply other threads:[~2017-06-24 20:51 UTC|newest]
Thread overview: [no followups] expand[flat|nested] mbox.gz Atom feed
Reply instructions:
You may reply publicly to this message via plain-text email
using any one of the following methods:
* Save the following mbox file, import it into your mail client,
and reply-to-all from there: mbox
Avoid top-posting and favor interleaved quoting:
https://en.wikipedia.org/wiki/Posting_style#Interleaved_style
* Reply using the --to, --cc, and --in-reply-to
switches of git-send-email(1):
git send-email \
--in-reply-to=osstest-71593-mainreport@xen.org \
--to=citrix-osstest@xenproject.org \
--cc=osstest-admin@xenproject.org \
--cc=xen-devel@lists.xensource.com \
/path/to/YOUR_REPLY
https://kernel.org/pub/software/scm/git/docs/git-send-email.html
* If your mail client supports setting the In-Reply-To header
via mailto: links, try the mailto: link
Be sure your reply has a Subject: header at the top and a blank line
before the message body.
This is a public inbox, see mirroring instructions
for how to clone and mirror all data and code used for this inbox;
as well as URLs for NNTP newsgroup(s).