xen-devel.lists.xenproject.org archive mirror
 help / color / mirror / Atom feed
* [ovmf baseline-only test] 71593: tolerable FAIL
@ 2017-06-24 20:51 Platform Team regression test user
  0 siblings, 0 replies; only message in thread
From: Platform Team regression test user @ 2017-06-24 20:51 UTC (permalink / raw)
  To: xen-devel, osstest-admin

This run is configured for baseline tests only.

flight 71593 ovmf real [real]
http://osstest.xs.citrite.net/~osstest/testlogs/logs/71593/

Failures :-/ but no regressions.

Regressions which are regarded as allowable (not blocking):
 build-i386-libvirt            5 libvirt-build                fail   like 71573
 build-amd64-libvirt           5 libvirt-build                fail   like 71573

version targeted for testing:
 ovmf                 c01f13d52a85f097e1cc6b194df1316a3ed24710
baseline version:
 ovmf                 53fa87286b9348d285654dda1ab2274241358ffc

Last test of basis    71573  2017-06-16 06:26:45 Z    8 days
Testing same since    71593  2017-06-23 17:53:34 Z    1 days    1 attempts

------------------------------------------------------------
People who touched revisions under test:
  Ard Biesheuvel <ard.biesheuvel@linaro.org>
  Dandan Bi <dandan.bi@intel.com>
  Fu Siyuan <siyuan.fu@intel.com>
  Hao Wu <hao.a.wu@intel.com>
  Leif Lindholm <leif.lindholm@linaro.org>
  Shi, Steven <steven.shi@intel.com>
  Star Zeng <star.zeng@intel.com>
  Steven Shi <steven.shi@intel.com>
  Yonghong Zhu <yonghong.zhu@intel.com>

jobs:
 build-amd64-xsm                                              pass    
 build-i386-xsm                                               pass    
 build-amd64                                                  pass    
 build-i386                                                   pass    
 build-amd64-libvirt                                          fail    
 build-i386-libvirt                                           fail    
 build-amd64-pvops                                            pass    
 build-i386-pvops                                             pass    
 test-amd64-amd64-xl-qemuu-ovmf-amd64                         pass    
 test-amd64-i386-xl-qemuu-ovmf-amd64                          pass    


------------------------------------------------------------
sg-report-flight on osstest.xs.citrite.net
logs: /home/osstest/logs
images: /home/osstest/images

Logs, config files, etc. are available at
    http://osstest.xs.citrite.net/~osstest/testlogs/logs

Test harness code can be found at
    http://xenbits.xensource.com/gitweb?p=osstest.git;a=summary


Push not applicable.

(No revision log; it would be 470 lines long.)

_______________________________________________
Xen-devel mailing list
Xen-devel@lists.xen.org
https://lists.xen.org/xen-devel

^ permalink raw reply	[flat|nested] only message in thread

only message in thread, other threads:[~2017-06-24 20:51 UTC | newest]

Thread overview: (only message) (download: mbox.gz follow: Atom feed
-- links below jump to the message on this page --
2017-06-24 20:51 [ovmf baseline-only test] 71593: tolerable FAIL Platform Team regression test user

This is a public inbox, see mirroring instructions
for how to clone and mirror all data and code used for this inbox;
as well as URLs for NNTP newsgroup(s).