* [ovmf baseline-only test] 71595: tolerable FAIL
@ 2017-06-24 23:16 Platform Team regression test user
0 siblings, 0 replies; only message in thread
From: Platform Team regression test user @ 2017-06-24 23:16 UTC (permalink / raw)
To: xen-devel, osstest-admin
This run is configured for baseline tests only.
flight 71595 ovmf real [real]
http://osstest.xs.citrite.net/~osstest/testlogs/logs/71595/
Failures :-/ but no regressions.
Regressions which are regarded as allowable (not blocking):
build-i386-libvirt 5 libvirt-build fail like 71593
build-amd64-libvirt 5 libvirt-build fail like 71593
version targeted for testing:
ovmf bb427a23ab1d047ffcf72828f6836ea64d49f6ac
baseline version:
ovmf c01f13d52a85f097e1cc6b194df1316a3ed24710
Last test of basis 71593 2017-06-23 17:53:34 Z 1 days
Testing same since 71595 2017-06-24 21:20:23 Z 0 days 1 attempts
------------------------------------------------------------
People who touched revisions under test:
Hao Wu <hao.a.wu@intel.com>
jobs:
build-amd64-xsm pass
build-i386-xsm pass
build-amd64 pass
build-i386 pass
build-amd64-libvirt fail
build-i386-libvirt fail
build-amd64-pvops pass
build-i386-pvops pass
test-amd64-amd64-xl-qemuu-ovmf-amd64 pass
test-amd64-i386-xl-qemuu-ovmf-amd64 pass
------------------------------------------------------------
sg-report-flight on osstest.xs.citrite.net
logs: /home/osstest/logs
images: /home/osstest/images
Logs, config files, etc. are available at
http://osstest.xs.citrite.net/~osstest/testlogs/logs
Test harness code can be found at
http://xenbits.xensource.com/gitweb?p=osstest.git;a=summary
Push not applicable.
------------------------------------------------------------
commit bb427a23ab1d047ffcf72828f6836ea64d49f6ac
Author: Hao Wu <hao.a.wu@intel.com>
Date: Thu Jun 15 08:59:40 2017 +0800
MdePkg/Cper.h: Update Firmware Error Record per UEFI 2.7
This commit updates the Firmware Error Record related definitions
according to UEFI 2.7 spec Section N.2.10 Table 281:
a. Adds definitions for 2 Firmware Error Record types
b. Update the structure EFI_FIRMWARE_ERROR_DATA
Contributed-under: TianoCore Contribution Agreement 1.0
Signed-off-by: Hao Wu <hao.a.wu@intel.com>
Reviewed-by: Liming Gao <liming.gao@intel.com>
_______________________________________________
Xen-devel mailing list
Xen-devel@lists.xen.org
https://lists.xen.org/xen-devel
^ permalink raw reply [flat|nested] only message in thread
only message in thread, other threads:[~2017-06-24 23:16 UTC | newest]
Thread overview: (only message) (download: mbox.gz follow: Atom feed
-- links below jump to the message on this page --
2017-06-24 23:16 [ovmf baseline-only test] 71595: tolerable FAIL Platform Team regression test user
This is a public inbox, see mirroring instructions
for how to clone and mirror all data and code used for this inbox;
as well as URLs for NNTP newsgroup(s).