xen-devel.lists.xenproject.org archive mirror
 help / color / mirror / Atom feed
* [ovmf baseline-only test] 71615: regressions - FAIL
@ 2017-06-29 14:41 Platform Team regression test user
  0 siblings, 0 replies; only message in thread
From: Platform Team regression test user @ 2017-06-29 14:41 UTC (permalink / raw)
  To: xen-devel, osstest-admin

This run is configured for baseline tests only.

flight 71615 ovmf real [real]
http://osstest.xs.citrite.net/~osstest/testlogs/logs/71615/

Regressions :-(

Tests which did not succeed and are blocking,
including tests which could not be run:
 test-amd64-amd64-xl-qemuu-ovmf-amd64 9 debian-hvm-install fail REGR. vs. 71613

Regressions which are regarded as allowable (not blocking):
 build-i386-libvirt            5 libvirt-build                fail   like 71613
 build-amd64-libvirt           5 libvirt-build                fail   like 71613

version targeted for testing:
 ovmf                 8cf19dc7a5305007bd33934838c67a7b1640f633
baseline version:
 ovmf                 1fb805b1eb5b6039cb12375f8594aba65bf60a44

Last test of basis    71613  2017-06-29 03:17:33 Z    0 days
Testing same since    71615  2017-06-29 13:16:42 Z    0 days    1 attempts

------------------------------------------------------------
People who touched revisions under test:
  Dandan Bi <dandan.bi@intel.com>

jobs:
 build-amd64-xsm                                              pass    
 build-i386-xsm                                               pass    
 build-amd64                                                  pass    
 build-i386                                                   pass    
 build-amd64-libvirt                                          fail    
 build-i386-libvirt                                           fail    
 build-amd64-pvops                                            pass    
 build-i386-pvops                                             pass    
 test-amd64-amd64-xl-qemuu-ovmf-amd64                         fail    
 test-amd64-i386-xl-qemuu-ovmf-amd64                          pass    


------------------------------------------------------------
sg-report-flight on osstest.xs.citrite.net
logs: /home/osstest/logs
images: /home/osstest/images

Logs, config files, etc. are available at
    http://osstest.xs.citrite.net/~osstest/testlogs/logs

Test harness code can be found at
    http://xenbits.xensource.com/gitweb?p=osstest.git;a=summary


Push not applicable.

------------------------------------------------------------
commit 8cf19dc7a5305007bd33934838c67a7b1640f633
Author: Dandan Bi <dandan.bi@intel.com>
Date:   Wed Jun 28 10:33:32 2017 +0800

    UefiCpuPkg: Fix coding style issues
    
    Cc: Brijesh Singh <brijesh.singh@amd.com>
    Cc: Jeff Fan <jeff.fan@intel.com>
    Contributed-under: TianoCore Contribution Agreement 1.0
    Signed-off-by: Dandan Bi <dandan.bi@intel.com>
    Reviewed-by: Brijesh Singh <brijesh.singh@amd.com>
    Reviewed-by: Jeff Fan <jeff.fan@intel.com>

_______________________________________________
Xen-devel mailing list
Xen-devel@lists.xen.org
https://lists.xen.org/xen-devel

^ permalink raw reply	[flat|nested] only message in thread

only message in thread, other threads:[~2017-06-29 14:41 UTC | newest]

Thread overview: (only message) (download: mbox.gz follow: Atom feed
-- links below jump to the message on this page --
2017-06-29 14:41 [ovmf baseline-only test] 71615: regressions - FAIL Platform Team regression test user

This is a public inbox, see mirroring instructions
for how to clone and mirror all data and code used for this inbox;
as well as URLs for NNTP newsgroup(s).