xen-devel.lists.xenproject.org archive mirror
 help / color / mirror / Atom feed
* [ovmf baseline-only test] 71616: tolerable FAIL
@ 2017-06-29 22:16 Platform Team regression test user
  0 siblings, 0 replies; only message in thread
From: Platform Team regression test user @ 2017-06-29 22:16 UTC (permalink / raw)
  To: xen-devel, osstest-admin

This run is configured for baseline tests only.

flight 71616 ovmf real [real]
http://osstest.xs.citrite.net/~osstest/testlogs/logs/71616/

Failures :-/ but no regressions.

Regressions which are regarded as allowable (not blocking):
 build-i386-libvirt            5 libvirt-build                fail   like 71615
 build-amd64-libvirt           5 libvirt-build                fail   like 71615

version targeted for testing:
 ovmf                 03a5572bed61a5e0af83d634962c869f89730d75
baseline version:
 ovmf                 8cf19dc7a5305007bd33934838c67a7b1640f633

Last test of basis    71615  2017-06-29 13:16:42 Z    0 days
Testing same since    71616  2017-06-29 20:20:03 Z    0 days    1 attempts

------------------------------------------------------------
People who touched revisions under test:
  Tapan Shah <tapandshah@hpe.com>

jobs:
 build-amd64-xsm                                              pass    
 build-i386-xsm                                               pass    
 build-amd64                                                  pass    
 build-i386                                                   pass    
 build-amd64-libvirt                                          fail    
 build-i386-libvirt                                           fail    
 build-amd64-pvops                                            pass    
 build-i386-pvops                                             pass    
 test-amd64-amd64-xl-qemuu-ovmf-amd64                         pass    
 test-amd64-i386-xl-qemuu-ovmf-amd64                          pass    


------------------------------------------------------------
sg-report-flight on osstest.xs.citrite.net
logs: /home/osstest/logs
images: /home/osstest/images

Logs, config files, etc. are available at
    http://osstest.xs.citrite.net/~osstest/testlogs/logs

Test harness code can be found at
    http://xenbits.xensource.com/gitweb?p=osstest.git;a=summary


Push not applicable.

------------------------------------------------------------
commit 03a5572bed61a5e0af83d634962c869f89730d75
Author: Tapan Shah <tapandshah@hpe.com>
Date:   Wed Jun 28 02:17:24 2017 +0800

    ShellPkg: Update dh command to reflect correct driver field information
    
    dh command gets driver name and wrongly prints it as 'Child [handle]'.
    It should print it as 'Driver Name [handle]'.
    
    Contributed-under: TianoCore Contribution Agreement 1.0
    Signed-off-by: Tapan Shah <tapandshah@hpe.com>
    Reviewed-by: Ruiyu Ni <ruiyu.ni@intel.com>

_______________________________________________
Xen-devel mailing list
Xen-devel@lists.xen.org
https://lists.xen.org/xen-devel

^ permalink raw reply	[flat|nested] only message in thread

only message in thread, other threads:[~2017-06-29 22:16 UTC | newest]

Thread overview: (only message) (download: mbox.gz follow: Atom feed
-- links below jump to the message on this page --
2017-06-29 22:16 [ovmf baseline-only test] 71616: tolerable FAIL Platform Team regression test user

This is a public inbox, see mirroring instructions
for how to clone and mirror all data and code used for this inbox;
as well as URLs for NNTP newsgroup(s).