From: Platform Team regression test user <citrix-osstest@xenproject.org>
To: xen-devel@lists.xensource.com, osstest-admin@xenproject.org
Subject: [ovmf baseline-only test] 71618: tolerable FAIL
Date: Fri, 30 Jun 2017 11:36:29 +0100 [thread overview]
Message-ID: <osstest-71618-mainreport@xen.org> (raw)
This run is configured for baseline tests only.
flight 71618 ovmf real [real]
http://osstest.xs.citrite.net/~osstest/testlogs/logs/71618/
Failures :-/ but no regressions.
Regressions which are regarded as allowable (not blocking):
build-i386-libvirt 5 libvirt-build fail like 71616
build-amd64-libvirt 5 libvirt-build fail like 71616
version targeted for testing:
ovmf 0ad564ffe76f5a9286dd61a7b9e021e4b5cd0c0e
baseline version:
ovmf 03a5572bed61a5e0af83d634962c869f89730d75
Last test of basis 71616 2017-06-29 20:20:03 Z 0 days
Testing same since 71618 2017-06-30 05:16:57 Z 0 days 1 attempts
------------------------------------------------------------
People who touched revisions under test:
Jun Nie <jun.nie@linaro.org>
jobs:
build-amd64-xsm pass
build-i386-xsm pass
build-amd64 pass
build-i386 pass
build-amd64-libvirt fail
build-i386-libvirt fail
build-amd64-pvops pass
build-i386-pvops pass
test-amd64-amd64-xl-qemuu-ovmf-amd64 pass
test-amd64-i386-xl-qemuu-ovmf-amd64 pass
------------------------------------------------------------
sg-report-flight on osstest.xs.citrite.net
logs: /home/osstest/logs
images: /home/osstest/images
Logs, config files, etc. are available at
http://osstest.xs.citrite.net/~osstest/testlogs/logs
Test harness code can be found at
http://xenbits.xensource.com/gitweb?p=osstest.git;a=summary
Push not applicable.
------------------------------------------------------------
commit 0ad564ffe76f5a9286dd61a7b9e021e4b5cd0c0e
Author: Jun Nie <jun.nie@linaro.org>
Date: Thu Jun 29 17:02:05 2017 +0800
EmbeddedPkg/MmcDxe: Correct argument of ECSD read
The argument of CMD8 should be stuff bits according to standard
JESD84-A44.
Contributed-under: TianoCore Contribution Agreement 1.0
Signed-off-by: Jun Nie <jun.nie@linaro.org>
Reviewed-by: Leif Lindholm <leif.lindholm@linaro.org>
commit 44f4ff62577ec8a23308cbe351029703b055c66d
Author: Jun Nie <jun.nie@linaro.org>
Date: Mon Jun 12 10:18:05 2017 +0800
EmbeddedPkg/MmcDxe: Add non-DDR timing mode support
Only DDR mode is support for 8bit mode currently. Add
non-DDR case when configuring ECSD.
Contributed-under: TianoCore Contribution Agreement 1.0
Signed-off-by: Jun Nie <jun.nie@linaro.org>
Reviewed-by: Leif Lindholm <leif.lindholm@linaro.org>
_______________________________________________
Xen-devel mailing list
Xen-devel@lists.xen.org
https://lists.xen.org/xen-devel
reply other threads:[~2017-06-30 10:36 UTC|newest]
Thread overview: [no followups] expand[flat|nested] mbox.gz Atom feed
Reply instructions:
You may reply publicly to this message via plain-text email
using any one of the following methods:
* Save the following mbox file, import it into your mail client,
and reply-to-all from there: mbox
Avoid top-posting and favor interleaved quoting:
https://en.wikipedia.org/wiki/Posting_style#Interleaved_style
* Reply using the --to, --cc, and --in-reply-to
switches of git-send-email(1):
git send-email \
--in-reply-to=osstest-71618-mainreport@xen.org \
--to=citrix-osstest@xenproject.org \
--cc=osstest-admin@xenproject.org \
--cc=xen-devel@lists.xensource.com \
/path/to/YOUR_REPLY
https://kernel.org/pub/software/scm/git/docs/git-send-email.html
* If your mail client supports setting the In-Reply-To header
via mailto: links, try the mailto: link
Be sure your reply has a Subject: header at the top and a blank line
before the message body.
This is a public inbox, see mirroring instructions
for how to clone and mirror all data and code used for this inbox;
as well as URLs for NNTP newsgroup(s).