xen-devel.lists.xenproject.org archive mirror
 help / color / mirror / Atom feed
From: Platform Team regression test user <citrix-osstest@xenproject.org>
To: xen-devel@lists.xensource.com, osstest-admin@xenproject.org
Subject: [linux-4.1 baseline-only test] 71621: tolerable trouble: blocked/broken/fail/pass
Date: Sat, 1 Jul 2017 06:27:13 +0100	[thread overview]
Message-ID: <osstest-71621-mainreport@xen.org> (raw)

[-- Attachment #1: Type: text/plain, Size: 18663 bytes --]

This run is configured for baseline tests only.

flight 71621 linux-4.1 real [real]
http://osstest.xs.citrite.net/~osstest/testlogs/logs/71621/

Failures :-/ but no regressions.

Regressions which are regarded as allowable (not blocking):
 test-amd64-amd64-xl-qemuu-win7-amd64 17 guest-start/win.repeat fail blocked in 71580
 test-amd64-i386-xl-qemuu-win7-amd64 16 guest-stop        fail blocked in 71580
 build-amd64-libvirt           5 libvirt-build                fail   like 71580
 build-i386-libvirt            5 libvirt-build                fail   like 71580
 build-armhf-libvirt           5 libvirt-build                fail   like 71580
 test-amd64-i386-xl-qemut-winxpsp3-vcpus1 17 guest-start/win.repeat fail like 71580

Tests which did not succeed, but are not blocking:
 test-amd64-amd64-libvirt-vhd  1 build-check(1)               blocked  n/a
 test-arm64-arm64-libvirt-xsm  1 build-check(1)               blocked  n/a
 test-amd64-i386-libvirt-qemuu-debianhvm-amd64-xsm 1 build-check(1) blocked n/a
 test-armhf-armhf-libvirt      1 build-check(1)               blocked  n/a
 test-arm64-arm64-xl           1 build-check(1)               blocked  n/a
 build-arm64-libvirt           1 build-check(1)               blocked  n/a
 test-arm64-arm64-libvirt-qcow2  1 build-check(1)               blocked  n/a
 test-amd64-amd64-libvirt-pair  1 build-check(1)               blocked  n/a
 test-amd64-i386-libvirt       1 build-check(1)               blocked  n/a
 test-armhf-armhf-libvirt-raw  1 build-check(1)               blocked  n/a
 test-arm64-arm64-libvirt      1 build-check(1)               blocked  n/a
 test-amd64-i386-libvirt-xsm   1 build-check(1)               blocked  n/a
 test-amd64-amd64-libvirt-xsm  1 build-check(1)               blocked  n/a
 test-amd64-amd64-libvirt      1 build-check(1)               blocked  n/a
 test-arm64-arm64-xl-credit2   1 build-check(1)               blocked  n/a
 test-amd64-amd64-libvirt-qemuu-debianhvm-amd64-xsm 1 build-check(1) blocked n/a
 test-arm64-arm64-xl-rtds      1 build-check(1)               blocked  n/a
 test-arm64-arm64-xl-multivcpu  1 build-check(1)               blocked  n/a
 test-armhf-armhf-libvirt-xsm  1 build-check(1)               blocked  n/a
 test-amd64-i386-libvirt-pair  1 build-check(1)               blocked  n/a
 test-arm64-arm64-xl-xsm       1 build-check(1)               blocked  n/a
 build-arm64                   2 hosts-allocate               broken never pass
 build-arm64-pvops             2 hosts-allocate               broken never pass
 build-arm64-xsm               2 hosts-allocate               broken never pass
 build-arm64-xsm               3 capture-logs                 broken never pass
 build-arm64                   3 capture-logs                 broken never pass
 build-arm64-pvops             3 capture-logs                 broken never pass
 test-armhf-armhf-xl-credit2  12 migrate-support-check        fail   never pass
 test-armhf-armhf-xl-credit2  13 saverestore-support-check    fail   never pass
 test-armhf-armhf-xl-midway   12 migrate-support-check        fail   never pass
 test-armhf-armhf-xl-midway   13 saverestore-support-check    fail   never pass
 test-armhf-armhf-xl          12 migrate-support-check        fail   never pass
 test-armhf-armhf-xl          13 saverestore-support-check    fail   never pass
 test-armhf-armhf-xl-multivcpu 12 migrate-support-check        fail  never pass
 test-armhf-armhf-xl-multivcpu 13 saverestore-support-check    fail  never pass
 test-armhf-armhf-xl-xsm      12 migrate-support-check        fail   never pass
 test-armhf-armhf-xl-xsm      13 saverestore-support-check    fail   never pass
 test-armhf-armhf-xl-rtds     12 migrate-support-check        fail   never pass
 test-armhf-armhf-xl-rtds     13 saverestore-support-check    fail   never pass
 test-armhf-armhf-xl-vhd      11 migrate-support-check        fail   never pass
 test-armhf-armhf-xl-vhd      12 saverestore-support-check    fail   never pass
 test-amd64-amd64-xl-qemut-win7-amd64 17 guest-start/win.repeat fail never pass
 test-amd64-amd64-qemuu-nested-amd 16 debian-hvm-install/l1/l2  fail never pass
 test-amd64-i386-xl-qemut-win7-amd64 17 guest-start/win.repeat  fail never pass

version targeted for testing:
 linux                2ac51e21d8c50ca37fc9b5b9a9b4937c810b0d0a
baseline version:
 linux                4bd4cfc5210ef2f9002e54a16334a56acd295e4b

Last test of basis    71580  2017-06-16 17:47:33 Z   14 days
Testing same since    71621  2017-06-30 20:50:20 Z    0 days    1 attempts

------------------------------------------------------------
People who touched revisions under test:
  "Eric W. Biederman" <ebiederm@xmission.com>
  Al Viro <viro@zeniv.linux.org.uk>
  Alan Stern <stern@rowland.harvard.edu>
  Alex Deucher <alexander.deucher@amd.com>
  Alexander Potapenko <glider@google.com>
  Alexey Khoroshilov <khoroshilov@ispras.ru>
  Andrew Morton <akpm@linux-foundation.org>
  Andrey Konovalov <andreyknvl@google.com>
  Andrey Ryabinin <aryabinin@virtuozzo.com>
  Anssi Hannula <anssi.hannula@bitwise.fi>
  Anton Bondarenko <anton.bondarenko.sama@gmail.com>
  Ard Biesheuvel <ard.biesheuvel@linaro.org>
  Arnd Bergmann <arnd@arndb.de>
  Ben Hutchings <ben@decadent.org.uk>
  Ben Skeggs <bskeggs@redhat.com>
  Bjorn Helgaas <bhelgaas@google.com>
  Bjørn Mork <bjorn@mork.no>
  Brian Foster <bfoster@redhat.com>
  Bryant G. Ly <bryantly@linux.vnet.ibm.com>
  Carlos Maiolino <cmaiolino@redhat.com>
  Catalin Marinas <catalin.marinas@arm.com>
  Chris Brandt <chris.brandt@renesas.com>
  Christian König <christian.koenig@amd.com>
  Christoffer Dall <cdall@linaro.org>
  Christoph Hellwig <hch@lst.de>
  Christophe JAILLET <christophe.jaillet@wanadoo.fr>
  Coly Li <colyli@suse.de>
  Corentin Labbe <clabbe.montjoie@gmail.com>
  Craig Gallek <kraig@google.com>
  Dan Carpenter <dan.carpenter@oracle.com>
  Darrick J. Wong <darrick.wong@oracle.com>
  Dave Airlie <airlied@redhat.com>
  David Howells <dhowells@redhat.com>
  David Lin <dtwlin@google.com>
  David S. Miller <davem@davemloft.net>
  David Sterba <dsterba@suse.com>
  Davide Caratti <dcaratti@redhat.com>
  Emmanuel Grumbach <emmanuel.grumbach@intel.com>
  Eric Biggers <ebiggers@google.com>
  Eric Dumazet <edumazet@google.com>
  Eric Sandeen <sandeen@redhat.com>
  Eric Sandeen <sandeen@sandeen.net>
  Eric W. Biederman <ebiederm@xmission.com>
  Felipe Balbi <felipe.balbi@linux.intel.com>
  Frederic Barrat <fbarrat@linux.vnet.ibm.com>
  Ganesh Goudar <ganeshgr@chelsio.com>
  Gilad Ben-Yossef <gilad@benyossef.com>
  Greg Kroah-Hartman <gregkh@linuxfoundation.org>
  Hans Verkuil <hans.verkuil@cisco.com>
  Hayes Wang <hayeswang@realtek.com>
  hayeswang <hayeswang@realtek.com>
  Heiner Kallweit <hkallweit1@gmail.com>
  Helge Deller <deller@gmx.de>
  Helge Deller <deller@gmx.de> # parisc
  Herbert Xu <herbert@gondor.apana.org.au>
  Hugh Dickins <hughd@google.com>
  Imre Deak <imre.deak@intel.com>
  Ingo Molnar <mingo@kernel.org>
  J. Bruce Fields <bfields@redhat.com>
  Jack Morgenstein <jackm@dev.mellanox.co.il>
  James Clarke <jrtc27@jrtc27.com>
  James Morris <james.l.morris@oracle.com>
  James Morse <james.morse@arm.com>
  Jan Kara <jack@suse.cz>
  Jane Chu <jane.chu@oracle.com>
  Jason A. Donenfeld <Jason@zx2c4.com>
  Jason Wang <jasowang@redhat.com>
  Jeff Layton <jlayton@redhat.com>
  Jeff Mahoney <jeffm@suse.com>
  Jens Axboe <axboe@fb.com>
  Jin Yao <yao.jin@linux.intel.com>
  Jisheng Zhang <jszhang@marvell.com>
  Johan Hovold <johan@kernel.org>
  Johannes Berg <johannes.berg@intel.com>
  Johannes Thumshirn <jthumshirn@suse.de>
  John L. Hammond <john.hammond@intel.com>
  John Thompson <thompa.atl@gmail.com>
  Jon Maloy <jon.maloy@ericsson.com>
  Jonathan Cameron <jic23@kernel.org>
  Jonathan T. Leighton <jtleight@udel.edu>
  Julian Wiedmann <jwi@linux.vnet.ibm.com>
  Julius Werner <jwerner@chromium.org>
  Kees Cook <keescook@chromium.org>
  Koen Vandeputte <koen.vandeputte@ncentric.com>
  Konstantin Khlebnikov <khlebnikov@yandex-team.ru>
  Kristina Martsenko <kristina.martsenko@arm.com>
  Laura Abbott <labbott@redhat.com>
  Lee Jones <lee.jones@linaro.org>
  Linus Lüssing <linus.luessing@c0d3.blue>
  Linus Torvalds <torvalds@linux-foundation.org>
  Lorenzo Colitti <lorenzo@google.com>
  Luca Coelho <luciano.coelho@intel.com>
  Lyude <lyude@redhat.com>
  Lyude Paul <lyude@redhat.com>
  Manoj Iyer <manoj.iyer@canonical.com>
  Marc Kleine-Budde <mkl@pengutronix.de>
  Marc Zyngier <marc.zyngier@arm.com>
  Marcelo Ricardo Leitner <marcelo.leitner@gmail.com>
  Mark Brown <broonie@kernel.org>
  Martin K. Petersen <martin.petersen@oracle.com>
  Mathias Nyman <mathias.nyman@linux.intel.com>
  Matt Ranostay <matt.ranostay@konsulko.com>
  Mauro Carvalho Chehab <mchehab@s-opensource.com>
  Max Filippov <jcmvbkbc@gmail.com>
  Michael Bringmann <mwb@linux.vnet.ibm.com>
  Michael Ellerman <mpe@ellerman.id.au>
  Michael S. Tsirkin <mst@redhat.com>
  Michael Thalmeier <michael.thalmeier@hale.at>
  Michal Hocko <mhocko@suse.com>
  Mike Kravetz <mike.kravetz@oracle.com>
  Mikołaj Chwalisz <chwalisz@tkn.tu-berlin.de>
  Mintz, Yuval <Yuval.Mintz@cavium.com>
  Naoya Horiguchi <n-horiguchi@ah.jp.nec.com>
  Neal Cardwell <ncardwell@google.com>
  Neil Horman <nhorman@tuxdriver.com>
  Nicholas Bellinger <nab@linux-iscsi.org>
  Nong Li <nongli1031@gmail.com>
  Oleg Drokin <green@linuxhacker.ru>
  Orlando Arias <oarias@knights.ucf.edu>
  Paolo Bonzini <pbonzini@redhat.com>
  Parthasarathy Bhuvaragan <parthasarathy.bhuvaragan@ericsson.com>
  Paul Burton <paul.burton@imgtec.com>
  Paul E. McKenney <paulmck@linux.vnet.ibm.com>
  Pavel Tatashin <pasha.tatashin@oracle.com>
  Peter Chen <peter.chen@nxp.com>
  Peter Zijlstra (Intel) <peterz@infradead.org>
  Peter Zijlstra <peterz@infradead.org>
  Piotr Gawlowicz <gawlowicz@tkn.tu-berlin.de>
  Punit Agrawal <punit.agrawal@arm.com>
  Radim Krčmář <rkrcmar@redhat.com>
  Rafael J. Wysocki <rafael.j.wysocki@intel.com>
  Ralf Baechle <ralf@linux-mips.org>
  Randy Dunlap <rdunlap@infradead.org>
  Richard <richard@aaazen.com>
  Richard Narron <comet.berkeley@gmail.com>
  Rodolfo Giometti <giometti@linux.it>
  Roger Quadros <rogerq@ti.com>
  Sasha Levin <alexander.levin@verizon.com>
  Shuah Khan <shuahkh@osg.samsung.com>
  Soheil Hassas Yeganeh <soheil@google.com>
  Stanislaw Gruszka <sgruszka@redhat.com>
  Stefan Brüns <stefan.bruens@rwth-aachen.de>
  Steve Dickson <steved@redhat.com>
  Steven Rostedt <rostedt@goodmis.org>
  Takashi Iwai <tiwai@suse.de>
  Tariq Toukan <tariqt@mellanox.com>
  Tejun Heo <tj@kernel.org>
  Theodore Ts'o <tytso@mit.edu>
  Thinh Nguyen <Thinh.Nguyen@synopsys.com>
  Thinh Nguyen <thinhn@synopsys.com>
  Thomas Gleixner <tglx@linutronix.de>
  Thomas Osterried <thomas@osterried.de>
  Tony Lindgren <tony@atomide.com>
  Toshiaki Makita <makita.toshiaki@lab.ntt.co.jp>
  Ursula Braun <ubraun@linux.vnet.ibm.com>
  Uwe Kleine-König <u.kleine-koenig@pengutronix.de>
  Vlad Yasevich <vyasevich@gmail.com>
  Vladimir Davydov <vdavydov.dev@gmail.com>
  Vladislav Yasevich <vyasevic@redhat.com>
  Wanpeng Li <wanpeng.li@hotmail.com>
  Wei Wang <weiwan@google.com>
  Will Deacon <will.deacon@arm.com>
  Xin Long <lucien.xin@gmail.com>
  Y.C. Chen <yc_chen@aspeedtech.com>
  Ying Xue <ying.xue@windriver.com>
  Yu Zhao <yuzhao@google.com>
  Yuchung Cheng <ycheng@google.com>
  Yuval Mintz <Yuval.Mintz@cavium.com>
  Zorro Lang <zlang@redhat.com>

jobs:
 build-amd64-xsm                                              pass    
 build-arm64-xsm                                              broken  
 build-armhf-xsm                                              pass    
 build-i386-xsm                                               pass    
 build-amd64                                                  pass    
 build-arm64                                                  broken  
 build-armhf                                                  pass    
 build-i386                                                   pass    
 build-amd64-libvirt                                          fail    
 build-arm64-libvirt                                          blocked 
 build-armhf-libvirt                                          fail    
 build-i386-libvirt                                           fail    
 build-amd64-pvops                                            pass    
 build-arm64-pvops                                            broken  
 build-armhf-pvops                                            pass    
 build-i386-pvops                                             pass    
 build-amd64-rumprun                                          pass    
 build-i386-rumprun                                           pass    
 test-amd64-amd64-xl                                          pass    
 test-arm64-arm64-xl                                          blocked 
 test-armhf-armhf-xl                                          pass    
 test-amd64-i386-xl                                           pass    
 test-amd64-amd64-xl-qemut-debianhvm-amd64-xsm                pass    
 test-amd64-i386-xl-qemut-debianhvm-amd64-xsm                 pass    
 test-amd64-amd64-libvirt-qemuu-debianhvm-amd64-xsm           blocked 
 test-amd64-i386-libvirt-qemuu-debianhvm-amd64-xsm            blocked 
 test-amd64-amd64-xl-qemuu-debianhvm-amd64-xsm                pass    
 test-amd64-i386-xl-qemuu-debianhvm-amd64-xsm                 pass    
 test-amd64-amd64-xl-qemut-stubdom-debianhvm-amd64-xsm        pass    
 test-amd64-i386-xl-qemut-stubdom-debianhvm-amd64-xsm         pass    
 test-amd64-amd64-libvirt-xsm                                 blocked 
 test-arm64-arm64-libvirt-xsm                                 blocked 
 test-armhf-armhf-libvirt-xsm                                 blocked 
 test-amd64-i386-libvirt-xsm                                  blocked 
 test-amd64-amd64-xl-xsm                                      pass    
 test-arm64-arm64-xl-xsm                                      blocked 
 test-armhf-armhf-xl-xsm                                      pass    
 test-amd64-i386-xl-xsm                                       pass    
 test-amd64-amd64-qemuu-nested-amd                            fail    
 test-amd64-amd64-xl-pvh-amd                                  pass    
 test-amd64-i386-qemut-rhel6hvm-amd                           pass    
 test-amd64-i386-qemuu-rhel6hvm-amd                           pass    
 test-amd64-amd64-xl-qemut-debianhvm-amd64                    pass    
 test-amd64-i386-xl-qemut-debianhvm-amd64                     pass    
 test-amd64-amd64-xl-qemuu-debianhvm-amd64                    pass    
 test-amd64-i386-xl-qemuu-debianhvm-amd64                     pass    
 test-amd64-i386-freebsd10-amd64                              pass    
 test-amd64-amd64-xl-qemuu-ovmf-amd64                         pass    
 test-amd64-i386-xl-qemuu-ovmf-amd64                          pass    
 test-amd64-amd64-rumprun-amd64                               pass    
 test-amd64-amd64-xl-qemut-win7-amd64                         fail    
 test-amd64-i386-xl-qemut-win7-amd64                          fail    
 test-amd64-amd64-xl-qemuu-win7-amd64                         fail    
 test-amd64-i386-xl-qemuu-win7-amd64                          fail    
 test-amd64-amd64-xl-credit2                                  pass    
 test-arm64-arm64-xl-credit2                                  blocked 
 test-armhf-armhf-xl-credit2                                  pass    
 test-amd64-i386-freebsd10-i386                               pass    
 test-amd64-i386-rumprun-i386                                 pass    
 test-amd64-amd64-qemuu-nested-intel                          pass    
 test-amd64-amd64-xl-pvh-intel                                pass    
 test-amd64-i386-qemut-rhel6hvm-intel                         pass    
 test-amd64-i386-qemuu-rhel6hvm-intel                         pass    
 test-amd64-amd64-libvirt                                     blocked 
 test-arm64-arm64-libvirt                                     blocked 
 test-armhf-armhf-libvirt                                     blocked 
 test-amd64-i386-libvirt                                      blocked 
 test-armhf-armhf-xl-midway                                   pass    
 test-amd64-amd64-xl-multivcpu                                pass    
 test-arm64-arm64-xl-multivcpu                                blocked 
 test-armhf-armhf-xl-multivcpu                                pass    
 test-amd64-amd64-pair                                        pass    
 test-amd64-i386-pair                                         pass    
 test-amd64-amd64-libvirt-pair                                blocked 
 test-amd64-i386-libvirt-pair                                 blocked 
 test-amd64-amd64-amd64-pvgrub                                pass    
 test-amd64-amd64-i386-pvgrub                                 pass    
 test-amd64-amd64-pygrub                                      pass    
 test-arm64-arm64-libvirt-qcow2                               blocked 
 test-amd64-amd64-xl-qcow2                                    pass    
 test-armhf-armhf-libvirt-raw                                 blocked 
 test-amd64-i386-xl-raw                                       pass    
 test-amd64-amd64-xl-rtds                                     pass    
 test-arm64-arm64-xl-rtds                                     blocked 
 test-armhf-armhf-xl-rtds                                     pass    
 test-amd64-i386-xl-qemut-winxpsp3-vcpus1                     fail    
 test-amd64-i386-xl-qemuu-winxpsp3-vcpus1                     pass    
 test-amd64-amd64-libvirt-vhd                                 blocked 
 test-armhf-armhf-xl-vhd                                      pass    
 test-amd64-amd64-xl-qemut-winxpsp3                           pass    
 test-amd64-i386-xl-qemut-winxpsp3                            pass    
 test-amd64-amd64-xl-qemuu-winxpsp3                           pass    
 test-amd64-i386-xl-qemuu-winxpsp3                            pass    


------------------------------------------------------------
sg-report-flight on osstest.xs.citrite.net
logs: /home/osstest/logs
images: /home/osstest/images

Logs, config files, etc. are available at
    http://osstest.xs.citrite.net/~osstest/testlogs/logs

Test harness code can be found at
    http://xenbits.xensource.com/gitweb?p=osstest.git;a=summary

broken-step build-arm64 hosts-allocate
broken-step build-arm64-pvops hosts-allocate
broken-step build-arm64-xsm hosts-allocate
broken-step build-arm64-xsm capture-logs
broken-step build-arm64 capture-logs
broken-step build-arm64-pvops capture-logs

Push not applicable.

(No revision log; it would be 4425 lines long.)


[-- Attachment #2: Type: text/plain, Size: 127 bytes --]

_______________________________________________
Xen-devel mailing list
Xen-devel@lists.xen.org
https://lists.xen.org/xen-devel

                 reply	other threads:[~2017-07-01  5:27 UTC|newest]

Thread overview: [no followups] expand[flat|nested]  mbox.gz  Atom feed

Reply instructions:

You may reply publicly to this message via plain-text email
using any one of the following methods:

* Save the following mbox file, import it into your mail client,
  and reply-to-all from there: mbox

  Avoid top-posting and favor interleaved quoting:
  https://en.wikipedia.org/wiki/Posting_style#Interleaved_style

* Reply using the --to, --cc, and --in-reply-to
  switches of git-send-email(1):

  git send-email \
    --in-reply-to=osstest-71621-mainreport@xen.org \
    --to=citrix-osstest@xenproject.org \
    --cc=osstest-admin@xenproject.org \
    --cc=xen-devel@lists.xensource.com \
    /path/to/YOUR_REPLY

  https://kernel.org/pub/software/scm/git/docs/git-send-email.html

* If your mail client supports setting the In-Reply-To header
  via mailto: links, try the mailto: link
Be sure your reply has a Subject: header at the top and a blank line before the message body.
This is a public inbox, see mirroring instructions
for how to clone and mirror all data and code used for this inbox;
as well as URLs for NNTP newsgroup(s).