From mboxrd@z Thu Jan 1 00:00:00 1970 From: Platform Team regression test user Subject: [linux-4.1 baseline-only test] 71621: tolerable trouble: blocked/broken/fail/pass Date: Sat, 1 Jul 2017 06:27:13 +0100 Message-ID: Mime-Version: 1.0 Content-Type: multipart/mixed; boundary="===============0822265133071621937==" Return-path: List-Unsubscribe: , List-Post: List-Help: List-Subscribe: , Errors-To: xen-devel-bounces@lists.xen.org Sender: "Xen-devel" To: xen-devel@lists.xensource.com, osstest-admin@xenproject.org List-Id: xen-devel@lists.xenproject.org --===============0822265133071621937== Content-Type: text/plain This run is configured for baseline tests only. flight 71621 linux-4.1 real [real] http://osstest.xs.citrite.net/~osstest/testlogs/logs/71621/ Failures :-/ but no regressions. Regressions which are regarded as allowable (not blocking): test-amd64-amd64-xl-qemuu-win7-amd64 17 guest-start/win.repeat fail blocked in 71580 test-amd64-i386-xl-qemuu-win7-amd64 16 guest-stop fail blocked in 71580 build-amd64-libvirt 5 libvirt-build fail like 71580 build-i386-libvirt 5 libvirt-build fail like 71580 build-armhf-libvirt 5 libvirt-build fail like 71580 test-amd64-i386-xl-qemut-winxpsp3-vcpus1 17 guest-start/win.repeat fail like 71580 Tests which did not succeed, but are not blocking: test-amd64-amd64-libvirt-vhd 1 build-check(1) blocked n/a test-arm64-arm64-libvirt-xsm 1 build-check(1) blocked n/a test-amd64-i386-libvirt-qemuu-debianhvm-amd64-xsm 1 build-check(1) blocked n/a test-armhf-armhf-libvirt 1 build-check(1) blocked n/a test-arm64-arm64-xl 1 build-check(1) blocked n/a build-arm64-libvirt 1 build-check(1) blocked n/a test-arm64-arm64-libvirt-qcow2 1 build-check(1) blocked n/a test-amd64-amd64-libvirt-pair 1 build-check(1) blocked n/a test-amd64-i386-libvirt 1 build-check(1) blocked n/a test-armhf-armhf-libvirt-raw 1 build-check(1) blocked n/a test-arm64-arm64-libvirt 1 build-check(1) blocked n/a test-amd64-i386-libvirt-xsm 1 build-check(1) blocked n/a test-amd64-amd64-libvirt-xsm 1 build-check(1) blocked n/a test-amd64-amd64-libvirt 1 build-check(1) blocked n/a test-arm64-arm64-xl-credit2 1 build-check(1) blocked n/a test-amd64-amd64-libvirt-qemuu-debianhvm-amd64-xsm 1 build-check(1) blocked n/a test-arm64-arm64-xl-rtds 1 build-check(1) blocked n/a test-arm64-arm64-xl-multivcpu 1 build-check(1) blocked n/a test-armhf-armhf-libvirt-xsm 1 build-check(1) blocked n/a test-amd64-i386-libvirt-pair 1 build-check(1) blocked n/a test-arm64-arm64-xl-xsm 1 build-check(1) blocked n/a build-arm64 2 hosts-allocate broken never pass build-arm64-pvops 2 hosts-allocate broken never pass build-arm64-xsm 2 hosts-allocate broken never pass build-arm64-xsm 3 capture-logs broken never pass build-arm64 3 capture-logs broken never pass build-arm64-pvops 3 capture-logs broken never pass test-armhf-armhf-xl-credit2 12 migrate-support-check fail never pass test-armhf-armhf-xl-credit2 13 saverestore-support-check fail never pass test-armhf-armhf-xl-midway 12 migrate-support-check fail never pass test-armhf-armhf-xl-midway 13 saverestore-support-check fail never pass test-armhf-armhf-xl 12 migrate-support-check fail never pass test-armhf-armhf-xl 13 saverestore-support-check fail never pass test-armhf-armhf-xl-multivcpu 12 migrate-support-check fail never pass test-armhf-armhf-xl-multivcpu 13 saverestore-support-check fail never pass test-armhf-armhf-xl-xsm 12 migrate-support-check fail never pass test-armhf-armhf-xl-xsm 13 saverestore-support-check fail never pass test-armhf-armhf-xl-rtds 12 migrate-support-check fail never pass test-armhf-armhf-xl-rtds 13 saverestore-support-check fail never pass test-armhf-armhf-xl-vhd 11 migrate-support-check fail never pass test-armhf-armhf-xl-vhd 12 saverestore-support-check fail never pass test-amd64-amd64-xl-qemut-win7-amd64 17 guest-start/win.repeat fail never pass test-amd64-amd64-qemuu-nested-amd 16 debian-hvm-install/l1/l2 fail never pass test-amd64-i386-xl-qemut-win7-amd64 17 guest-start/win.repeat fail never pass version targeted for testing: linux 2ac51e21d8c50ca37fc9b5b9a9b4937c810b0d0a baseline version: linux 4bd4cfc5210ef2f9002e54a16334a56acd295e4b Last test of basis 71580 2017-06-16 17:47:33 Z 14 days Testing same since 71621 2017-06-30 20:50:20 Z 0 days 1 attempts ------------------------------------------------------------ People who touched revisions under test: "Eric W. Biederman" Al Viro Alan Stern Alex Deucher Alexander Potapenko Alexey Khoroshilov Andrew Morton Andrey Konovalov Andrey Ryabinin Anssi Hannula Anton Bondarenko Ard Biesheuvel Arnd Bergmann Ben Hutchings Ben Skeggs Bjorn Helgaas Bjørn Mork Brian Foster Bryant G. Ly Carlos Maiolino Catalin Marinas Chris Brandt Christian König Christoffer Dall Christoph Hellwig Christophe JAILLET Coly Li Corentin Labbe Craig Gallek Dan Carpenter Darrick J. Wong Dave Airlie David Howells David Lin David S. Miller David Sterba Davide Caratti Emmanuel Grumbach Eric Biggers Eric Dumazet Eric Sandeen Eric Sandeen Eric W. Biederman Felipe Balbi Frederic Barrat Ganesh Goudar Gilad Ben-Yossef Greg Kroah-Hartman Hans Verkuil Hayes Wang hayeswang Heiner Kallweit Helge Deller Helge Deller # parisc Herbert Xu Hugh Dickins Imre Deak Ingo Molnar J. Bruce Fields Jack Morgenstein James Clarke James Morris James Morse Jan Kara Jane Chu Jason A. Donenfeld Jason Wang Jeff Layton Jeff Mahoney Jens Axboe Jin Yao Jisheng Zhang Johan Hovold Johannes Berg Johannes Thumshirn John L. Hammond John Thompson Jon Maloy Jonathan Cameron Jonathan T. Leighton Julian Wiedmann Julius Werner Kees Cook Koen Vandeputte Konstantin Khlebnikov Kristina Martsenko Laura Abbott Lee Jones Linus Lüssing Linus Torvalds Lorenzo Colitti Luca Coelho Lyude Lyude Paul Manoj Iyer Marc Kleine-Budde Marc Zyngier Marcelo Ricardo Leitner Mark Brown Martin K. Petersen Mathias Nyman Matt Ranostay Mauro Carvalho Chehab Max Filippov Michael Bringmann Michael Ellerman Michael S. Tsirkin Michael Thalmeier Michal Hocko Mike Kravetz Mikołaj Chwalisz Mintz, Yuval Naoya Horiguchi Neal Cardwell Neil Horman Nicholas Bellinger Nong Li Oleg Drokin Orlando Arias Paolo Bonzini Parthasarathy Bhuvaragan Paul Burton Paul E. McKenney Pavel Tatashin Peter Chen Peter Zijlstra (Intel) Peter Zijlstra Piotr Gawlowicz Punit Agrawal Radim Krčmář Rafael J. Wysocki Ralf Baechle Randy Dunlap Richard Richard Narron Rodolfo Giometti Roger Quadros Sasha Levin Shuah Khan Soheil Hassas Yeganeh Stanislaw Gruszka Stefan Brüns Steve Dickson Steven Rostedt Takashi Iwai Tariq Toukan Tejun Heo Theodore Ts'o Thinh Nguyen Thinh Nguyen Thomas Gleixner Thomas Osterried Tony Lindgren Toshiaki Makita Ursula Braun Uwe Kleine-König Vlad Yasevich Vladimir Davydov Vladislav Yasevich Wanpeng Li Wei Wang Will Deacon Xin Long Y.C. Chen Ying Xue Yu Zhao Yuchung Cheng Yuval Mintz Zorro Lang jobs: build-amd64-xsm pass build-arm64-xsm broken build-armhf-xsm pass build-i386-xsm pass build-amd64 pass build-arm64 broken build-armhf pass build-i386 pass build-amd64-libvirt fail build-arm64-libvirt blocked build-armhf-libvirt fail build-i386-libvirt fail build-amd64-pvops pass build-arm64-pvops broken build-armhf-pvops pass build-i386-pvops pass build-amd64-rumprun pass build-i386-rumprun pass test-amd64-amd64-xl pass test-arm64-arm64-xl blocked test-armhf-armhf-xl pass test-amd64-i386-xl pass test-amd64-amd64-xl-qemut-debianhvm-amd64-xsm pass test-amd64-i386-xl-qemut-debianhvm-amd64-xsm pass test-amd64-amd64-libvirt-qemuu-debianhvm-amd64-xsm blocked test-amd64-i386-libvirt-qemuu-debianhvm-amd64-xsm blocked test-amd64-amd64-xl-qemuu-debianhvm-amd64-xsm pass test-amd64-i386-xl-qemuu-debianhvm-amd64-xsm pass test-amd64-amd64-xl-qemut-stubdom-debianhvm-amd64-xsm pass test-amd64-i386-xl-qemut-stubdom-debianhvm-amd64-xsm pass test-amd64-amd64-libvirt-xsm blocked test-arm64-arm64-libvirt-xsm blocked test-armhf-armhf-libvirt-xsm blocked test-amd64-i386-libvirt-xsm blocked test-amd64-amd64-xl-xsm pass test-arm64-arm64-xl-xsm blocked test-armhf-armhf-xl-xsm pass test-amd64-i386-xl-xsm pass test-amd64-amd64-qemuu-nested-amd fail test-amd64-amd64-xl-pvh-amd pass test-amd64-i386-qemut-rhel6hvm-amd pass test-amd64-i386-qemuu-rhel6hvm-amd pass test-amd64-amd64-xl-qemut-debianhvm-amd64 pass test-amd64-i386-xl-qemut-debianhvm-amd64 pass test-amd64-amd64-xl-qemuu-debianhvm-amd64 pass test-amd64-i386-xl-qemuu-debianhvm-amd64 pass test-amd64-i386-freebsd10-amd64 pass test-amd64-amd64-xl-qemuu-ovmf-amd64 pass test-amd64-i386-xl-qemuu-ovmf-amd64 pass test-amd64-amd64-rumprun-amd64 pass test-amd64-amd64-xl-qemut-win7-amd64 fail test-amd64-i386-xl-qemut-win7-amd64 fail test-amd64-amd64-xl-qemuu-win7-amd64 fail test-amd64-i386-xl-qemuu-win7-amd64 fail test-amd64-amd64-xl-credit2 pass test-arm64-arm64-xl-credit2 blocked test-armhf-armhf-xl-credit2 pass test-amd64-i386-freebsd10-i386 pass test-amd64-i386-rumprun-i386 pass test-amd64-amd64-qemuu-nested-intel pass test-amd64-amd64-xl-pvh-intel pass test-amd64-i386-qemut-rhel6hvm-intel pass test-amd64-i386-qemuu-rhel6hvm-intel pass test-amd64-amd64-libvirt blocked test-arm64-arm64-libvirt blocked test-armhf-armhf-libvirt blocked test-amd64-i386-libvirt blocked test-armhf-armhf-xl-midway pass test-amd64-amd64-xl-multivcpu pass test-arm64-arm64-xl-multivcpu blocked test-armhf-armhf-xl-multivcpu pass test-amd64-amd64-pair pass test-amd64-i386-pair pass test-amd64-amd64-libvirt-pair blocked test-amd64-i386-libvirt-pair blocked test-amd64-amd64-amd64-pvgrub pass test-amd64-amd64-i386-pvgrub pass test-amd64-amd64-pygrub pass test-arm64-arm64-libvirt-qcow2 blocked test-amd64-amd64-xl-qcow2 pass test-armhf-armhf-libvirt-raw blocked test-amd64-i386-xl-raw pass test-amd64-amd64-xl-rtds pass test-arm64-arm64-xl-rtds blocked test-armhf-armhf-xl-rtds pass test-amd64-i386-xl-qemut-winxpsp3-vcpus1 fail test-amd64-i386-xl-qemuu-winxpsp3-vcpus1 pass test-amd64-amd64-libvirt-vhd blocked test-armhf-armhf-xl-vhd pass test-amd64-amd64-xl-qemut-winxpsp3 pass test-amd64-i386-xl-qemut-winxpsp3 pass test-amd64-amd64-xl-qemuu-winxpsp3 pass test-amd64-i386-xl-qemuu-winxpsp3 pass ------------------------------------------------------------ sg-report-flight on osstest.xs.citrite.net logs: /home/osstest/logs images: /home/osstest/images Logs, config files, etc. are available at http://osstest.xs.citrite.net/~osstest/testlogs/logs Test harness code can be found at http://xenbits.xensource.com/gitweb?p=osstest.git;a=summary broken-step build-arm64 hosts-allocate broken-step build-arm64-pvops hosts-allocate broken-step build-arm64-xsm hosts-allocate broken-step build-arm64-xsm capture-logs broken-step build-arm64 capture-logs broken-step build-arm64-pvops capture-logs Push not applicable. (No revision log; it would be 4425 lines long.) --===============0822265133071621937== Content-Type: text/plain; charset="utf-8" MIME-Version: 1.0 Content-Transfer-Encoding: base64 Content-Disposition: inline X19fX19fX19fX19fX19fX19fX19fX19fX19fX19fX19fX19fX19fX19fX19fX18KWGVuLWRldmVs IG1haWxpbmcgbGlzdApYZW4tZGV2ZWxAbGlzdHMueGVuLm9yZwpodHRwczovL2xpc3RzLnhlbi5v cmcveGVuLWRldmVsCg== --===============0822265133071621937==--