* [seabios baseline-only test] 71624: regressions - FAIL
@ 2017-07-03 1:19 Platform Team regression test user
0 siblings, 0 replies; only message in thread
From: Platform Team regression test user @ 2017-07-03 1:19 UTC (permalink / raw)
To: xen-devel, osstest-admin
This run is configured for baseline tests only.
flight 71624 seabios real [real]
http://osstest.xs.citrite.net/~osstest/testlogs/logs/71624/
Regressions :-(
Tests which did not succeed and are blocking,
including tests which could not be run:
test-amd64-i386-xl-qemuu-winxpsp3 17 guest-start/win.repeat fail REGR. vs. 71564
Regressions which are regarded as allowable (not blocking):
test-amd64-i386-xl-qemuu-win7-amd64 16 guest-stop fail blocked in 71564
build-amd64-libvirt 5 libvirt-build fail like 71564
build-i386-libvirt 5 libvirt-build fail like 71564
test-amd64-amd64-xl-qemuu-win7-amd64 16 guest-stop fail like 71564
Tests which did not succeed, but are not blocking:
test-amd64-i386-libvirt-qemuu-debianhvm-amd64-xsm 1 build-check(1) blocked n/a
test-amd64-amd64-libvirt-qemuu-debianhvm-amd64-xsm 1 build-check(1) blocked n/a
test-amd64-amd64-qemuu-nested-amd 16 debian-hvm-install/l1/l2 fail never pass
version targeted for testing:
seabios b3a9f27fb1f63e9b6bf5ca424d31e23bd5b4c2f0
baseline version:
seabios 7759d3a5be049eb8d0b4f7c6b1f1a0ba5e871cf3
Last test of basis 71564 2017-06-14 18:50:04 Z 18 days
Testing same since 71624 2017-07-02 21:19:47 Z 0 days 1 attempts
------------------------------------------------------------
People who touched revisions under test:
Kevin O'Connor <kevin@koconnor.net>
Zeh, Werner <werner.zeh@siemens.com>
jobs:
build-amd64-xsm pass
build-i386-xsm pass
build-amd64 pass
build-i386 pass
build-amd64-libvirt fail
build-i386-libvirt fail
build-amd64-pvops pass
build-i386-pvops pass
test-amd64-amd64-libvirt-qemuu-debianhvm-amd64-xsm blocked
test-amd64-i386-libvirt-qemuu-debianhvm-amd64-xsm blocked
test-amd64-amd64-xl-qemuu-debianhvm-amd64-xsm pass
test-amd64-i386-xl-qemuu-debianhvm-amd64-xsm pass
test-amd64-amd64-qemuu-nested-amd fail
test-amd64-i386-qemuu-rhel6hvm-amd pass
test-amd64-amd64-xl-qemuu-debianhvm-amd64 pass
test-amd64-i386-xl-qemuu-debianhvm-amd64 pass
test-amd64-amd64-xl-qemuu-win7-amd64 fail
test-amd64-i386-xl-qemuu-win7-amd64 fail
test-amd64-amd64-qemuu-nested-intel pass
test-amd64-i386-qemuu-rhel6hvm-intel pass
test-amd64-i386-xl-qemuu-winxpsp3-vcpus1 pass
test-amd64-amd64-xl-qemuu-winxpsp3 pass
test-amd64-i386-xl-qemuu-winxpsp3 fail
------------------------------------------------------------
sg-report-flight on osstest.xs.citrite.net
logs: /home/osstest/logs
images: /home/osstest/images
Logs, config files, etc. are available at
http://osstest.xs.citrite.net/~osstest/testlogs/logs
Test harness code can be found at
http://xenbits.xensource.com/gitweb?p=osstest.git;a=summary
Push not applicable.
------------------------------------------------------------
commit b3a9f27fb1f63e9b6bf5ca424d31e23bd5b4c2f0
Author: Zeh, Werner <werner.zeh@siemens.com>
Date: Fri Jun 23 07:18:04 2017 +0000
ahci: Disable Native Command Queueing
The AHCI driver currently sets the NCQ bit for every command that is
issued to the SATA drive. This is not needed as there is always only
one command active at a time and in turn can lead to a hanging AHCI
controller (true for Marvel 88SE9170). The following patch disables
the usage of NCQ completely. With this patch the Marvel AHCI
controller works just fine without any issues.
Signed-off-by: Kevin O'Connor <kevin@koconnor.net>
_______________________________________________
Xen-devel mailing list
Xen-devel@lists.xen.org
https://lists.xen.org/xen-devel
^ permalink raw reply [flat|nested] only message in thread
only message in thread, other threads:[~2017-07-03 1:19 UTC | newest]
Thread overview: (only message) (download: mbox.gz follow: Atom feed
-- links below jump to the message on this page --
2017-07-03 1:19 [seabios baseline-only test] 71624: regressions - FAIL Platform Team regression test user
This is a public inbox, see mirroring instructions
for how to clone and mirror all data and code used for this inbox;
as well as URLs for NNTP newsgroup(s).