xen-devel.lists.xenproject.org archive mirror
 help / color / mirror / Atom feed
* [ovmf baseline-only test] 71627: tolerable FAIL
@ 2017-07-03 17:40 Platform Team regression test user
  0 siblings, 0 replies; only message in thread
From: Platform Team regression test user @ 2017-07-03 17:40 UTC (permalink / raw)
  To: xen-devel, osstest-admin

This run is configured for baseline tests only.

flight 71627 ovmf real [real]
http://osstest.xs.citrite.net/~osstest/testlogs/logs/71627/

Failures :-/ but no regressions.

Regressions which are regarded as allowable (not blocking):
 build-i386-libvirt            5 libvirt-build                fail   like 71620
 build-amd64-libvirt           5 libvirt-build                fail   like 71620

version targeted for testing:
 ovmf                 cf6da5569307cb3033465d2207e17f438f6e7655
baseline version:
 ovmf                 c8721bb215d276269555a5dcb96342064789c505

Last test of basis    71620  2017-06-30 11:17:02 Z    3 days
Testing same since    71627  2017-07-03 12:50:07 Z    0 days    1 attempts

------------------------------------------------------------
People who touched revisions under test:
  Ruiyu Ni <ruiyu.ni@intel.com>

jobs:
 build-amd64-xsm                                              pass    
 build-i386-xsm                                               pass    
 build-amd64                                                  pass    
 build-i386                                                   pass    
 build-amd64-libvirt                                          fail    
 build-i386-libvirt                                           fail    
 build-amd64-pvops                                            pass    
 build-i386-pvops                                             pass    
 test-amd64-amd64-xl-qemuu-ovmf-amd64                         pass    
 test-amd64-i386-xl-qemuu-ovmf-amd64                          pass    


------------------------------------------------------------
sg-report-flight on osstest.xs.citrite.net
logs: /home/osstest/logs
images: /home/osstest/images

Logs, config files, etc. are available at
    http://osstest.xs.citrite.net/~osstest/testlogs/logs

Test harness code can be found at
    http://xenbits.xensource.com/gitweb?p=osstest.git;a=summary


Push not applicable.

------------------------------------------------------------
commit cf6da5569307cb3033465d2207e17f438f6e7655
Author: Ruiyu Ni <ruiyu.ni@intel.com>
Date:   Thu Jun 15 16:31:56 2017 +0800

    MdeModulePkg/ResetSystem: Implement ResetNotification protocol
    
    Contributed-under: TianoCore Contribution Agreement 1.0
    Signed-off-by: Ruiyu Ni <ruiyu.ni@intel.com>
    Reviewed-by: Star Zeng <star.zeng@intel.com>

commit 34861f432320100dfe09522018d4cd77a807c86c
Author: Ruiyu Ni <ruiyu.ni@intel.com>
Date:   Thu Jun 15 15:34:11 2017 +0800

    MdeModulePkg/ResetSystem: Remove unnecessary global variable
    
    Contributed-under: TianoCore Contribution Agreement 1.0
    Signed-off-by: Ruiyu Ni <ruiyu.ni@intel.com>
    Reviewed-by: Star Zeng <star.zeng@intel.com>

commit 342470a6f83a29002ddcf99221343d2e5261eb6b
Author: Ruiyu Ni <ruiyu.ni@intel.com>
Date:   Thu Jun 15 15:25:50 2017 +0800

    MdePkg: Add ResetNotification protocol definition
    
    Contributed-under: TianoCore Contribution Agreement 1.0
    Signed-off-by: Ruiyu Ni <ruiyu.ni@intel.com>
    Cc: Liming Gao <liming.gao@intel.com>
    Reviewed-by: Star Zeng <star.zeng@intel.com>

_______________________________________________
Xen-devel mailing list
Xen-devel@lists.xen.org
https://lists.xen.org/xen-devel

^ permalink raw reply	[flat|nested] only message in thread

only message in thread, other threads:[~2017-07-03 17:40 UTC | newest]

Thread overview: (only message) (download: mbox.gz follow: Atom feed
-- links below jump to the message on this page --
2017-07-03 17:40 [ovmf baseline-only test] 71627: tolerable FAIL Platform Team regression test user

This is a public inbox, see mirroring instructions
for how to clone and mirror all data and code used for this inbox;
as well as URLs for NNTP newsgroup(s).