* [ovmf baseline-only test] 71628: tolerable FAIL
@ 2017-07-03 21:15 Platform Team regression test user
0 siblings, 0 replies; only message in thread
From: Platform Team regression test user @ 2017-07-03 21:15 UTC (permalink / raw)
To: xen-devel, osstest-admin
This run is configured for baseline tests only.
flight 71628 ovmf real [real]
http://osstest.xs.citrite.net/~osstest/testlogs/logs/71628/
Failures :-/ but no regressions.
Regressions which are regarded as allowable (not blocking):
build-i386-libvirt 5 libvirt-build fail like 71627
build-amd64-libvirt 5 libvirt-build fail like 71627
version targeted for testing:
ovmf 94f5c6001c41a2d4e3d5953e43003373333d6ebe
baseline version:
ovmf cf6da5569307cb3033465d2207e17f438f6e7655
Last test of basis 71627 2017-07-03 12:50:07 Z 0 days
Testing same since 71628 2017-07-03 19:20:06 Z 0 days 1 attempts
------------------------------------------------------------
People who touched revisions under test:
Star Zeng <star.zeng@intel.com>
jobs:
build-amd64-xsm pass
build-i386-xsm pass
build-amd64 pass
build-i386 pass
build-amd64-libvirt fail
build-i386-libvirt fail
build-amd64-pvops pass
build-i386-pvops pass
test-amd64-amd64-xl-qemuu-ovmf-amd64 pass
test-amd64-i386-xl-qemuu-ovmf-amd64 pass
------------------------------------------------------------
sg-report-flight on osstest.xs.citrite.net
logs: /home/osstest/logs
images: /home/osstest/images
Logs, config files, etc. are available at
http://osstest.xs.citrite.net/~osstest/testlogs/logs
Test harness code can be found at
http://xenbits.xensource.com/gitweb?p=osstest.git;a=summary
Push not applicable.
------------------------------------------------------------
commit 94f5c6001c41a2d4e3d5953e43003373333d6ebe
Author: Star Zeng <star.zeng@intel.com>
Date: Fri Jun 30 20:38:55 2017 +0800
MdeModulePkg CapsuleApp: Fix print info in BuildGatherList()
REF: https://bugzilla.tianocore.org/show_bug.cgi?id=614
Print (L"CapsuleApp: capsule data starts at 0x%X with
size 0x%X\n", (UINTN) CapsuleBuffer, FileSize);
It should use (UINTN) CapsuleBuffer[Index] and FileSize[Index]
as parameter.
Cc: Jiewen Yao <jiewen.yao@intel.com>
Cc: Cloud Wang <winggundum82@163.com>
Contributed-under: TianoCore Contribution Agreement 1.0
Signed-off-by: Star Zeng <star.zeng@intel.com>
Reviewed-by: Jiewen Yao <jiewen.yao@intel.com>
commit eeeabe40012938d6d895f51b3b40cb6496887a3c
Author: Star Zeng <star.zeng@intel.com>
Date: Thu Jun 29 22:39:40 2017 +0800
MdeModulePkg ResetSystem: Update the comments of ResetSystem()
Update the comments of ResetSystem() that was missed by
37078045d717 and 28426918f0ea.
Cc: Ruiyu Ni <ruiyu.ni@intel.com>
Cc: Dandan Bi <dandan.bi@intel.com>
Contributed-under: TianoCore Contribution Agreement 1.0
Signed-off-by: Star Zeng <star.zeng@intel.com>
Reviewed-by: Dandan Bi <dandan.bi@intel.com>
_______________________________________________
Xen-devel mailing list
Xen-devel@lists.xen.org
https://lists.xen.org/xen-devel
^ permalink raw reply [flat|nested] only message in thread
only message in thread, other threads:[~2017-07-03 21:15 UTC | newest]
Thread overview: (only message) (download: mbox.gz follow: Atom feed
-- links below jump to the message on this page --
2017-07-03 21:15 [ovmf baseline-only test] 71628: tolerable FAIL Platform Team regression test user
This is a public inbox, see mirroring instructions
for how to clone and mirror all data and code used for this inbox;
as well as URLs for NNTP newsgroup(s).