From: Platform Team regression test user <citrix-osstest@xenproject.org>
To: xen-devel@lists.xensource.com, osstest-admin@xenproject.org
Subject: [ovmf baseline-only test] 71629: tolerable FAIL
Date: Tue, 4 Jul 2017 02:21:59 +0100 [thread overview]
Message-ID: <osstest-71629-mainreport@xen.org> (raw)
This run is configured for baseline tests only.
flight 71629 ovmf real [real]
http://osstest.xs.citrite.net/~osstest/testlogs/logs/71629/
Failures :-/ but no regressions.
Regressions which are regarded as allowable (not blocking):
build-i386-libvirt 5 libvirt-build fail like 71628
build-amd64-libvirt 5 libvirt-build fail like 71628
version targeted for testing:
ovmf 7b1dc6c569a88ab85af5f7462aa63ea1f898276a
baseline version:
ovmf 94f5c6001c41a2d4e3d5953e43003373333d6ebe
Last test of basis 71628 2017-07-03 19:20:06 Z 0 days
Testing same since 71629 2017-07-03 23:46:54 Z 0 days 1 attempts
------------------------------------------------------------
People who touched revisions under test:
Ard Biesheuvel <ard.biesheuvel@linaro.org>
jobs:
build-amd64-xsm pass
build-i386-xsm pass
build-amd64 pass
build-i386 pass
build-amd64-libvirt fail
build-i386-libvirt fail
build-amd64-pvops pass
build-i386-pvops pass
test-amd64-amd64-xl-qemuu-ovmf-amd64 pass
test-amd64-i386-xl-qemuu-ovmf-amd64 pass
------------------------------------------------------------
sg-report-flight on osstest.xs.citrite.net
logs: /home/osstest/logs
images: /home/osstest/images
Logs, config files, etc. are available at
http://osstest.xs.citrite.net/~osstest/testlogs/logs
Test harness code can be found at
http://xenbits.xensource.com/gitweb?p=osstest.git;a=summary
Push not applicable.
------------------------------------------------------------
commit 7b1dc6c569a88ab85af5f7462aa63ea1f898276a
Author: Ard Biesheuvel <ard.biesheuvel@linaro.org>
Date: Mon Jul 3 14:46:18 2017 +0100
ArmVirtPkg: switch to generic ResetSystemRuntimeDxe
For obscure reasons, ARM platforms use a different implementation of
the ResetSystem() runtime service call than other platforms. So let's
switch all ArmVirtPkg platforms to the generic version instead.
Given that all platforms use an implementation of EfiResetSystemLib [as
consumed by the ResetRuntimeDxe in EmbeddedPkg that we are replacing]
which is unlikely to be depended upon by out of tree platforms, let's
simply modify this library into an implementation of ResetSystemLib
instead [which is what the generic driver in MdeModulePkg consumes]
This does mean we need to update all clients at the same time, which
is why all changes are part of the same patch.
As before, warm reset and platform specific reset are mapped onto
cold reset (which is the only thing PSCI implements, at least the
version we depend on). The new library function EnterS3WithImmediateWake()
is left unimplemented, as permitted by the ResetSystemLib library class.
Contributed-under: TianoCore Contribution Agreement 1.0
Signed-off-by: Ard Biesheuvel <ard.biesheuvel@linaro.org>
Reviewed-by: Leif Lindholm <leif.lindholm@linaro.org>
Reviewed-by: Laszlo Ersek <lersek@redhat.com>
commit b2c55e732888fd721f5235a820b1d1c45209992d
Author: Ard Biesheuvel <ard.biesheuvel@linaro.org>
Date: Mon Jul 3 16:00:12 2017 +0100
ArmPkg: implement ResetSystemLib using PSCI 0.2 calls
This adds an implementation of the ResetSystemLib library class as
defined in MdeModulePkg. It is used as the platform glue by the generic
ResetSystemRuntimeDxe which lives in the same package.
This implementation is intended to replace the EfiResetSystemLib based
implementation that is deprecated now that we have decided that there is
no longer a reason to keep a different ResetSystem() implementation
under EmbeddedPkg.
Contributed-under: TianoCore Contribution Agreement 1.0
Signed-off-by: Ard Biesheuvel <ard.biesheuvel@linaro.org>
Reviewed-by: Leif Lindholm <leif.lindholm@linaro.org>
_______________________________________________
Xen-devel mailing list
Xen-devel@lists.xen.org
https://lists.xen.org/xen-devel
reply other threads:[~2017-07-04 1:21 UTC|newest]
Thread overview: [no followups] expand[flat|nested] mbox.gz Atom feed
Reply instructions:
You may reply publicly to this message via plain-text email
using any one of the following methods:
* Save the following mbox file, import it into your mail client,
and reply-to-all from there: mbox
Avoid top-posting and favor interleaved quoting:
https://en.wikipedia.org/wiki/Posting_style#Interleaved_style
* Reply using the --to, --cc, and --in-reply-to
switches of git-send-email(1):
git send-email \
--in-reply-to=osstest-71629-mainreport@xen.org \
--to=citrix-osstest@xenproject.org \
--cc=osstest-admin@xenproject.org \
--cc=xen-devel@lists.xensource.com \
/path/to/YOUR_REPLY
https://kernel.org/pub/software/scm/git/docs/git-send-email.html
* If your mail client supports setting the In-Reply-To header
via mailto: links, try the mailto: link
Be sure your reply has a Subject: header at the top and a blank line
before the message body.
This is a public inbox, see mirroring instructions
for how to clone and mirror all data and code used for this inbox;
as well as URLs for NNTP newsgroup(s).