xen-devel.lists.xenproject.org archive mirror
 help / color / mirror / Atom feed
From: Platform Team regression test user <citrix-osstest@xenproject.org>
To: xen-devel@lists.xensource.com, osstest-admin@xenproject.org
Subject: [ovmf baseline-only test] 71630: tolerable FAIL
Date: Tue, 4 Jul 2017 06:17:09 +0100	[thread overview]
Message-ID: <osstest-71630-mainreport@xen.org> (raw)

This run is configured for baseline tests only.

flight 71630 ovmf real [real]
http://osstest.xs.citrite.net/~osstest/testlogs/logs/71630/

Failures :-/ but no regressions.

Regressions which are regarded as allowable (not blocking):
 test-amd64-i386-xl-qemuu-ovmf-amd64 13 guest-localmigrate fail REGR. vs. 71629
 build-i386-libvirt            5 libvirt-build                fail   like 71629
 build-amd64-libvirt           5 libvirt-build                fail   like 71629

version targeted for testing:
 ovmf                 fb5a64de3a8be8482c3173f85cddda5ae204fe40
baseline version:
 ovmf                 7b1dc6c569a88ab85af5f7462aa63ea1f898276a

Last test of basis    71629  2017-07-03 23:46:54 Z    0 days
Testing same since    71630  2017-07-04 03:49:09 Z    0 days    1 attempts

------------------------------------------------------------
People who touched revisions under test:
  Leif Lindholm <leif.lindholm@linaro.org>

jobs:
 build-amd64-xsm                                              pass    
 build-i386-xsm                                               pass    
 build-amd64                                                  pass    
 build-i386                                                   pass    
 build-amd64-libvirt                                          fail    
 build-i386-libvirt                                           fail    
 build-amd64-pvops                                            pass    
 build-i386-pvops                                             pass    
 test-amd64-amd64-xl-qemuu-ovmf-amd64                         pass    
 test-amd64-i386-xl-qemuu-ovmf-amd64                          fail    


------------------------------------------------------------
sg-report-flight on osstest.xs.citrite.net
logs: /home/osstest/logs
images: /home/osstest/images

Logs, config files, etc. are available at
    http://osstest.xs.citrite.net/~osstest/testlogs/logs

Test harness code can be found at
    http://xenbits.xensource.com/gitweb?p=osstest.git;a=summary


Push not applicable.

------------------------------------------------------------
commit fb5a64de3a8be8482c3173f85cddda5ae204fe40
Author: Leif Lindholm <leif.lindholm@linaro.org>
Date:   Mon Jul 3 16:05:04 2017 +0100

    BeagleBoardPkg: switch to use MdeModulePkg ResetSystemLib
    
    The BeagleBoard port used EmbeddedPkg/ResetRuntimeDxe/ResetRuntimeDxe.inf
    for its reset handling. With the arrival
    MdeModulePkg/Universal/ResetSystemRuntimeDxe/ResetSystemRuntimeDxe.inf
    
    As part of this, change BeagleBoardPkg/Library/ResetSystemLib to be an
    implementation of ResetSystemLib instead of the previous
    EfiResetSystemLib.
    
    Wire all reset variants to ResetCold, except for ResetShutdown and
    EnterS3WithImmediateWake, which return immediately.
    
    Note: this ResetSystemLib never supported being called after
    ExitBootservices, and this shortcoming is not addressed here.
    
    Contributed-under: TianoCore Contribution Agreement 1.0
    Signed-off-by: Leif Lindholm <leif.lindholm@linaro.org>
    Reviewed-by: Ard Biesheuvel <ard.biesheuvel@linaro.org>

_______________________________________________
Xen-devel mailing list
Xen-devel@lists.xen.org
https://lists.xen.org/xen-devel

                 reply	other threads:[~2017-07-04  5:17 UTC|newest]

Thread overview: [no followups] expand[flat|nested]  mbox.gz  Atom feed

Reply instructions:

You may reply publicly to this message via plain-text email
using any one of the following methods:

* Save the following mbox file, import it into your mail client,
  and reply-to-all from there: mbox

  Avoid top-posting and favor interleaved quoting:
  https://en.wikipedia.org/wiki/Posting_style#Interleaved_style

* Reply using the --to, --cc, and --in-reply-to
  switches of git-send-email(1):

  git send-email \
    --in-reply-to=osstest-71630-mainreport@xen.org \
    --to=citrix-osstest@xenproject.org \
    --cc=osstest-admin@xenproject.org \
    --cc=xen-devel@lists.xensource.com \
    /path/to/YOUR_REPLY

  https://kernel.org/pub/software/scm/git/docs/git-send-email.html

* If your mail client supports setting the In-Reply-To header
  via mailto: links, try the mailto: link
Be sure your reply has a Subject: header at the top and a blank line before the message body.
This is a public inbox, see mirroring instructions
for how to clone and mirror all data and code used for this inbox;
as well as URLs for NNTP newsgroup(s).