* [seabios baseline-only test] 71681: regressions - FAIL
@ 2017-07-12 0:47 Platform Team regression test user
0 siblings, 0 replies; only message in thread
From: Platform Team regression test user @ 2017-07-12 0:47 UTC (permalink / raw)
To: xen-devel, osstest-admin
This run is configured for baseline tests only.
flight 71681 seabios real [real]
http://osstest.xs.citrite.net/~osstest/testlogs/logs/71681/
Regressions :-(
Tests which did not succeed and are blocking,
including tests which could not be run:
test-amd64-amd64-qemuu-nested-intel 17 debian-hvm-install/l1/l2 fail REGR. vs. 71624
test-amd64-amd64-xl-qemuu-win7-amd64 16 guest-localmigrate/x10 fail REGR. vs. 71624
test-amd64-i386-xl-qemuu-win7-amd64 16 guest-localmigrate/x10 fail REGR. vs. 71624
Tests which did not succeed, but are not blocking:
test-amd64-i386-xl-qemuu-ws16-amd64 10 windows-install fail never pass
test-amd64-amd64-xl-qemuu-ws16-amd64 10 windows-install fail never pass
test-amd64-i386-libvirt-qemuu-debianhvm-amd64-xsm 11 migrate-support-check fail never pass
test-amd64-amd64-libvirt-qemuu-debianhvm-amd64-xsm 11 migrate-support-check fail never pass
test-amd64-amd64-qemuu-nested-amd 17 debian-hvm-install/l1/l2 fail never pass
test-amd64-i386-xl-qemuu-win10-i386 17 guest-stop fail never pass
test-amd64-amd64-xl-qemuu-win10-i386 17 guest-stop fail never pass
version targeted for testing:
seabios dd9bba5b9c1d5175a2757f3fdc9d554b4c8eea3a
baseline version:
seabios b3a9f27fb1f63e9b6bf5ca424d31e23bd5b4c2f0
Last test of basis 71624 2017-07-02 21:19:47 Z 9 days
Testing same since 71681 2017-07-11 21:47:22 Z 0 days 1 attempts
------------------------------------------------------------
People who touched revisions under test:
Jason Wang <jasowang@redhat.com>
Michael S. Tsirkin <mst@redhat.com>
jobs:
build-amd64-xsm pass
build-i386-xsm pass
build-amd64 pass
build-i386 pass
build-amd64-libvirt pass
build-i386-libvirt pass
build-amd64-pvops pass
build-i386-pvops pass
test-amd64-amd64-libvirt-qemuu-debianhvm-amd64-xsm pass
test-amd64-i386-libvirt-qemuu-debianhvm-amd64-xsm pass
test-amd64-amd64-xl-qemuu-debianhvm-amd64-xsm pass
test-amd64-i386-xl-qemuu-debianhvm-amd64-xsm pass
test-amd64-amd64-qemuu-nested-amd fail
test-amd64-i386-qemuu-rhel6hvm-amd pass
test-amd64-amd64-xl-qemuu-debianhvm-amd64 pass
test-amd64-i386-xl-qemuu-debianhvm-amd64 pass
test-amd64-amd64-xl-qemuu-win7-amd64 fail
test-amd64-i386-xl-qemuu-win7-amd64 fail
test-amd64-amd64-xl-qemuu-ws16-amd64 fail
test-amd64-i386-xl-qemuu-ws16-amd64 fail
test-amd64-amd64-xl-qemuu-win10-i386 fail
test-amd64-i386-xl-qemuu-win10-i386 fail
test-amd64-amd64-qemuu-nested-intel fail
test-amd64-i386-qemuu-rhel6hvm-intel pass
------------------------------------------------------------
sg-report-flight on osstest.xs.citrite.net
logs: /home/osstest/logs
images: /home/osstest/images
Logs, config files, etc. are available at
http://osstest.xs.citrite.net/~osstest/testlogs/logs
Test harness code can be found at
http://xenbits.xensource.com/gitweb?p=osstest.git;a=summary
Push not applicable.
------------------------------------------------------------
commit dd9bba5b9c1d5175a2757f3fdc9d554b4c8eea3a
Author: Jason Wang <jasowang@redhat.com>
Date: Wed Jul 5 15:49:51 2017 +0800
virtio: IOMMU support
Since we don't enable IOMMU at all, we can then simply enable the
IOMMU support by claiming the support of VIRITO_F_IOMMU_PLATFORM. This
fixes booting failure when iommu_platform is set from qemu cli.
Acked-by: Michael S. Tsirkin <mst@redhat.com>
Signed-off-by: Jason Wang <jasowang@redhat.com>
_______________________________________________
Xen-devel mailing list
Xen-devel@lists.xen.org
https://lists.xen.org/xen-devel
^ permalink raw reply [flat|nested] only message in thread
only message in thread, other threads:[~2017-07-12 0:47 UTC | newest]
Thread overview: (only message) (download: mbox.gz follow: Atom feed
-- links below jump to the message on this page --
2017-07-12 0:47 [seabios baseline-only test] 71681: regressions - FAIL Platform Team regression test user
This is a public inbox, see mirroring instructions
for how to clone and mirror all data and code used for this inbox;
as well as URLs for NNTP newsgroup(s).