* [seabios baseline-only test] 72037: regressions - FAIL
@ 2017-08-30 8:57 Platform Team regression test user
0 siblings, 0 replies; only message in thread
From: Platform Team regression test user @ 2017-08-30 8:57 UTC (permalink / raw)
To: xen-devel, osstest-admin
This run is configured for baseline tests only.
flight 72037 seabios real [real]
http://osstest.xs.citrite.net/~osstest/testlogs/logs/72037/
Regressions :-(
Tests which did not succeed and are blocking,
including tests which could not be run:
test-amd64-i386-xl-qemuu-win10-i386 10 windows-install fail REGR. vs. 71681
test-amd64-amd64-xl-qemuu-win10-i386 10 windows-install fail REGR. vs. 71681
Tests which did not succeed, but are not blocking:
test-amd64-i386-xl-qemuu-win7-amd64 17 guest-stop fail blocked in 71681
test-amd64-amd64-xl-qemuu-win7-amd64 17 guest-stop fail blocked in 71681
test-amd64-amd64-qemuu-nested-intel 17 debian-hvm-install/l1/l2 fail like 71681
test-amd64-i386-xl-qemuu-ws16-amd64 10 windows-install fail never pass
test-amd64-amd64-xl-qemuu-ws16-amd64 10 windows-install fail never pass
test-amd64-i386-libvirt-qemuu-debianhvm-amd64-xsm 11 migrate-support-check fail never pass
test-amd64-amd64-libvirt-qemuu-debianhvm-amd64-xsm 11 migrate-support-check fail never pass
test-amd64-amd64-qemuu-nested-amd 17 debian-hvm-install/l1/l2 fail never pass
version targeted for testing:
seabios b404a5f417cbe5593f89c79954569b0e245fb80c
baseline version:
seabios dd9bba5b9c1d5175a2757f3fdc9d554b4c8eea3a
Last test of basis 71681 2017-07-11 21:47:22 Z 49 days
Testing same since 72037 2017-08-30 04:46:51 Z 0 days 1 attempts
------------------------------------------------------------
People who touched revisions under test:
Gerd Hoffmann <kraxel@redhat.com>
jobs:
build-amd64-xsm pass
build-i386-xsm pass
build-amd64 pass
build-i386 pass
build-amd64-libvirt pass
build-i386-libvirt pass
build-amd64-pvops pass
build-i386-pvops pass
test-amd64-amd64-libvirt-qemuu-debianhvm-amd64-xsm pass
test-amd64-i386-libvirt-qemuu-debianhvm-amd64-xsm pass
test-amd64-amd64-xl-qemuu-debianhvm-amd64-xsm pass
test-amd64-i386-xl-qemuu-debianhvm-amd64-xsm pass
test-amd64-amd64-qemuu-nested-amd fail
test-amd64-i386-qemuu-rhel6hvm-amd pass
test-amd64-amd64-xl-qemuu-debianhvm-amd64 pass
test-amd64-i386-xl-qemuu-debianhvm-amd64 pass
test-amd64-amd64-xl-qemuu-win7-amd64 fail
test-amd64-i386-xl-qemuu-win7-amd64 fail
test-amd64-amd64-xl-qemuu-ws16-amd64 fail
test-amd64-i386-xl-qemuu-ws16-amd64 fail
test-amd64-amd64-xl-qemuu-win10-i386 fail
test-amd64-i386-xl-qemuu-win10-i386 fail
test-amd64-amd64-qemuu-nested-intel fail
test-amd64-i386-qemuu-rhel6hvm-intel pass
------------------------------------------------------------
sg-report-flight on osstest.xs.citrite.net
logs: /home/osstest/logs
images: /home/osstest/images
Logs, config files, etc. are available at
http://osstest.xs.citrite.net/~osstest/testlogs/logs
Test harness code can be found at
http://xenbits.xensource.com/gitweb?p=osstest.git;a=summary
Push not applicable.
------------------------------------------------------------
commit b404a5f417cbe5593f89c79954569b0e245fb80c
Author: Gerd Hoffmann <kraxel@redhat.com>
Date: Tue Jul 18 13:15:42 2017 +0200
usb-xhci: use hub portmap
xhci controllers have two virtual ports per (usb3 capable) physical
port, one for usb2 and one for usb3 devices. Add a hub portmap callback
to map the virtual ports to physical ports.
Signed-off-by: Gerd Hoffmann <kraxel@redhat.com>
commit ca9dcc2edd72a33bacf11870b8476d5a9e02205e
Author: Gerd Hoffmann <kraxel@redhat.com>
Date: Tue Jul 18 13:15:25 2017 +0200
usb: add hub portmap
Allow usb hubs to map (software) ports to physical ports via op
callback. This is needed to make bootorder work in case there
isn't a simple linear mapping.
Signed-off-by: Gerd Hoffmann <kraxel@redhat.com>
_______________________________________________
Xen-devel mailing list
Xen-devel@lists.xen.org
https://lists.xen.org/xen-devel
^ permalink raw reply [flat|nested] only message in thread
only message in thread, other threads:[~2017-08-30 8:57 UTC | newest]
Thread overview: (only message) (download: mbox.gz follow: Atom feed
-- links below jump to the message on this page --
2017-08-30 8:57 [seabios baseline-only test] 72037: regressions - FAIL Platform Team regression test user
This is a public inbox, see mirroring instructions
for how to clone and mirror all data and code used for this inbox;
as well as URLs for NNTP newsgroup(s).