From mboxrd@z Thu Jan 1 00:00:00 1970 From: Platform Team regression test user Subject: [qemu-mainline baseline-only test] 72081: tolerable trouble: blocked/broken/fail/pass Date: Sat, 9 Sep 2017 15:47:20 +0100 Message-ID: Mime-Version: 1.0 Content-Type: multipart/mixed; boundary="===============8122181615384390143==" Return-path: List-Unsubscribe: , List-Post: List-Help: List-Subscribe: , Errors-To: xen-devel-bounces@lists.xen.org Sender: "Xen-devel" To: xen-devel@lists.xensource.com, osstest-admin@xenproject.org List-Id: xen-devel@lists.xenproject.org --===============8122181615384390143== Content-Type: text/plain This run is configured for baseline tests only. flight 72081 qemu-mainline real [real] http://osstest.xs.citrite.net/~osstest/testlogs/logs/72081/ Failures :-/ but no regressions. Tests which did not succeed, but are not blocking: test-arm64-arm64-libvirt-xsm 1 build-check(1) blocked n/a test-arm64-arm64-xl 1 build-check(1) blocked n/a build-arm64-libvirt 1 build-check(1) blocked n/a test-arm64-arm64-xl-credit2 1 build-check(1) blocked n/a test-arm64-arm64-xl-xsm 1 build-check(1) blocked n/a build-arm64-xsm 2 hosts-allocate broken never pass build-arm64 2 hosts-allocate broken never pass build-arm64-pvops 2 hosts-allocate broken never pass build-arm64-xsm 3 capture-logs broken never pass build-arm64 3 capture-logs broken never pass build-arm64-pvops 3 capture-logs broken never pass test-amd64-i386-xl-qemuu-win7-amd64 17 guest-stop fail blocked in 72061 test-amd64-i386-xl-qemuu-win10-i386 17 guest-stop fail blocked in 72061 test-armhf-armhf-xl-credit2 7 xen-boot fail like 72061 test-armhf-armhf-xl-vhd 7 xen-boot fail like 72061 test-armhf-armhf-xl-multivcpu 7 xen-boot fail like 72061 test-armhf-armhf-xl-midway 7 xen-boot fail like 72061 test-armhf-armhf-xl-xsm 7 xen-boot fail like 72061 test-armhf-armhf-libvirt-raw 7 xen-boot fail like 72061 test-armhf-armhf-xl-rtds 7 xen-boot fail like 72061 test-armhf-armhf-xl 7 xen-boot fail like 72061 test-armhf-armhf-libvirt 7 xen-boot fail like 72061 test-armhf-armhf-libvirt-xsm 7 xen-boot fail like 72061 test-amd64-amd64-qemuu-nested-intel 17 debian-hvm-install/l1/l2 fail like 72061 test-amd64-amd64-xl-qemuu-win7-amd64 17 guest-stop fail like 72061 test-amd64-amd64-xl-qemuu-win10-i386 10 windows-install fail like 72061 test-amd64-amd64-xl-qemuu-ws16-amd64 10 windows-install fail never pass test-amd64-i386-libvirt 13 migrate-support-check fail never pass test-amd64-i386-libvirt-xsm 13 migrate-support-check fail never pass test-amd64-amd64-libvirt 13 migrate-support-check fail never pass test-amd64-amd64-libvirt-xsm 13 migrate-support-check fail never pass test-amd64-i386-libvirt-qemuu-debianhvm-amd64-xsm 11 migrate-support-check fail never pass test-amd64-amd64-libvirt-qemuu-debianhvm-amd64-xsm 11 migrate-support-check fail never pass test-amd64-i386-xl-qemuu-ws16-amd64 13 guest-saverestore fail never pass test-amd64-amd64-libvirt-vhd 12 migrate-support-check fail never pass test-amd64-amd64-qemuu-nested-amd 17 debian-hvm-install/l1/l2 fail never pass version targeted for testing: qemuu 74bbfe024da80a50dbe51fbb17f219d2f3e4d2dd baseline version: qemuu 32f0f68bb77289b75a82925f712bb52e16eac3ba Last test of basis 72061 2017-09-04 22:45:38 Z 4 days Testing same since 72081 2017-09-09 07:45:05 Z 0 days 1 attempts ------------------------------------------------------------ People who touched revisions under test: Andrew Jeffery Andrew Jones Artyom Tarasenko Cao jin Cleber Rosa Cornelia Huck Daniel P. Berrange Dr. David Alan Gilbert Edgar E. Iglesias Eduardo Habkost Emilio G. Cota Eric Blake Fam Zheng Greg Kurz Hua Yanghao Jason Wang Juan Quintela Kamil Rytarowski Kevin Wolf Lluís Vilanova Manos Pitsidianakis Mao Zhongyi Marc-André Lureau Mark Cave-Ayland Markus Armbruster Matt Parker Pavel Butsykin Peter Maydell Peter Xu Philippe Mathieu-Daudé Portia Stephens Pranith Kumar Richard Henderson Richard Henderson Stafford Horne Stefan Hajnoczi Thomas Huth Wang Guang Wang Yong Zhang Chen Zhipeng Lu jobs: build-amd64-xsm pass build-arm64-xsm broken build-armhf-xsm pass build-i386-xsm pass build-amd64 pass build-arm64 broken build-armhf pass build-i386 pass build-amd64-libvirt pass build-arm64-libvirt blocked build-armhf-libvirt pass build-i386-libvirt pass build-amd64-pvops pass build-arm64-pvops broken build-armhf-pvops pass build-i386-pvops pass test-amd64-amd64-xl pass test-arm64-arm64-xl blocked test-armhf-armhf-xl fail test-amd64-i386-xl pass test-amd64-amd64-libvirt-qemuu-debianhvm-amd64-xsm pass test-amd64-i386-libvirt-qemuu-debianhvm-amd64-xsm pass test-amd64-amd64-xl-qemuu-debianhvm-amd64-xsm pass test-amd64-i386-xl-qemuu-debianhvm-amd64-xsm pass test-amd64-amd64-libvirt-xsm pass test-arm64-arm64-libvirt-xsm blocked test-armhf-armhf-libvirt-xsm fail test-amd64-i386-libvirt-xsm pass test-amd64-amd64-xl-xsm pass test-arm64-arm64-xl-xsm blocked test-armhf-armhf-xl-xsm fail test-amd64-i386-xl-xsm pass test-amd64-amd64-qemuu-nested-amd fail test-amd64-amd64-xl-pvh-amd pass test-amd64-i386-qemuu-rhel6hvm-amd pass test-amd64-amd64-xl-qemuu-debianhvm-amd64 pass test-amd64-i386-xl-qemuu-debianhvm-amd64 pass test-amd64-i386-freebsd10-amd64 pass test-amd64-amd64-xl-qemuu-ovmf-amd64 pass test-amd64-i386-xl-qemuu-ovmf-amd64 pass test-amd64-amd64-xl-qemuu-win7-amd64 fail test-amd64-i386-xl-qemuu-win7-amd64 fail test-amd64-amd64-xl-qemuu-ws16-amd64 fail test-amd64-i386-xl-qemuu-ws16-amd64 fail test-amd64-amd64-xl-credit2 pass test-arm64-arm64-xl-credit2 blocked test-armhf-armhf-xl-credit2 fail test-amd64-i386-freebsd10-i386 pass test-amd64-amd64-xl-qemuu-win10-i386 fail test-amd64-i386-xl-qemuu-win10-i386 fail test-amd64-amd64-qemuu-nested-intel fail test-amd64-amd64-xl-pvh-intel pass test-amd64-i386-qemuu-rhel6hvm-intel pass test-amd64-amd64-libvirt pass test-armhf-armhf-libvirt fail test-amd64-i386-libvirt pass test-armhf-armhf-xl-midway fail test-amd64-amd64-xl-multivcpu pass test-armhf-armhf-xl-multivcpu fail test-amd64-amd64-pair pass test-amd64-i386-pair pass test-amd64-amd64-libvirt-pair pass test-amd64-i386-libvirt-pair pass test-amd64-amd64-amd64-pvgrub pass test-amd64-amd64-i386-pvgrub pass test-amd64-amd64-pygrub pass test-amd64-amd64-xl-qcow2 pass test-armhf-armhf-libvirt-raw fail test-amd64-i386-xl-raw pass test-amd64-amd64-xl-rtds pass test-armhf-armhf-xl-rtds fail test-amd64-amd64-libvirt-vhd pass test-armhf-armhf-xl-vhd fail ------------------------------------------------------------ sg-report-flight on osstest.xs.citrite.net logs: /home/osstest/logs images: /home/osstest/images Logs, config files, etc. are available at http://osstest.xs.citrite.net/~osstest/testlogs/logs Test harness code can be found at http://xenbits.xensource.com/gitweb?p=osstest.git;a=summary broken-step build-arm64-xsm hosts-allocate broken-step build-arm64 hosts-allocate broken-step build-arm64-pvops hosts-allocate broken-step build-arm64-xsm capture-logs broken-step build-arm64 capture-logs broken-step build-arm64-pvops capture-logs Push not applicable. (No revision log; it would be 4912 lines long.) --===============8122181615384390143== Content-Type: text/plain; charset="utf-8" MIME-Version: 1.0 Content-Transfer-Encoding: base64 Content-Disposition: inline X19fX19fX19fX19fX19fX19fX19fX19fX19fX19fX19fX19fX19fX19fX19fX18KWGVuLWRldmVs IG1haWxpbmcgbGlzdApYZW4tZGV2ZWxAbGlzdHMueGVuLm9yZwpodHRwczovL2xpc3RzLnhlbi5v cmcveGVuLWRldmVsCg== --===============8122181615384390143==--